INSERT INTO `city` (`city_id`, `city_name`, `state_id`) VALUES
(48072, 'Rockville Centre', 3956),
(48073, 'Rome', 3956),
(48074, 'Rotterdam', 3956),
(48075, 'Rye', 3956),
(48076, 'Rye Brook', 3956),
(48077, 'Salamanca', 3956),
(48078, 'Salina', 3956),
(48079, 'Saratoga Springs', 3956),
(48080, 'Saugerties', 3956),
(48081, 'Scarsdale', 3956),
(48082, 'Schenectady', 3956),
(48083, 'Schodack', 3956),
(48084, 'Scotia', 3956),
(48085, 'Seneca Falls', 3956),
(48086, 'Shawangunk', 3956),
(48087, 'Sherrill', 3956),
(48088, 'Sleepy Hollow', 3956),
(48089, 'Smithtown', 3956),
(48090, 'Somers', 3956),
(48091, 'Southampton', 3956),
(48092, 'Southeast', 3956),
(48093, 'Southold', 3956),
(48094, 'Southport', 3956),
(48095, 'Spring Valley', 3956),
(48096, 'Stony Point', 3956),
(48097, 'Suffern', 3956),
(48098, 'Sullivan', 3956),
(48099, 'Sweden', 3956),
(48100, 'Syracuse', 3956),
(48101, 'Tarrytown', 3956),
(48102, 'Thompson', 3956),
(48103, 'Tonawanda', 3956),
(48104, 'Troy', 3956),
(48105, 'Ulster', 3956),
(48106, 'Union', 3956),
(48107, 'Utica', 3956),
(48108, 'Valley Stream', 3956),
(48109, 'Van Buren', 3956),
(48110, 'Vestal', 3956),
(48111, 'Victor', 3956),
(48112, 'Walden', 3956),
(48113, 'Wallkill', 3956),
(48114, 'Walworth', 3956),
(48115, 'Wappinger', 3956),
(48116, 'Warwick', 3956),
(48117, 'Watertown', 3956),
(48118, 'Watervliet', 3956),
(48119, 'Wawarsing', 3956),
(48120, 'Webster', 3956),
(48121, 'West Haverstraw', 3956),
(48122, 'West Seneca', 3956),
(48123, 'Westbury', 3956),
(48124, 'Wheatfield', 3956),
(48125, 'White Plains', 3956),
(48126, 'Whitestown', 3956),
(48127, 'Williston Park', 3956),
(48128, 'Wilton', 3956),
(48129, 'Woodbury', 3956),
(48130, 'Yonkers', 3956),
(48131, 'Yorktown', 3956),
(48132, 'Charlotte', 3957),
(48133, 'Raleigh', 3957),
(48134, 'Greensboro', 3957),
(48135, 'Durham', 3957),
(48136, 'Winston-Salem', 3957),
(48137, 'Fayetteville', 3957),
(48138, 'Cary', 3957),
(48139, 'Wilmington', 3957),
(48140, 'High Point', 3957),
(48141, 'Greenville', 3957),
(48142, 'Asheville', 3957),
(48143, 'Concord', 3957),
(48144, 'Gastonia', 3957),
(48145, 'Jacksonville', 3957),
(48146, 'Chapel Hill', 3957),
(48147, 'Rocky Mount', 3957),
(48148, 'Burlington', 3957),
(48149, 'Huntersville', 3957),
(48150, 'Wilson', 3957),
(48151, 'Kannapolis', 3957),
(48152, 'Apex', 3957),
(48153, 'Hickory', 3957),
(48154, 'Wake Forest', 3957),
(48155, 'Indian Trail', 3957),
(48156, 'Goldsboro', 3957),
(48157, 'Mooresville', 3957),
(48158, 'Monroe', 3957),
(48159, 'Salisbury', 3957),
(48160, 'New Bern', 3957),
(48161, 'Holly Springs', 3957),
(48162, 'Matthews', 3957),
(48163, 'Sanford', 3957),
(48164, 'Garner', 3957),
(48165, 'Cornelius', 3957),
(48166, 'Thomasville', 3957),
(48167, 'Asheboro', 3957),
(48168, 'Statesville', 3957),
(48169, 'Mint Hill', 3957),
(48170, 'Kernersville', 3957),
(48171, 'Morrisville', 3957),
(48172, 'Fuquay-Varina', 3957),
(48173, 'Lumberton', 3957),
(48174, 'Kinston', 3957),
(48175, 'Carrboro', 3957),
(48176, 'Havelock', 3957),
(48177, 'Shelby', 3957),
(48178, 'Clemmons', 3957),
(48179, 'Lexington', 3957),
(48180, 'Clayton', 3957),
(48181, 'Boone', 3957),
(48182, 'Fargo', 3958),
(48183, 'Bismarck', 3958),
(48184, 'Grand Forks', 3958),
(48185, 'Minot', 3958),
(48186, 'West Fargo', 3958),
(48187, 'Williston', 3958),
(48188, 'Dickinson', 3958),
(48189, 'Mandan', 3958),
(48190, 'Jamestown', 3958),
(48191, 'Wahpeton', 3958),
(48192, 'Devils Lake', 3958),
(48193, 'Valley City', 3958),
(48194, 'Providence', 3965),
(48195, 'Warwick', 3965),
(48196, 'Cranston', 3965),
(48197, 'Pawtucket', 3965),
(48198, 'East Providence', 3965),
(48199, 'Woonsocket', 3965),
(48200, 'Coventry', 3965),
(48201, 'Cumberland', 3965),
(48202, 'North Providence', 3965),
(48203, 'South Kingstown', 3965),
(48204, 'West Warwick', 3965),
(48205, 'Johnston', 3965),
(48206, 'North Kingstown', 3965),
(48207, 'Newport', 3965),
(48208, 'Bristol', 3965),
(48209, 'Westerly', 3965),
(48210, 'Smithfield', 3965),
(48211, 'Lincoln', 3965),
(48212, 'Central Falls', 3965),
(48213, 'Portsmouth', 3965),
(48214, 'Barrington', 3965),
(48215, 'Middletown', 3965),
(48216, 'Burrillville', 3965),
(48217, 'Narragansett', 3965),
(48218, 'Tiverton', 3965),
(48219, 'East Greenwich', 3965),
(48220, 'North Smithfield', 3965),
(48221, 'Warren', 3965),
(48222, 'Scituate', 3965),
(48223, 'Glocester', 3965),
(48224, 'Hopkinton', 3965),
(48225, 'Charlestown', 3965),
(48226, 'Richmond', 3965),
(48227, 'Columbia', 3966),
(48228, 'Charleston', 3966),
(48229, 'North Charleston', 3966),
(48230, 'Mount Pleasant', 3966),
(48231, 'Rock Hill', 3966),
(48232, 'Greenville', 3966),
(48233, 'Summerville', 3966),
(48234, 'Sumter', 3966),
(48235, 'Hilton Head Island', 3966),
(48236, 'Spartanburg', 3966),
(48237, 'Florence', 3966),
(48238, 'Goose Creek', 3966),
(48239, 'Aiken', 3966),
(48240, 'Myrtle Beach', 3966),
(48241, 'Anderson', 3966),
(48242, 'Greer', 3966),
(48243, 'Mauldin', 3966),
(48244, 'Greenwood', 3966),
(48245, 'North Augusta', 3966),
(48246, 'Easley', 3966),
(48247, 'Simpsonville', 3966),
(48248, 'Hanahan', 3966),
(48249, 'Lexington', 3966),
(48250, 'Conway', 3966),
(48251, 'West Columbia', 3966),
(48252, 'North Myrtle Beach', 3966),
(48253, 'Clemson', 3966),
(48254, 'Orangeburg', 3966),
(48255, 'Cayce', 3966),
(48256, 'Bluffton', 3966),
(48257, 'Beaufort', 3966),
(48258, 'Gaffney', 3966),
(48259, 'Irmo', 3966),
(48260, 'Fort Mill', 3966),
(48261, 'Port Royal', 3966),
(48262, 'Forest Acres', 3966),
(48263, 'Newberry', 3966),
(48264, 'Sioux Falls', 3967),
(48265, 'Rapid City', 3967),
(48266, 'Aberdeen', 3967),
(48267, 'Brookings', 3967),
(48268, 'Watertown', 3967),
(48269, 'Mitchell', 3967),
(48270, 'Yankton', 3967),
(48271, 'Pierre', 3967),
(48272, 'Huron', 3967),
(48273, 'Spearfish', 3967),
(48274, 'Vermillion', 3967),
(48275, 'Brandon', 3967),
(48276, 'Box Elder', 3967),
(48277, 'Madison', 3967),
(48278, 'Sturgis', 3967),
(48279, 'Belle Fourche', 3967),
(48280, 'Harrisburg', 3967),
(48281, 'Charleston', 3976),
(48282, 'Huntington', 3976),
(48283, 'Morgantown', 3976),
(48284, 'Parkersburg', 3976),
(48285, 'Wheeling', 3976),
(48286, 'Weirton', 3976),
(48287, 'Fairmont', 3976),
(48288, 'Martinsburg', 3976),
(48289, 'Beckley', 3976),
(48290, 'Clarksburg', 3976),
(48291, 'South Charleston', 3976),
(48292, 'St. Albans', 3976),
(48293, 'Vienna', 3976),
(48294, 'Bluefield', 3976),
(48295, 'Moundsville', 3976),
(48296, 'Bridgeport', 3976),
(48297, 'Oak Hill', 3976),
(48298, 'Dunbar', 3976),
(48299, 'Elkins', 3976),
(48300, 'Nitro', 3976),
(48301, 'Hurricane', 3976),
(48302, 'Princeton', 3976),
(48303, 'Charles Town', 3976),
(48304, 'Buckhannon', 3976),
(48305, 'Keyser', 3976),
(48306, 'New Martinsville', 3976),
(48307, 'Grafton', 3976),
(48308, 'Ranson', 3976),
(48309, 'Point Pleasant', 3976),
(48310, 'Westover', 3976),
(48311, 'Weston', 3976),
(48312, 'Lewisburg', 3976),
(48313, 'Ravenswood', 3976),
(48314, 'Summersville', 3976),
(48315, 'Alcala', 805),
(48316, 'Andalucia', 805),
(48317, 'Ansermanuevo', 805),
(48318, 'Argelia', 805),
(48319, 'Bolivar', 805),
(48320, 'Buenaventura', 805),
(48321, 'Buga', 805),
(48322, 'Bugalagrande', 805),
(48323, 'Caicedonia', 805),
(48324, 'Cali', 805),
(48325, 'Calima - El Darien', 805),
(48326, 'Candelaria', 805),
(48327, 'Cartago', 805),
(48328, 'Dagua', 805),
(48329, 'El Aguila', 805),
(48330, 'El Cairo', 805),
(48331, 'El Cerrito', 805),
(48332, 'El Dovio', 805),
(48333, 'Florida', 805),
(48334, 'Ginebra', 805),
(48335, 'Guacari', 805),
(48336, 'Jamundi', 805),
(48337, 'La Cumbre', 805),
(48338, 'La Union', 805),
(48339, 'La Victoria', 805),
(48340, 'Obando', 805),
(48341, 'Palmira', 805),
(48342, 'Pradera', 805),
(48343, 'Restrepo', 805),
(48344, 'Riofrio', 805),
(48345, 'Roldanillo', 805),
(48346, 'San Pedro', 805),
(48347, 'Sevilla', 805),
(48348, 'Toro', 805),
(48349, 'Trujillo', 805),
(48350, 'Tulua', 805),
(48351, 'Ulloa', 805),
(48352, 'Versalles', 805),
(48353, 'Vijes', 805),
(48354, 'Yotoco', 805),
(48355, 'Yumbo', 805),
(48356, 'Zarzal', 805);

-- --------------------------------------------------------

--
-- Table structure for table `country`
--

CREATE TABLE `country` (
  `country_id` int NOT NULL,
  `shortname` varchar(3) COLLATE utf8mb4_general_ci NOT NULL,
  `country_name` varchar(150) COLLATE utf8mb4_general_ci NOT NULL,
  `phonecode` int NOT NULL
) ENGINE=InnoDB DEFAULT CHARSET=utf8mb4 COLLATE=utf8mb4_general_ci;

--
-- Dumping data for table `country`
--

INSERT INTO `country` (`country_id`, `shortname`, `country_name`, `phonecode`) VALUES
(1, 'AF', 'Afghanistan', 93),
(2, 'AL', 'Albania', 355),
(3, 'DZ', 'Algeria', 213),
(4, 'AS', 'American Samoa', 1684),
(5, 'AD', 'Andorra', 376),
(6, 'AO', 'Angola', 244),
(7, 'AI', 'Anguilla', 1264),
(8, 'AQ', 'Antarctica', 0),
(9, 'AG', 'Antigua And Barbuda', 1268),
(10, 'AR', 'Argentina', 54),
(11, 'AM', 'Armenia', 374),
(12, 'AW', 'Aruba', 297),
(13, 'AU', 'Australia', 61),
(14, 'AT', 'Austria', 43),
(15, 'AZ', 'Azerbaijan', 994),
(16, 'BS', 'Bahamas The', 1242),
(17, 'BH', 'Bahrain', 973),
(18, 'BD', 'Bangladesh', 880),
(19, 'BB', 'Barbados', 1246),
(20, 'BY', 'Belarus', 375),
(21, 'BE', 'Belgium', 32),
(22, 'BZ', 'Belize', 501),
(23, 'BJ', 'Benin', 229),
(24, 'BM', 'Bermuda', 1441),
(25, 'BT', 'Bhutan', 975),
(26, 'BO', 'Bolivia', 591),
(27, 'BA', 'Bosnia and Herzegovina', 387),
(28, 'BW', 'Botswana', 267),
(29, 'BV', 'Bouvet Island', 0),
(30, 'BR', 'Brazil', 55),
(31, 'IO', 'British Indian Ocean Territory', 246),
(32, 'BN', 'Brunei', 673),
(33, 'BG', 'Bulgaria', 359),
(34, 'BF', 'Burkina Faso', 226),
(35, 'BI', 'Burundi', 257),
(36, 'KH', 'Cambodia', 855),
(37, 'CM', 'Cameroon', 237),
(38, 'CA', 'Canada', 1),
(39, 'CV', 'Cape Verde', 238),
(40, 'KY', 'Cayman Islands', 1345),
(41, 'CF', 'Central African Republic', 236),
(42, 'TD', 'Chad', 235),
(43, 'CL', 'Chile', 56),
(44, 'CN', 'China', 86),
(45, 'CX', 'Christmas Island', 61),
(46, 'CC', 'Cocos (Keeling) Islands', 672),
(47, 'CO', 'Colombia', 57),
(48, 'KM', 'Comoros', 269),
(49, 'CG', 'Republic Of The Congo', 242),
(50, 'CD', 'Democratic Republic Of The Congo', 242),
(51, 'CK', 'Cook Islands', 682),
(52, 'CR', 'Costa Rica', 506),
(53, 'CI', 'Cote D\'Ivoire (Ivory Coast)', 225),
(54, 'HR', 'Croatia (Hrvatska)', 385),
(55, 'CU', 'Cuba', 53),
(56, 'CY', 'Cyprus', 357),
(57, 'CZ', 'Czech Republic', 420),
(58, 'DK', 'Denmark', 45),
(59, 'DJ', 'Djibouti', 253),
(60, 'DM', 'Dominica', 1767),
(61, 'DO', 'Dominican Republic', 1809),
(62, 'TP', 'East Timor', 670),
(63, 'EC', 'Ecuador', 593),
(64, 'EG', 'Egypt', 20),
(65, 'SV', 'El Salvador', 503),
(66, 'GQ', 'Equatorial Guinea', 240),
(67, 'ER', 'Eritrea', 291),
(68, 'EE', 'Estonia', 372),
(69, 'ET', 'Ethiopia', 251),
(70, 'XA', 'External Territories of Australia', 61),
(71, 'FK', 'Falkland Islands', 500),
(72, 'FO', 'Faroe Islands', 298),
(73, 'FJ', 'Fiji Islands', 679),
(74, 'FI', 'Finland', 358),
(75, 'FR', 'France', 33),
(76, 'GF', 'French Guiana', 594),
(77, 'PF', 'French Polynesia', 689),
(78, 'TF', 'French Southern Territories', 0),
(79, 'GA', 'Gabon', 241),
(80, 'GM', 'Gambia The', 220),
(81, 'GE', 'Georgia', 995),
(82, 'DE', 'Germany', 49),
(83, 'GH', 'Ghana', 233),
(84, 'GI', 'Gibraltar', 350),
(85, 'GR', 'Greece', 30),
(86, 'GL', 'Greenland', 299),
(87, 'GD', 'Grenada', 1473),
(88, 'GP', 'Guadeloupe', 590),
(89, 'GU', 'Guam', 1671),
(90, 'GT', 'Guatemala', 502),
(91, 'XU', 'Guernsey and Alderney', 44),
(92, 'GN', 'Guinea', 224),
(93, 'GW', 'Guinea-Bissau', 245),
(94, 'GY', 'Guyana', 592),
(95, 'HT', 'Haiti', 509),
(96, 'HM', 'Heard and McDonald Islands', 0),
(97, 'HN', 'Honduras', 504),
(98, 'HK', 'Hong Kong S.A.R.', 852),
(99, 'HU', 'Hungary', 36),
(100, 'IS', 'Iceland', 354),
(101, 'IN', 'India', 91),
(102, 'ID', 'Indonesia', 62),
(103, 'IR', 'Iran', 98),
(104, 'IQ', 'Iraq', 964),
(105, 'IE', 'Ireland', 353),
(106, 'IL', 'Israel', 972),
(107, 'IT', 'Italy', 39),
(108, 'JM', 'Jamaica', 1876),
(109, 'JP', 'Japan', 81),
(110, 'XJ', 'Jersey', 44),
(111, 'JO', 'Jordan', 962),
(112, 'KZ', 'Kazakhstan', 7),
(113, 'KE', 'Kenya', 254),
(114, 'KI', 'Kiribati', 686),
(115, 'KP', 'Korea North', 850),
(116, 'KR', 'Korea South', 82),
(117, 'KW', 'Kuwait', 965),
(118, 'KG', 'Kyrgyzstan', 996),
(119, 'LA', 'Laos', 856),
(120, 'LV', 'Latvia', 371),
(121, 'LB', 'Lebanon', 961),
(122, 'LS', 'Lesotho', 266),
(123, 'LR', 'Liberia', 231),
(124, 'LY', 'Libya', 218),
(125, 'LI', 'Liechtenstein', 423),
(126, 'LT', 'Lithuania', 370),
(127, 'LU', 'Luxembourg', 352),
(128, 'MO', 'Macau S.A.R.', 853),
(129, 'MK', 'Macedonia', 389),
(130, 'MG', 'Madagascar', 261),
(131, 'MW', 'Malawi', 265),
(132, 'MY', 'Malaysia', 60),
(133, 'MV', 'Maldives', 960),
(134, 'ML', 'Mali', 223),
(135, 'MT', 'Malta', 356),
(136, 'XM', 'Man (Isle of)', 44),
(137, 'MH', 'Marshall Islands', 692),
(138, 'MQ', 'Martinique', 596),
(139, 'MR', 'Mauritania', 222),
(140, 'MU', 'Mauritius', 230),
(141, 'YT', 'Mayotte', 269),
(142, 'MX', 'Mexico', 52),
(143, 'FM', 'Micronesia', 691),
(144, 'MD', 'Moldova', 373),
(145, 'MC', 'Monaco', 377),
(146, 'MN', 'Mongolia', 976),
(147, 'MS', 'Montserrat', 1664),
(148, 'MA', 'Morocco', 212),
(149, 'MZ', 'Mozambique', 258),
(150, 'MM', 'Myanmar', 95),
(151, 'NA', 'Namibia', 264),
(152, 'NR', 'Nauru', 674),
(153, 'NP', 'Nepal', 977),
(154, 'AN', 'Netherlands Antilles', 599),
(155, 'NL', 'Netherlands The', 31),
(156, 'NC', 'New Caledonia', 687),
(157, 'NZ', 'New Zealand', 64),
(158, 'NI', 'Nicaragua', 505),
(159, 'NE', 'Niger', 227),
(160, 'NG', 'Nigeria', 234),
(161, 'NU', 'Niue', 683),
(162, 'NF', 'Norfolk Island', 672),
(163, 'MP', 'Northern Mariana Islands', 1670),
(164, 'NO', 'Norway', 47),
(165, 'OM', 'Oman', 968),
(166, 'PK', 'Pakistan', 92),
(167, 'PW', 'Palau', 680),
(168, 'PS', 'Palestinian Territory Occupied', 970),
(169, 'PA', 'Panama', 507),
(170, 'PG', 'Papua new Guinea', 675),
(171, 'PY', 'Paraguay', 595),
(172, 'PE', 'Peru', 51),
(173, 'PH', 'Philippines', 63),
(174, 'PN', 'Pitcairn Island', 0),
(175, 'PL', 'Poland', 48),
(176, 'PT', 'Portugal', 351),
(177, 'PR', 'Puerto Rico', 1787),
(178, 'QA', 'Qatar', 974),
(179, 'RE', 'Reunion', 262),
(180, 'RO', 'Romania', 40),
(181, 'RU', 'Russia', 70),
(182, 'RW', 'Rwanda', 250),
(183, 'SH', 'Saint Helena', 290),
(184, 'KN', 'Saint Kitts And Nevis', 1869),
(185, 'LC', 'Saint Lucia', 1758),
(186, 'PM', 'Saint Pierre and Miquelon', 508),
(187, 'VC', 'Saint Vincent And The Grenadines', 1784),
(188, 'WS', 'Samoa', 684),
(189, 'SM', 'San Marino', 378),
(190, 'ST', 'Sao Tome and Principe', 239),
(191, 'SA', 'Saudi Arabia', 966),
(192, 'SN', 'Senegal', 221),
(193, 'RS', 'Serbia', 381),
(194, 'SC', 'Seychelles', 248),
(195, 'SL', 'Sierra Leone', 232),
(196, 'SG', 'Singapore', 65),
(197, 'SK', 'Slovakia', 421),
(198, 'SI', 'Slovenia', 386),
(199, 'XG', 'Smaller Territories of the UK', 44),
(200, 'SB', 'Solomon Islands', 677),
(201, 'SO', 'Somalia', 252),
(202, 'ZA', 'South Africa', 27),
(203, 'GS', 'South Georgia', 0),
(204, 'SS', 'South Sudan', 211),
(205, 'ES', 'Spain', 34),
(206, 'LK', 'Sri Lanka', 94),
(207, 'SD', 'Sudan', 249),
(208, 'SR', 'Suriname', 597),
(209, 'SJ', 'Svalbard And Jan Mayen Islands', 47),
(210, 'SZ', 'Swaziland', 268),
(211, 'SE', 'Sweden', 46),
(212, 'CH', 'Switzerland', 41),
(213, 'SY', 'Syria', 963),
(214, 'TW', 'Taiwan', 886),
(215, 'TJ', 'Tajikistan', 992),
(216, 'TZ', 'Tanzania', 255),
(217, 'TH', 'Thailand', 66),
(218, 'TG', 'Togo', 228),
(219, 'TK', 'Tokelau', 690),
(220, 'TO', 'Tonga', 676),
(221, 'TT', 'Trinidad And Tobago', 1868),
(222, 'TN', 'Tunisia', 216),
(223, 'TR', 'Turkey', 90),
(224, 'TM', 'Turkmenistan', 7370),
(225, 'TC', 'Turks And Caicos Islands', 1649),
(226, 'TV', 'Tuvalu', 688),
(227, 'UG', 'Uganda', 256),
(228, 'UA', 'Ukraine', 380),
(229, 'AE', 'United Arab Emirates', 971),
(230, 'GB', 'United Kingdom', 44),
(231, 'US', 'United States', 1),
(232, 'UM', 'United States Minor Outlying Islands', 1),
(233, 'UY', 'Uruguay', 598),
(234, 'UZ', 'Uzbekistan', 998),
(235, 'VU', 'Vanuatu', 678),
(236, 'VA', 'Vatican City State (Holy See)', 39),
(237, 'VE', 'Venezuela', 58),
(238, 'VN', 'Vietnam', 84),
(239, 'VG', 'Virgin Islands (British)', 1284),
(240, 'VI', 'Virgin Islands (US)', 1340),
(241, 'WF', 'Wallis And Futuna Islands', 681),
(242, 'EH', 'Western Sahara', 212),
(243, 'YE', 'Yemen', 967),
(244, 'YU', 'Yugoslavia', 38),
(245, 'ZM', 'Zambia', 260),
(246, 'ZW', 'Zimbabwe', 263);

-- --------------------------------------------------------

--
-- Table structure for table `state`
--

CREATE TABLE `state` (
  `state_id` int NOT NULL,
  `state_name` varchar(30) COLLATE utf8mb4_general_ci NOT NULL,
  `country_id` int NOT NULL DEFAULT '1'
) ENGINE=InnoDB DEFAULT CHARSET=utf8mb4 COLLATE=utf8mb4_general_ci;

--
-- Dumping data for table `state`
--

INSERT INTO `state` (`state_id`, `state_name`, `country_id`) VALUES
(1, 'Andaman and Nicobar Islands', 101),
(2, 'Andhra Pradesh', 101),
(3, 'Arunachal Pradesh', 101),
(4, 'Assam', 101),
(5, 'Bihar', 101),
(6, 'Chandigarh', 101),
(7, 'Chhattisgarh', 101),
(8, 'Dadra and Nagar Haveli', 101),
(9, 'Daman and Diu', 101),
(10, 'Delhi', 101),
(11, 'Goa', 101),
(12, 'Gujarat', 101),
(13, 'Haryana', 101),
(14, 'Himachal Pradesh', 101),
(15, 'Jammu and Kashmir', 101),
(16, 'Jharkhand', 101),
(17, 'Karnataka', 101),
(18, 'Kenmore', 101),
(19, 'Kerala', 101),
(20, 'Lakshadweep', 101),
(21, 'Madhya Pradesh', 101),
(22, 'Maharashtra', 101),
(23, 'Manipur', 101),
(24, 'Meghalaya', 101),
(25, 'Mizoram', 101),
(26, 'Nagaland', 101),
(27, 'Narora', 101),
(28, 'Natwar', 101),
(29, 'Odisha', 101),
(30, 'Paschim Medinipur', 101),
(31, 'Pondicherry', 101),
(32, 'Punjab', 101),
(33, 'Rajasthan', 101),
(34, 'Sikkim', 101),
(35, 'Tamil Nadu', 101),
(36, 'Telangana', 101),
(37, 'Tripura', 101),
(38, 'Uttar Pradesh', 101),
(39, 'Uttarakhand', 101),
(40, 'Vaishali', 101),
(41, 'West Bengal', 101),
(42, 'Badakhshan', 1),
(43, 'Badgis', 1),
(44, 'Baglan', 1),
(45, 'Balkh', 1),
(46, 'Bamiyan', 1),
(47, 'Farah', 1),
(48, 'Faryab', 1),
(49, 'Gawr', 1),
(50, 'Gazni', 1),
(51, 'Herat', 1),
(52, 'Hilmand', 1),
(53, 'Jawzjan', 1),
(54, 'Kabul', 1),
(55, 'Kapisa', 1),
(56, 'Khawst', 1),
(57, 'Kunar', 1),
(58, 'Lagman', 1),
(59, 'Lawghar', 1),
(60, 'Nangarhar', 1),
(61, 'Nimruz', 1),
(62, 'Nuristan', 1),
(63, 'Paktika', 1),
(64, 'Paktiya', 1),
(65, 'Parwan', 1),
(66, 'Qandahar', 1),
(67, 'Qunduz', 1),
(68, 'Samangan', 1),
(69, 'Sar-e Pul', 1),
(70, 'Takhar', 1),
(71, 'Uruzgan', 1),
(72, 'Wardag', 1),
(73, 'Zabul', 1),
(74, 'Berat', 2),
(75, 'Bulqize', 2),
(76, 'Delvine', 2),
(77, 'Devoll', 2),
(78, 'Dibre', 2),
(79, 'Durres', 2),
(80, 'Elbasan', 2),
(81, 'Fier', 2),
(82, 'Gjirokaster', 2),
(83, 'Gramsh', 2),
(84, 'Has', 2),
(85, 'Kavaje', 2),
(86, 'Kolonje', 2),
(87, 'Korce', 2),
(88, 'Kruje', 2),
(89, 'Kucove', 2),
(90, 'Kukes', 2),
(91, 'Kurbin', 2),
(92, 'Lezhe', 2),
(93, 'Librazhd', 2),
(94, 'Lushnje', 2),
(95, 'Mallakaster', 2),
(96, 'Malsi e Madhe', 2),
(97, 'Mat', 2),
(98, 'Mirdite', 2),
(99, 'Peqin', 2),
(100, 'Permet', 2),
(101, 'Pogradec', 2),
(102, 'Puke', 2),
(103, 'Sarande', 2),
(104, 'Shkoder', 2),
(105, 'Skrapar', 2),
(106, 'Tepelene', 2),
(107, 'Tirane', 2),
(108, 'Tropoje', 2),
(109, 'Vlore', 2),
(110, '\'Ayn Daflah', 3),
(111, '\'Ayn Tamushanat', 3),
(112, 'Adrar', 3),
(113, 'Algiers', 3),
(114, 'Annabah', 3),
(115, 'Bashshar', 3),
(116, 'Batnah', 3),
(117, 'Bijayah', 3),
(118, 'Biskrah', 3),
(119, 'Blidah', 3),
(120, 'Buirah', 3),
(121, 'Bumardas', 3),
(122, 'Burj Bu Arririj', 3),
(123, 'Ghalizan', 3),
(124, 'Ghardayah', 3),
(125, 'Ilizi', 3),
(126, 'Jijili', 3),
(127, 'Jilfah', 3),
(128, 'Khanshalah', 3),
(129, 'Masilah', 3),
(130, 'Midyah', 3),
(131, 'Milah', 3),
(132, 'Muaskar', 3),
(133, 'Mustaghanam', 3),
(134, 'Naama', 3),
(135, 'Oran', 3),
(136, 'Ouargla', 3),
(137, 'Qalmah', 3),
(138, 'Qustantinah', 3),
(139, 'Sakikdah', 3),
(140, 'Satif', 3),
(141, 'Sayda\'', 3),
(142, 'Sidi ban-al-\'Abbas', 3),
(143, 'Suq Ahras', 3),
(144, 'Tamanghasat', 3),
(145, 'Tibazah', 3),
(146, 'Tibissah', 3),
(147, 'Tilimsan', 3),
(148, 'Tinduf', 3),
(149, 'Tisamsilt', 3),
(150, 'Tiyarat', 3),
(151, 'Tizi Wazu', 3),
(152, 'Umm-al-Bawaghi', 3),
(153, 'Wahran', 3),
(154, 'Warqla', 3),
(155, 'Wilaya d Alger', 3),
(156, 'Wilaya de Bejaia', 3),
(157, 'Wilaya de Constantine', 3),
(158, 'al-Aghwat', 3),
(159, 'al-Bayadh', 3),
(160, 'al-Jaza\'ir', 3),
(161, 'al-Wad', 3),
(162, 'ash-Shalif', 3),
(163, 'at-Tarif', 3),
(164, 'Eastern', 4),
(165, 'Manu\'a', 4),
(166, 'Swains Island', 4),
(167, 'Western', 4),
(168, 'Andorra la Vella', 5),
(169, 'Canillo', 5),
(170, 'Encamp', 5),
(171, 'La Massana', 5),
(172, 'Les Escaldes', 5),
(173, 'Ordino', 5),
(174, 'Sant Julia de Loria', 5),
(175, 'Bengo', 6),
(176, 'Benguela', 6),
(177, 'Bie', 6),
(178, 'Cabinda', 6),
(179, 'Cunene', 6),
(180, 'Huambo', 6),
(181, 'Huila', 6),
(182, 'Kuando-Kubango', 6),
(183, 'Kwanza Norte', 6),
(184, 'Kwanza Sul', 6),
(185, 'Luanda', 6),
(186, 'Lunda Norte', 6),
(187, 'Lunda Sul', 6),
(188, 'Malanje', 6),
(189, 'Moxico', 6),
(190, 'Namibe', 6),
(191, 'Uige', 6),
(192, 'Zaire', 6),
(193, 'Other Provinces', 7),
(194, 'Sector claimed by Argentina/Ch', 8),
(195, 'Sector claimed by Argentina/UK', 8),
(196, 'Sector claimed by Australia', 8),
(197, 'Sector claimed by France', 8),
(198, 'Sector claimed by New Zealand', 8),
(199, 'Sector claimed by Norway', 8),
(200, 'Unclaimed Sector', 8),
(201, 'Barbuda', 9),
(202, 'Saint George', 9),
(203, 'Saint John', 9),
(204, 'Saint Mary', 9),
(205, 'Saint Paul', 9),
(206, 'Saint Peter', 9),
(207, 'Saint Philip', 9),
(208, 'Buenos Aires', 10),
(209, 'Catamarca', 10),
(210, 'Chaco', 10),
(211, 'Chubut', 10),
(212, 'Cordoba', 10),
(213, 'Corrientes', 10),
(214, 'Distrito Federal', 10),
(215, 'Entre Rios', 10),
(216, 'Formosa', 10),
(217, 'Jujuy', 10),
(218, 'La Pampa', 10),
(219, 'La Rioja', 10),
(220, 'Mendoza', 10),
(221, 'Misiones', 10),
(222, 'Neuquen', 10),
(223, 'Rio Negro', 10),
(224, 'Salta', 10),
(225, 'San Juan', 10),
(226, 'San Luis', 10),
(227, 'Santa Cruz', 10),
(228, 'Santa Fe', 10),
(229, 'Santiago del Estero', 10),
(230, 'Tierra del Fuego', 10),
(231, 'Tucuman', 10),
(232, 'Aragatsotn', 11),
(233, 'Ararat', 11),
(234, 'Armavir', 11),
(235, 'Gegharkunik', 11),
(236, 'Kotaik', 11),
(237, 'Lori', 11),
(238, 'Shirak', 11),
(239, 'Stepanakert', 11),
(240, 'Syunik', 11),
(241, 'Tavush', 11),
(242, 'Vayots Dzor', 11),
(243, 'Yerevan', 11),
(244, 'Aruba', 12),
(245, 'Auckland', 13),
(246, 'Australian Capital Territory', 13),
(247, 'Balgowlah', 13),
(248, 'Balmain', 13),
(249, 'Bankstown', 13),
(250, 'Baulkham Hills', 13),
(251, 'Bonnet Bay', 13),
(252, 'Camberwell', 13),
(253, 'Carole Park', 13),
(254, 'Castle Hill', 13),
(255, 'Caulfield', 13),
(256, 'Chatswood', 13),
(257, 'Cheltenham', 13),
(258, 'Cherrybrook', 13),
(259, 'Clayton', 13),
(260, 'Collingwood', 13),
(261, 'Frenchs Forest', 13),
(262, 'Hawthorn', 13),
(263, 'Jannnali', 13),
(264, 'Knoxfield', 13),
(265, 'Melbourne', 13),
(266, 'New South Wales', 13),
(267, 'Northern Territory', 13),
(268, 'Perth', 13),
(269, 'Queensland', 13),
(270, 'South Australia', 13),
(271, 'Tasmania', 13),
(272, 'Templestowe', 13),
(273, 'Victoria', 13),
(274, 'Werribee south', 13),
(275, 'Western Australia', 13),
(276, 'Wheeler', 13),
(277, 'Bundesland Salzburg', 14),
(278, 'Bundesland Steiermark', 14),
(279, 'Bundesland Tirol', 14),
(280, 'Burgenland', 14),
(281, 'Carinthia', 14),
(282, 'Karnten', 14),
(283, 'Liezen', 14),
(284, 'Lower Austria', 14),
(285, 'Niederosterreich', 14),
(286, 'Oberosterreich', 14),
(287, 'Salzburg', 14),
(288, 'Schleswig-Holstein', 14),
(289, 'Steiermark', 14),
(290, 'Styria', 14),
(291, 'Tirol', 14),
(292, 'Upper Austria', 14),
(293, 'Vorarlberg', 14),
(294, 'Wien', 14),
(295, 'Abseron', 15),
(296, 'Baki Sahari', 15),
(297, 'Ganca', 15),
(298, 'Ganja', 15),
(299, 'Kalbacar', 15),
(300, 'Lankaran', 15),
(301, 'Mil-Qarabax', 15),
(302, 'Mugan-Salyan', 15),
(303, 'Nagorni-Qarabax', 15),
(304, 'Naxcivan', 15),
(305, 'Priaraks', 15),
(306, 'Qazax', 15),
(307, 'Saki', 15),
(308, 'Sirvan', 15),
(309, 'Xacmaz', 15),
(310, 'Abaco', 16),
(311, 'Acklins Island', 16),
(312, 'Andros', 16),
(313, 'Berry Islands', 16),
(314, 'Biminis', 16),
(315, 'Cat Island', 16),
(316, 'Crooked Island', 16),
(317, 'Eleuthera', 16),
(318, 'Exuma and Cays', 16),
(319, 'Grand Bahama', 16),
(320, 'Inagua Islands', 16),
(321, 'Long Island', 16),
(322, 'Mayaguana', 16),
(323, 'New Providence', 16),
(324, 'Ragged Island', 16),
(325, 'Rum Cay', 16),
(326, 'San Salvador', 16),
(327, '\'Isa', 17),
(328, 'Badiyah', 17),
(329, 'Hidd', 17),
(330, 'Jidd Hafs', 17),
(331, 'Mahama', 17),
(332, 'Manama', 17),
(333, 'Sitrah', 17),
(334, 'al-Manamah', 17),
(335, 'al-Muharraq', 17),
(336, 'ar-Rifa\'a', 17),
(337, 'Bagar Hat', 18),
(338, 'Bandarban', 18),
(339, 'Barguna', 18),
(340, 'Barisal', 18),
(341, 'Bhola', 18),
(342, 'Bogora', 18),
(343, 'Brahman Bariya', 18),
(344, 'Chandpur', 18),
(345, 'Chattagam', 18),
(346, 'Chittagong Division', 18),
(347, 'Chuadanga', 18),
(348, 'Dhaka', 18),
(349, 'Dinajpur', 18),
(350, 'Faridpur', 18),
(351, 'Feni', 18),
(352, 'Gaybanda', 18),
(353, 'Gazipur', 18),
(354, 'Gopalganj', 18),
(355, 'Habiganj', 18),
(356, 'Jaipur Hat', 18),
(357, 'Jamalpur', 18),
(358, 'Jessor', 18),
(359, 'Jhalakati', 18),
(360, 'Jhanaydah', 18),
(361, 'Khagrachhari', 18),
(362, 'Khulna', 18),
(363, 'Kishorganj', 18),
(364, 'Koks Bazar', 18),
(365, 'Komilla', 18),
(366, 'Kurigram', 18),
(367, 'Kushtiya', 18),
(368, 'Lakshmipur', 18),
(369, 'Lalmanir Hat', 18),
(370, 'Madaripur', 18),
(371, 'Magura', 18),
(372, 'Maimansingh', 18),
(373, 'Manikganj', 18),
(374, 'Maulvi Bazar', 18),
(375, 'Meherpur', 18),
(376, 'Munshiganj', 18),
(377, 'Naral', 18),
(378, 'Narayanganj', 18),
(379, 'Narsingdi', 18),
(380, 'Nator', 18),
(381, 'Naugaon', 18),
(382, 'Nawabganj', 18),
(383, 'Netrakona', 18),
(384, 'Nilphamari', 18),
(385, 'Noakhali', 18),
(386, 'Pabna', 18),
(387, 'Panchagarh', 18),
(388, 'Patuakhali', 18),
(389, 'Pirojpur', 18),
(390, 'Rajbari', 18),
(391, 'Rajshahi', 18),
(392, 'Rangamati', 18),
(393, 'Rangpur', 18),
(394, 'Satkhira', 18),
(395, 'Shariatpur', 18),
(396, 'Sherpur', 18),
(397, 'Silhat', 18),
(398, 'Sirajganj', 18),
(399, 'Sunamganj', 18),
(400, 'Tangayal', 18),
(401, 'Thakurgaon', 18),
(402, 'Christ Church', 19),
(403, 'Saint Andrew', 19),
(404, 'Saint George', 19),
(405, 'Saint James', 19),
(406, 'Saint John', 19),
(407, 'Saint Joseph', 19),
(408, 'Saint Lucy', 19),
(409, 'Saint Michael', 19),
(410, 'Saint Peter', 19),
(411, 'Saint Philip', 19),
(412, 'Saint Thomas', 19),
(413, 'Brest', 20),
(414, 'Homjel\'', 20),
(415, 'Hrodna', 20),
(416, 'Mahiljow', 20),
(417, 'Mahilyowskaya Voblasts', 20),
(418, 'Minsk', 20),
(419, 'Minskaja Voblasts\'', 20),
(420, 'Petrik', 20),
(421, 'Vicebsk', 20),
(422, 'Antwerpen', 21),
(423, 'Berchem', 21),
(424, 'Brabant', 21),
(425, 'Brabant Wallon', 21),
(426, 'Brussel', 21),
(427, 'East Flanders', 21),
(428, 'Hainaut', 21),
(429, 'Liege', 21),
(430, 'Limburg', 21),
(431, 'Luxembourg', 21),
(432, 'Namur', 21),
(433, 'Ontario', 21),
(434, 'Oost-Vlaanderen', 21),
(435, 'Provincie Brabant', 21),
(436, 'Vlaams-Brabant', 21),
(437, 'Wallonne', 21),
(438, 'West-Vlaanderen', 21),
(439, 'Belize', 22),
(440, 'Cayo', 22),
(441, 'Corozal', 22),
(442, 'Orange Walk', 22),
(443, 'Stann Creek', 22),
(444, 'Toledo', 22),
(445, 'Alibori', 23),
(446, 'Atacora', 23),
(447, 'Atlantique', 23),
(448, 'Borgou', 23),
(449, 'Collines', 23),
(450, 'Couffo', 23),
(451, 'Donga', 23),
(452, 'Littoral', 23),
(453, 'Mono', 23),
(454, 'Oueme', 23),
(455, 'Plateau', 23),
(456, 'Zou', 23),
(457, 'Hamilton', 24),
(458, 'Saint George', 24),
(459, 'Bumthang', 25),
(460, 'Chhukha', 25),
(461, 'Chirang', 25),
(462, 'Daga', 25),
(463, 'Geylegphug', 25),
(464, 'Ha', 25),
(465, 'Lhuntshi', 25),
(466, 'Mongar', 25),
(467, 'Pemagatsel', 25),
(468, 'Punakha', 25),
(469, 'Rinpung', 25),
(470, 'Samchi', 25),
(471, 'Samdrup Jongkhar', 25),
(472, 'Shemgang', 25),
(473, 'Tashigang', 25),
(474, 'Timphu', 25),
(475, 'Tongsa', 25),
(476, 'Wangdiphodrang', 25),
(477, 'Beni', 26),
(478, 'Chuquisaca', 26),
(479, 'Cochabamba', 26),
(480, 'La Paz', 26),
(481, 'Oruro', 26),
(482, 'Pando', 26),
(483, 'Potosi', 26),
(484, 'Santa Cruz', 26),
(485, 'Tarija', 26),
(486, 'Federacija Bosna i Hercegovina', 27),
(487, 'Republika Srpska', 27),
(488, 'Central Bobonong', 28),
(489, 'Central Boteti', 28),
(490, 'Central Mahalapye', 28),
(491, 'Central Serowe-Palapye', 28),
(492, 'Central Tutume', 28),
(493, 'Chobe', 28),
(494, 'Francistown', 28),
(495, 'Gaborone', 28),
(496, 'Ghanzi', 28),
(497, 'Jwaneng', 28),
(498, 'Kgalagadi North', 28),
(499, 'Kgalagadi South', 28),
(500, 'Kgatleng', 28),
(501, 'Kweneng', 28),
(502, 'Lobatse', 28),
(503, 'Ngamiland', 28),
(504, 'Ngwaketse', 28),
(505, 'North East', 28),
(506, 'Okavango', 28),
(507, 'Orapa', 28),
(508, 'Selibe Phikwe', 28),
(509, 'South East', 28),
(510, 'Sowa', 28),
(511, 'Bouvet Island', 29),
(512, 'Acre', 30),
(513, 'Alagoas', 30),
(514, 'Amapa', 30),
(515, 'Amazonas', 30),
(516, 'Bahia', 30),
(517, 'Ceara', 30),
(518, 'Distrito Federal', 30),
(519, 'Espirito Santo', 30),
(520, 'Estado de Sao Paulo', 30),
(521, 'Goias', 30),
(522, 'Maranhao', 30),
(523, 'Mato Grosso', 30),
(524, 'Mato Grosso do Sul', 30),
(525, 'Minas Gerais', 30),
(526, 'Para', 30),
(527, 'Paraiba', 30),
(528, 'Parana', 30),
(529, 'Pernambuco', 30),
(530, 'Piaui', 30),
(531, 'Rio Grande do Norte', 30),
(532, 'Rio Grande do Sul', 30),
(533, 'Rio de Janeiro', 30),
(534, 'Rondonia', 30),
(535, 'Roraima', 30),
(536, 'Santa Catarina', 30),
(537, 'Sao Paulo', 30),
(538, 'Sergipe', 30),
(539, 'Tocantins', 30),
(540, 'British Indian Ocean Territory', 31),
(541, 'Belait', 32),
(542, 'Brunei-Muara', 32),
(543, 'Temburong', 32),
(544, 'Tutong', 32),
(545, 'Blagoevgrad', 33),
(546, 'Burgas', 33),
(547, 'Dobrich', 33),
(548, 'Gabrovo', 33),
(549, 'Haskovo', 33),
(550, 'Jambol', 33),
(551, 'Kardzhali', 33),
(552, 'Kjustendil', 33),
(553, 'Lovech', 33),
(554, 'Montana', 33),
(555, 'Oblast Sofiya-Grad', 33),
(556, 'Pazardzhik', 33),
(557, 'Pernik', 33),
(558, 'Pleven', 33),
(559, 'Plovdiv', 33),
(560, 'Razgrad', 33),
(561, 'Ruse', 33),
(562, 'Shumen', 33),
(563, 'Silistra', 33),
(564, 'Sliven', 33),
(565, 'Smoljan', 33),
(566, 'Sofija grad', 33),
(567, 'Sofijska oblast', 33),
(568, 'Stara Zagora', 33),
(569, 'Targovishte', 33),
(570, 'Varna', 33),
(571, 'Veliko Tarnovo', 33),
(572, 'Vidin', 33),
(573, 'Vraca', 33),
(574, 'Yablaniza', 33),
(575, 'Bale', 34),
(576, 'Bam', 34),
(577, 'Bazega', 34),
(578, 'Bougouriba', 34),
(579, 'Boulgou', 34),
(580, 'Boulkiemde', 34),
(581, 'Comoe', 34),
(582, 'Ganzourgou', 34),
(583, 'Gnagna', 34),
(584, 'Gourma', 34),
(585, 'Houet', 34),
(586, 'Ioba', 34),
(587, 'Kadiogo', 34),
(588, 'Kenedougou', 34),
(589, 'Komandjari', 34),
(590, 'Kompienga', 34),
(591, 'Kossi', 34),
(592, 'Kouritenga', 34),
(593, 'Kourweogo', 34),
(594, 'Leraba', 34),
(595, 'Mouhoun', 34),
(596, 'Nahouri', 34),
(597, 'Namentenga', 34),
(598, 'Noumbiel', 34),
(599, 'Oubritenga', 34),
(600, 'Oudalan', 34),
(601, 'Passore', 34),
(602, 'Poni', 34),
(603, 'Sanguie', 34),
(604, 'Sanmatenga', 34),
(605, 'Seno', 34),
(606, 'Sissili', 34),
(607, 'Soum', 34),
(608, 'Sourou', 34),
(609, 'Tapoa', 34),
(610, 'Tuy', 34),
(611, 'Yatenga', 34),
(612, 'Zondoma', 34),
(613, 'Zoundweogo', 34),
(614, 'Bubanza', 35),
(615, 'Bujumbura', 35),
(616, 'Bururi', 35),
(617, 'Cankuzo', 35),
(618, 'Cibitoke', 35),
(619, 'Gitega', 35),
(620, 'Karuzi', 35),
(621, 'Kayanza', 35),
(622, 'Kirundo', 35),
(623, 'Makamba', 35),
(624, 'Muramvya', 35),
(625, 'Muyinga', 35),
(626, 'Ngozi', 35),
(627, 'Rutana', 35),
(628, 'Ruyigi', 35),
(629, 'Banteay Mean Chey', 36),
(630, 'Bat Dambang', 36),
(631, 'Kampong Cham', 36),
(632, 'Kampong Chhnang', 36),
(633, 'Kampong Spoeu', 36),
(634, 'Kampong Thum', 36),
(635, 'Kampot', 36),
(636, 'Kandal', 36),
(637, 'Kaoh Kong', 36),
(638, 'Kracheh', 36),
(639, 'Krong Kaeb', 36),
(640, 'Krong Pailin', 36),
(641, 'Krong Preah Sihanouk', 36),
(642, 'Mondol Kiri', 36),
(643, 'Otdar Mean Chey', 36),
(644, 'Phnum Penh', 36),
(645, 'Pousat', 36),
(646, 'Preah Vihear', 36),
(647, 'Prey Veaeng', 36),
(648, 'Rotanak Kiri', 36),
(649, 'Siem Reab', 36),
(650, 'Stueng Traeng', 36),
(651, 'Svay Rieng', 36),
(652, 'Takaev', 36),
(653, 'Adamaoua', 37),
(654, 'Centre', 37),
(655, 'Est', 37),
(656, 'Littoral', 37),
(657, 'Nord', 37),
(658, 'Nord Extreme', 37),
(659, 'Nordouest', 37),
(660, 'Ouest', 37),
(661, 'Sud', 37),
(662, 'Sudouest', 37),
(663, 'Alberta', 38),
(664, 'British Columbia', 38),
(665, 'Manitoba', 38),
(666, 'New Brunswick', 38),
(667, 'Newfoundland and Labrador', 38),
(668, 'Northwest Territories', 38),
(669, 'Nova Scotia', 38),
(670, 'Nunavut', 38),
(671, 'Ontario', 38),
(672, 'Prince Edward Island', 38),
(673, 'Quebec', 38),
(674, 'Saskatchewan', 38),
(675, 'Yukon', 38),
(676, 'Boavista', 39),
(677, 'Brava', 39),
(678, 'Fogo', 39),
(679, 'Maio', 39),
(680, 'Sal', 39),
(681, 'Santo Antao', 39),
(682, 'Sao Nicolau', 39),
(683, 'Sao Tiago', 39),
(684, 'Sao Vicente', 39),
(685, 'Grand Cayman', 40),
(686, 'Bamingui-Bangoran', 41),
(687, 'Bangui', 41),
(688, 'Basse-Kotto', 41),
(689, 'Haut-Mbomou', 41),
(690, 'Haute-Kotto', 41),
(691, 'Kemo', 41),
(692, 'Lobaye', 41),
(693, 'Mambere-Kadei', 41),
(694, 'Mbomou', 41),
(695, 'Nana-Gribizi', 41),
(696, 'Nana-Mambere', 41),
(697, 'Ombella Mpoko', 41),
(698, 'Ouaka', 41),
(699, 'Ouham', 41),
(700, 'Ouham-Pende', 41),
(701, 'Sangha-Mbaere', 41),
(702, 'Vakaga', 41),
(703, 'Batha', 42),
(704, 'Biltine', 42),
(705, 'Bourkou-Ennedi-Tibesti', 42),
(706, 'Chari-Baguirmi', 42),
(707, 'Guera', 42),
(708, 'Kanem', 42),
(709, 'Lac', 42),
(710, 'Logone Occidental', 42),
(711, 'Logone Oriental', 42),
(712, 'Mayo-Kebbi', 42),
(713, 'Moyen-Chari', 42),
(714, 'Ouaddai', 42),
(715, 'Salamat', 42),
(716, 'Tandjile', 42),
(717, 'Aisen', 43),
(718, 'Antofagasta', 43),
(719, 'Araucania', 43),
(720, 'Atacama', 43),
(721, 'Bio Bio', 43),
(722, 'Coquimbo', 43),
(723, 'Libertador General Bernardo O\'', 43),
(724, 'Los Lagos', 43),
(725, 'Magellanes', 43),
(726, 'Maule', 43),
(727, 'Metropolitana', 43),
(728, 'Metropolitana de Santiago', 43),
(729, 'Tarapaca', 43),
(730, 'Valparaiso', 43),
(731, 'Anhui', 44),
(734, 'Aomen', 44),
(735, 'Beijing', 44),
(736, 'Beijing Shi', 44),
(737, 'Chongqing', 44),
(738, 'Fujian', 44),
(740, 'Gansu', 44),
(741, 'Guangdong', 44),
(743, 'Guangxi', 44),
(744, 'Guizhou', 44),
(745, 'Hainan', 44),
(746, 'Hebei', 44),
(747, 'Heilongjiang', 44),
(748, 'Henan', 44),
(749, 'Hubei', 44),
(750, 'Hunan', 44),
(751, 'Jiangsu', 44),
(753, 'Jiangxi', 44),
(754, 'Jilin', 44),
(755, 'Liaoning', 44),
(757, 'Nei Monggol', 44),
(758, 'Ningxia Hui', 44),
(759, 'Qinghai', 44),
(760, 'Shaanxi', 44),
(761, 'Shandong', 44),
(763, 'Shanghai', 44),
(764, 'Shanxi', 44),
(765, 'Sichuan', 44),
(766, 'Tianjin', 44),
(767, 'Xianggang', 44),
(768, 'Xinjiang', 44),
(769, 'Xizang', 44),
(770, 'Yunnan', 44),
(771, 'Zhejiang', 44),
(773, 'Christmas Island', 45),
(774, 'Cocos (Keeling) Islands', 46),
(775, 'Amazonas', 47),
(776, 'Antioquia', 47),
(777, 'Arauca', 47),
(778, 'Atlantico', 47),
(779, 'Bogota', 47),
(780, 'Bolivar', 47),
(781, 'Boyaca', 47),
(782, 'Caldas', 47),
(783, 'Caqueta', 47),
(784, 'Casanare', 47),
(785, 'Cauca', 47),
(786, 'Cesar', 47),
(787, 'Choco', 47),
(788, 'Cordoba', 47),
(789, 'Cundinamarca', 47),
(790, 'Guainia', 47),
(791, 'Guaviare', 47),
(792, 'Huila', 47),
(793, 'La Guajira', 47),
(794, 'Magdalena', 47),
(795, 'Meta', 47),
(796, 'Narino', 47),
(797, 'Norte de Santander', 47),
(798, 'Putumayo', 47),
(799, 'Quindio', 47),
(800, 'Risaralda', 47),
(801, 'San Andres y Providencia', 47),
(802, 'Santander', 47),
(803, 'Sucre', 47),
(804, 'Tolima', 47),
(805, 'Valle del Cauca', 47),
(806, 'Vaupes', 47),
(807, 'Vichada', 47),
(808, 'Mwali', 48),
(809, 'Njazidja', 48),
(810, 'Nzwani', 48),
(811, 'Bouenza', 49),
(812, 'Brazzaville', 49),
(813, 'Cuvette', 49),
(814, 'Kouilou', 49),
(815, 'Lekoumou', 49),
(816, 'Likouala', 49),
(817, 'Niari', 49),
(818, 'Plateaux', 49),
(819, 'Pool', 49),
(820, 'Sangha', 49),
(821, 'Bandundu', 50),
(822, 'Bas-Congo', 50),
(823, 'Equateur', 50),
(824, 'Haut-Congo', 50),
(825, 'Kasai-Occidental', 50),
(826, 'Kasai-Oriental', 50),
(827, 'Katanga', 50),
(828, 'Kinshasa', 50),
(829, 'Maniema', 50),
(830, 'Nord-Kivu', 50),
(831, 'Sud-Kivu', 50),
(832, 'Aitutaki', 51),
(833, 'Atiu', 51),
(834, 'Mangaia', 51),
(835, 'Manihiki', 51),
(836, 'Mauke', 51),
(837, 'Mitiaro', 51),
(838, 'Nassau', 51),
(839, 'Pukapuka', 51),
(840, 'Rakahanga', 51),
(841, 'Rarotonga', 51),
(842, 'Tongareva', 51),
(843, 'Alajuela', 52),
(844, 'Cartago', 52),
(845, 'Guanacaste', 52),
(846, 'Heredia', 52),
(847, 'Limon', 52),
(848, 'Puntarenas', 52),
(849, 'San Jose', 52),
(850, 'Abidjan', 53),
(851, 'Agneby', 53),
(852, 'Bafing', 53),
(853, 'Denguele', 53),
(854, 'Dix-huit Montagnes', 53),
(855, 'Fromager', 53),
(856, 'Haut-Sassandra', 53),
(857, 'Lacs', 53),
(858, 'Lagunes', 53),
(859, 'Marahoue', 53),
(860, 'Moyen-Cavally', 53),
(861, 'Moyen-Comoe', 53),
(862, 'N\'zi-Comoe', 53),
(863, 'Sassandra', 53),
(864, 'Savanes', 53),
(865, 'Sud-Bandama', 53),
(866, 'Sud-Comoe', 53),
(867, 'Vallee du Bandama', 53),
(868, 'Worodougou', 53),
(869, 'Zanzan', 53),
(870, 'Bjelovar-Bilogora', 54),
(871, 'Dubrovnik-Neretva', 54),
(872, 'Grad Zagreb', 54),
(873, 'Istra', 54),
(874, 'Karlovac', 54),
(875, 'Koprivnica-Krizhevci', 54),
(876, 'Krapina-Zagorje', 54),
(877, 'Lika-Senj', 54),
(878, 'Medhimurje', 54),
(879, 'Medimurska Zupanija', 54),
(880, 'Osijek-Baranja', 54),
(881, 'Osjecko-Baranjska Zupanija', 54),
(882, 'Pozhega-Slavonija', 54),
(883, 'Primorje-Gorski Kotar', 54),
(884, 'Shibenik-Knin', 54),
(885, 'Sisak-Moslavina', 54),
(886, 'Slavonski Brod-Posavina', 54),
(887, 'Split-Dalmacija', 54),
(888, 'Varazhdin', 54),
(889, 'Virovitica-Podravina', 54),
(890, 'Vukovar-Srijem', 54),
(891, 'Zadar', 54),
(892, 'Zagreb', 54),
(893, 'Camaguey', 55),
(894, 'Ciego de Avila', 55),
(895, 'Cienfuegos', 55),
(896, 'Ciudad de la Habana', 55),
(897, 'Granma', 55),
(898, 'Guantanamo', 55),
(899, 'Habana', 55),
(900, 'Holguin', 55),
(901, 'Isla de la Juventud', 55),
(902, 'La Habana', 55),
(903, 'Las Tunas', 55),
(904, 'Matanzas', 55),
(905, 'Pinar del Rio', 55),
(906, 'Sancti Spiritus', 55),
(907, 'Santiago de Cuba', 55),
(908, 'Villa Clara', 55),
(909, 'Government controlled area', 56),
(910, 'Limassol', 56),
(911, 'Nicosia District', 56),
(912, 'Paphos', 56),
(913, 'Turkish controlled area', 56),
(914, 'Central Bohemian', 57),
(915, 'Frycovice', 57),
(916, 'Jihocesky Kraj', 57),
(917, 'Jihochesky', 57),
(918, 'Jihomoravsky', 57),
(919, 'Karlovarsky', 57),
(920, 'Klecany', 57),
(921, 'Kralovehradecky', 57),
(922, 'Liberecky', 57),
(923, 'Lipov', 57),
(924, 'Moravskoslezsky', 57),
(925, 'Olomoucky', 57),
(926, 'Olomoucky Kraj', 57),
(927, 'Pardubicky', 57),
(928, 'Plzensky', 57),
(929, 'Praha', 57),
(930, 'Rajhrad', 57),
(931, 'Smirice', 57),
(932, 'South Moravian', 57),
(933, 'Straz nad Nisou', 57),
(934, 'Stredochesky', 57),
(935, 'Unicov', 57),
(936, 'Ustecky', 57),
(937, 'Valletta', 57),
(938, 'Velesin', 57),
(939, 'Vysochina', 57),
(940, 'Zlinsky', 57),
(941, 'Arhus', 58),
(942, 'Bornholm', 58),
(943, 'Frederiksborg', 58),
(944, 'Fyn', 58),
(945, 'Hovedstaden', 58),
(946, 'Kobenhavn', 58),
(947, 'Kobenhavns Amt', 58),
(948, 'Kobenhavns Kommune', 58),
(949, 'Nordjylland', 58),
(950, 'Ribe', 58),
(951, 'Ringkobing', 58),
(952, 'Roervig', 58),
(953, 'Roskilde', 58),
(954, 'Roslev', 58),
(955, 'Sjaelland', 58),
(956, 'Soeborg', 58),
(957, 'Sonderjylland', 58),
(958, 'Storstrom', 58),
(959, 'Syddanmark', 58),
(960, 'Toelloese', 58),
(961, 'Vejle', 58),
(962, 'Vestsjalland', 58),
(963, 'Viborg', 58),
(964, '\'Ali Sabih', 59),
(965, 'Dikhil', 59),
(966, 'Jibuti', 59),
(967, 'Tajurah', 59),
(968, 'Ubuk', 59),
(969, 'Saint Andrew', 60),
(970, 'Saint David', 60),
(971, 'Saint George', 60),
(972, 'Saint John', 60),
(973, 'Saint Joseph', 60),
(974, 'Saint Luke', 60),
(975, 'Saint Mark', 60),
(976, 'Saint Patrick', 60),
(977, 'Saint Paul', 60),
(978, 'Saint Peter', 60),
(979, 'Azua', 61),
(980, 'Bahoruco', 61),
(981, 'Barahona', 61),
(982, 'Dajabon', 61),
(983, 'Distrito Nacional', 61),
(984, 'Duarte', 61),
(985, 'El Seybo', 61),
(986, 'Elias Pina', 61),
(987, 'Espaillat', 61),
(988, 'Hato Mayor', 61),
(989, 'Independencia', 61),
(990, 'La Altagracia', 61),
(991, 'La Romana', 61),
(992, 'La Vega', 61),
(993, 'Maria Trinidad Sanchez', 61),
(994, 'Monsenor Nouel', 61),
(995, 'Monte Cristi', 61),
(996, 'Monte Plata', 61),
(997, 'Pedernales', 61),
(998, 'Peravia', 61),
(999, 'Puerto Plata', 61),
(1000, 'Salcedo', 61),
(1001, 'Samana', 61),
(1002, 'San Cristobal', 61),
(1003, 'San Juan', 61),
(1004, 'San Pedro de Macoris', 61),
(1005, 'Sanchez Ramirez', 61),
(1006, 'Santiago', 61),
(1007, 'Santiago Rodriguez', 61),
(1008, 'Valverde', 61),
(1009, 'Aileu', 62),
(1010, 'Ainaro', 62),
(1011, 'Ambeno', 62),
(1012, 'Baucau', 62),
(1013, 'Bobonaro', 62),
(1014, 'Cova Lima', 62),
(1015, 'Dili', 62),
(1016, 'Ermera', 62),
(1017, 'Lautem', 62),
(1018, 'Liquica', 62),
(1019, 'Manatuto', 62),
(1020, 'Manufahi', 62),
(1021, 'Viqueque', 62),
(1022, 'Azuay', 63),
(1023, 'Bolivar', 63),
(1024, 'Canar', 63),
(1025, 'Carchi', 63),
(1026, 'Chimborazo', 63),
(1027, 'Cotopaxi', 63),
(1028, 'El Oro', 63),
(1029, 'Esmeraldas', 63),
(1030, 'Galapagos', 63),
(1031, 'Guayas', 63),
(1032, 'Imbabura', 63),
(1033, 'Loja', 63),
(1034, 'Los Rios', 63),
(1035, 'Manabi', 63),
(1036, 'Morona Santiago', 63),
(1037, 'Napo', 63),
(1038, 'Orellana', 63),
(1039, 'Pastaza', 63),
(1040, 'Pichincha', 63),
(1041, 'Sucumbios', 63),
(1042, 'Tungurahua', 63),
(1043, 'Zamora Chinchipe', 63),
(1044, 'Aswan', 64),
(1045, 'Asyut', 64),
(1046, 'Bani Suwayf', 64),
(1047, 'Bur Sa\'id', 64),
(1048, 'Cairo', 64),
(1049, 'Dumyat', 64),
(1050, 'Kafr-ash-Shaykh', 64),
(1051, 'Matruh', 64),
(1052, 'Muhafazat ad Daqahliyah', 64),
(1053, 'Muhafazat al Fayyum', 64),
(1054, 'Muhafazat al Gharbiyah', 64),
(1055, 'Muhafazat al Iskandariyah', 64),
(1056, 'Muhafazat al Qahirah', 64),
(1057, 'Qina', 64),
(1058, 'Sawhaj', 64),
(1059, 'Sina al-Janubiyah', 64),
(1060, 'Sina ash-Shamaliyah', 64),
(1061, 'ad-Daqahliyah', 64),
(1062, 'al-Bahr-al-Ahmar', 64),
(1063, 'al-Buhayrah', 64),
(1064, 'al-Fayyum', 64),
(1065, 'al-Gharbiyah', 64),
(1066, 'al-Iskandariyah', 64),
(1067, 'al-Ismailiyah', 64),
(1068, 'al-Jizah', 64),
(1069, 'al-Minufiyah', 64),
(1070, 'al-Minya', 64),
(1071, 'al-Qahira', 64),
(1072, 'al-Qalyubiyah', 64),
(1073, 'al-Uqsur', 64),
(1074, 'al-Wadi al-Jadid', 64),
(1075, 'as-Suways', 64),
(1076, 'ash-Sharqiyah', 64),
(1077, 'Ahuachapan', 65),
(1078, 'Cabanas', 65),
(1079, 'Chalatenango', 65),
(1080, 'Cuscatlan', 65),
(1081, 'La Libertad', 65),
(1082, 'La Paz', 65),
(1083, 'La Union', 65),
(1084, 'Morazan', 65),
(1085, 'San Miguel', 65),
(1086, 'San Salvador', 65),
(1087, 'San Vicente', 65),
(1088, 'Santa Ana', 65),
(1089, 'Sonsonate', 65),
(1090, 'Usulutan', 65),
(1091, 'Annobon', 66),
(1092, 'Bioko Norte', 66),
(1093, 'Bioko Sur', 66),
(1094, 'Centro Sur', 66),
(1095, 'Kie-Ntem', 66),
(1096, 'Litoral', 66),
(1097, 'Wele-Nzas', 66),
(1098, 'Anseba', 67),
(1099, 'Debub', 67),
(1100, 'Debub-Keih-Bahri', 67),
(1101, 'Gash-Barka', 67),
(1102, 'Maekel', 67),
(1103, 'Semien-Keih-Bahri', 67),
(1104, 'Harju', 68),
(1105, 'Hiiu', 68),
(1106, 'Ida-Viru', 68),
(1107, 'Jarva', 68),
(1108, 'Jogeva', 68),
(1109, 'Laane', 68),
(1110, 'Laane-Viru', 68),
(1111, 'Parnu', 68),
(1112, 'Polva', 68),
(1113, 'Rapla', 68),
(1114, 'Saare', 68),
(1115, 'Tartu', 68),
(1116, 'Valga', 68),
(1117, 'Viljandi', 68),
(1118, 'Voru', 68),
(1119, 'Addis Abeba', 69),
(1120, 'Afar', 69),
(1121, 'Amhara', 69),
(1122, 'Benishangul', 69),
(1123, 'Diredawa', 69),
(1124, 'Gambella', 69),
(1125, 'Harar', 69),
(1126, 'Jigjiga', 69),
(1127, 'Mekele', 69),
(1128, 'Oromia', 69),
(1129, 'Somali', 69),
(1130, 'Southern', 69),
(1131, 'Tigray', 69),
(1132, 'Christmas Island', 70),
(1133, 'Cocos Islands', 70),
(1134, 'Coral Sea Islands', 70),
(1135, 'Falkland Islands', 71),
(1136, 'South Georgia', 71),
(1137, 'Klaksvik', 72),
(1138, 'Nor ara Eysturoy', 72),
(1139, 'Nor oy', 72),
(1140, 'Sandoy', 72),
(1141, 'Streymoy', 72),
(1142, 'Su uroy', 72),
(1143, 'Sy ra Eysturoy', 72),
(1144, 'Torshavn', 72),
(1145, 'Vaga', 72),
(1146, 'Central', 73),
(1147, 'Eastern', 73),
(1148, 'Northern', 73),
(1149, 'South Pacific', 73),
(1150, 'Western', 73),
(1151, 'Ahvenanmaa', 74),
(1152, 'Etela-Karjala', 74),
(1153, 'Etela-Pohjanmaa', 74),
(1154, 'Etela-Savo', 74),
(1155, 'Etela-Suomen Laani', 74),
(1156, 'Ita-Suomen Laani', 74),
(1157, 'Ita-Uusimaa', 74),
(1158, 'Kainuu', 74),
(1159, 'Kanta-Hame', 74),
(1160, 'Keski-Pohjanmaa', 74),
(1161, 'Keski-Suomi', 74),
(1162, 'Kymenlaakso', 74),
(1163, 'Lansi-Suomen Laani', 74),
(1164, 'Lappi', 74),
(1165, 'Northern Savonia', 74),
(1166, 'Ostrobothnia', 74),
(1167, 'Oulun Laani', 74),
(1168, 'Paijat-Hame', 74),
(1169, 'Pirkanmaa', 74),
(1170, 'Pohjanmaa', 74),
(1171, 'Pohjois-Karjala', 74),
(1172, 'Pohjois-Pohjanmaa', 74),
(1173, 'Pohjois-Savo', 74),
(1174, 'Saarijarvi', 74),
(1175, 'Satakunta', 74),
(1176, 'Southern Savonia', 74),
(1177, 'Tavastia Proper', 74),
(1178, 'Uleaborgs Lan', 74),
(1179, 'Uusimaa', 74),
(1180, 'Varsinais-Suomi', 74),
(1181, 'Ain', 75),
(1182, 'Aisne', 75),
(1183, 'Albi Le Sequestre', 75),
(1184, 'Allier', 75),
(1185, 'Alpes-Cote dAzur', 75),
(1186, 'Alpes-Maritimes', 75),
(1187, 'Alpes-de-Haute-Provence', 75),
(1188, 'Alsace', 75),
(1189, 'Aquitaine', 75),
(1190, 'Ardeche', 75),
(1191, 'Ardennes', 75),
(1192, 'Ariege', 75),
(1193, 'Aube', 75),
(1194, 'Aude', 75),
(1195, 'Auvergne', 75),
(1196, 'Aveyron', 75),
(1197, 'Bas-Rhin', 75),
(1198, 'Basse-Normandie', 75),
(1199, 'Bouches-du-Rhone', 75),
(1200, 'Bourgogne', 75),
(1201, 'Bretagne', 75),
(1202, 'Brittany', 75),
(1203, 'Burgundy', 75),
(1204, 'Calvados', 75),
(1205, 'Cantal', 75),
(1206, 'Cedex', 75),
(1207, 'Centre', 75),
(1208, 'Charente', 75),
(1209, 'Charente-Maritime', 75),
(1210, 'Cher', 75),
(1211, 'Correze', 75),
(1212, 'Corse-du-Sud', 75),
(1213, 'Cote-d\'Or', 75),
(1214, 'Cotes-d\'Armor', 75),
(1215, 'Creuse', 75),
(1216, 'Crolles', 75),
(1217, 'Deux-Sevres', 75),
(1218, 'Dordogne', 75),
(1219, 'Doubs', 75),
(1220, 'Drome', 75),
(1221, 'Essonne', 75),
(1222, 'Eure', 75),
(1223, 'Eure-et-Loir', 75),
(1224, 'Feucherolles', 75),
(1225, 'Finistere', 75),
(1226, 'Franche-Comte', 75),
(1227, 'Gard', 75),
(1228, 'Gers', 75),
(1229, 'Gironde', 75),
(1230, 'Haut-Rhin', 75),
(1231, 'Haute-Corse', 75),
(1232, 'Haute-Garonne', 75),
(1233, 'Haute-Loire', 75),
(1234, 'Haute-Marne', 75),
(1235, 'Haute-Saone', 75),
(1236, 'Haute-Savoie', 75),
(1237, 'Haute-Vienne', 75),
(1238, 'Hautes-Alpes', 75),
(1239, 'Hautes-Pyrenees', 75),
(1240, 'Hauts-de-Seine', 75),
(1241, 'Herault', 75),
(1242, 'Ile-de-France', 75),
(1243, 'Ille-et-Vilaine', 75),
(1244, 'Indre', 75),
(1245, 'Indre-et-Loire', 75),
(1246, 'Isere', 75),
(1247, 'Jura', 75),
(1248, 'Klagenfurt', 75),
(1249, 'Landes', 75),
(1250, 'Languedoc-Roussillon', 75),
(1251, 'Larcay', 75),
(1252, 'Le Castellet', 75),
(1253, 'Le Creusot', 75),
(1254, 'Limousin', 75),
(1255, 'Loir-et-Cher', 75),
(1256, 'Loire', 75),
(1257, 'Loire-Atlantique', 75),
(1258, 'Loiret', 75),
(1259, 'Lorraine', 75),
(1260, 'Lot', 75),
(1261, 'Lot-et-Garonne', 75),
(1262, 'Lower Normandy', 75),
(1263, 'Lozere', 75),
(1264, 'Maine-et-Loire', 75),
(1265, 'Manche', 75),
(1266, 'Marne', 75),
(1267, 'Mayenne', 75),
(1268, 'Meurthe-et-Moselle', 75),
(1269, 'Meuse', 75),
(1270, 'Midi-Pyrenees', 75),
(1271, 'Morbihan', 75),
(1272, 'Moselle', 75),
(1273, 'Nievre', 75),
(1274, 'Nord', 75),
(1275, 'Nord-Pas-de-Calais', 75),
(1276, 'Oise', 75),
(1277, 'Orne', 75),
(1278, 'Paris', 75),
(1279, 'Pas-de-Calais', 75),
(1280, 'Pays de la Loire', 75),
(1281, 'Pays-de-la-Loire', 75),
(1282, 'Picardy', 75),
(1283, 'Puy-de-Dome', 75),
(1284, 'Pyrenees-Atlantiques', 75),
(1285, 'Pyrenees-Orientales', 75),
(1286, 'Quelmes', 75),
(1287, 'Rhone', 75),
(1288, 'Rhone-Alpes', 75),
(1289, 'Saint Ouen', 75),
(1290, 'Saint Viatre', 75),
(1291, 'Saone-et-Loire', 75),
(1292, 'Sarthe', 75),
(1293, 'Savoie', 75),
(1294, 'Seine-Maritime', 75),
(1295, 'Seine-Saint-Denis', 75),
(1296, 'Seine-et-Marne', 75),
(1297, 'Somme', 75),
(1298, 'Sophia Antipolis', 75),
(1299, 'Souvans', 75),
(1300, 'Tarn', 75),
(1301, 'Tarn-et-Garonne', 75),
(1302, 'Territoire de Belfort', 75),
(1303, 'Treignac', 75),
(1304, 'Upper Normandy', 75),
(1305, 'Val-d\'Oise', 75),
(1306, 'Val-de-Marne', 75),
(1307, 'Var', 75),
(1308, 'Vaucluse', 75),
(1309, 'Vellise', 75),
(1310, 'Vendee', 75),
(1311, 'Vienne', 75),
(1312, 'Vosges', 75),
(1313, 'Yonne', 75),
(1314, 'Yvelines', 75),
(1315, 'Cayenne', 76),
(1316, 'Saint-Laurent-du-Maroni', 76),
(1317, 'Iles du Vent', 77),
(1318, 'Iles sous le Vent', 77),
(1319, 'Marquesas', 77),
(1320, 'Tuamotu', 77),
(1321, 'Tubuai', 77),
(1322, 'Amsterdam', 78),
(1323, 'Crozet Islands', 78),
(1324, 'Kerguelen', 78),
(1325, 'Estuaire', 79),
(1326, 'Haut-Ogooue', 79),
(1327, 'Moyen-Ogooue', 79),
(1328, 'Ngounie', 79),
(1329, 'Nyanga', 79),
(1330, 'Ogooue-Ivindo', 79),
(1331, 'Ogooue-Lolo', 79),
(1332, 'Ogooue-Maritime', 79),
(1333, 'Woleu-Ntem', 79),
(1334, 'Banjul', 80),
(1335, 'Basse', 80),
(1336, 'Brikama', 80),
(1337, 'Janjanbureh', 80),
(1338, 'Kanifing', 80),
(1339, 'Kerewan', 80),
(1340, 'Kuntaur', 80),
(1341, 'Mansakonko', 80),
(1342, 'Abhasia', 81),
(1343, 'Ajaria', 81),
(1344, 'Guria', 81),
(1345, 'Imereti', 81),
(1346, 'Kaheti', 81),
(1347, 'Kvemo Kartli', 81),
(1348, 'Mcheta-Mtianeti', 81),
(1349, 'Racha', 81),
(1350, 'Samagrelo-Zemo Svaneti', 81),
(1351, 'Samche-Zhavaheti', 81),
(1352, 'Shida Kartli', 81),
(1353, 'Tbilisi', 81),
(1354, 'Auvergne', 82),
(1355, 'Baden-Wurttemberg', 82),
(1356, 'Bavaria', 82),
(1357, 'Bayern', 82),
(1358, 'Beilstein Wurtt', 82),
(1359, 'Berlin', 82),
(1360, 'Brandenburg', 82),
(1361, 'Bremen', 82),
(1362, 'Dreisbach', 82),
(1363, 'Freistaat Bayern', 82),
(1364, 'Hamburg', 82),
(1365, 'Hannover', 82),
(1366, 'Heroldstatt', 82),
(1367, 'Hessen', 82),
(1368, 'Kortenberg', 82),
(1369, 'Laasdorf', 82),
(1370, 'Land Baden-Wurttemberg', 82),
(1371, 'Land Bayern', 82),
(1372, 'Land Brandenburg', 82),
(1373, 'Land Hessen', 82),
(1374, 'Land Mecklenburg-Vorpommern', 82),
(1375, 'Land Nordrhein-Westfalen', 82),
(1376, 'Land Rheinland-Pfalz', 82),
(1377, 'Land Sachsen', 82),
(1378, 'Land Sachsen-Anhalt', 82),
(1379, 'Land Thuringen', 82),
(1380, 'Lower Saxony', 82),
(1381, 'Mecklenburg-Vorpommern', 82),
(1382, 'Mulfingen', 82),
(1383, 'Munich', 82),
(1384, 'Neubeuern', 82),
(1385, 'Niedersachsen', 82),
(1386, 'Noord-Holland', 82),
(1387, 'Nordrhein-Westfalen', 82),
(1388, 'North Rhine-Westphalia', 82),
(1389, 'Osterode', 82),
(1390, 'Rheinland-Pfalz', 82),
(1391, 'Rhineland-Palatinate', 82),
(1392, 'Saarland', 82),
(1393, 'Sachsen', 82),
(1394, 'Sachsen-Anhalt', 82),
(1395, 'Saxony', 82),
(1396, 'Schleswig-Holstein', 82),
(1397, 'Thuringia', 82),
(1398, 'Webling', 82),
(1399, 'Weinstrabe', 82),
(1400, 'schlobborn', 82),
(1401, 'Ashanti', 83),
(1402, 'Brong-Ahafo', 83),
(1403, 'Central', 83),
(1404, 'Eastern', 83),
(1405, 'Greater Accra', 83),
(1406, 'Northern', 83),
(1407, 'Upper East', 83),
(1408, 'Upper West', 83),
(1409, 'Volta', 83),
(1410, 'Western', 83),
(1411, 'Gibraltar', 84),
(1412, 'Acharnes', 85),
(1413, 'Ahaia', 85),
(1414, 'Aitolia kai Akarnania', 85),
(1415, 'Argolis', 85),
(1416, 'Arkadia', 85),
(1417, 'Arta', 85),
(1418, 'Attica', 85),
(1419, 'Attiki', 85),
(1420, 'Ayion Oros', 85),
(1421, 'Crete', 85),
(1422, 'Dodekanisos', 85),
(1423, 'Drama', 85),
(1424, 'Evia', 85),
(1425, 'Evritania', 85),
(1426, 'Evros', 85),
(1427, 'Evvoia', 85),
(1428, 'Florina', 85),
(1429, 'Fokis', 85),
(1430, 'Fthiotis', 85),
(1431, 'Grevena', 85),
(1432, 'Halandri', 85),
(1433, 'Halkidiki', 85),
(1434, 'Hania', 85),
(1435, 'Heraklion', 85),
(1436, 'Hios', 85),
(1437, 'Ilia', 85),
(1438, 'Imathia', 85),
(1439, 'Ioannina', 85),
(1440, 'Iraklion', 85),
(1441, 'Karditsa', 85),
(1442, 'Kastoria', 85),
(1443, 'Kavala', 85),
(1444, 'Kefallinia', 85),
(1445, 'Kerkira', 85),
(1446, 'Kiklades', 85),
(1447, 'Kilkis', 85),
(1448, 'Korinthia', 85),
(1449, 'Kozani', 85),
(1450, 'Lakonia', 85),
(1451, 'Larisa', 85),
(1452, 'Lasithi', 85),
(1453, 'Lesvos', 85),
(1454, 'Levkas', 85),
(1455, 'Magnisia', 85),
(1456, 'Messinia', 85),
(1457, 'Nomos Attikis', 85),
(1458, 'Nomos Zakynthou', 85),
(1459, 'Pella', 85),
(1460, 'Pieria', 85),
(1461, 'Piraios', 85),
(1462, 'Preveza', 85),
(1463, 'Rethimni', 85),
(1464, 'Rodopi', 85),
(1465, 'Samos', 85),
(1466, 'Serrai', 85),
(1467, 'Thesprotia', 85),
(1468, 'Thessaloniki', 85),
(1469, 'Trikala', 85),
(1470, 'Voiotia', 85),
(1471, 'West Greece', 85),
(1472, 'Xanthi', 85),
(1473, 'Zakinthos', 85),
(1474, 'Aasiaat', 86),
(1475, 'Ammassalik', 86),
(1476, 'Illoqqortoormiut', 86),
(1477, 'Ilulissat', 86),
(1478, 'Ivittuut', 86),
(1479, 'Kangaatsiaq', 86),
(1480, 'Maniitsoq', 86),
(1481, 'Nanortalik', 86),
(1482, 'Narsaq', 86),
(1483, 'Nuuk', 86),
(1484, 'Paamiut', 86),
(1485, 'Qaanaaq', 86),
(1486, 'Qaqortoq', 86),
(1487, 'Qasigiannguit', 86),
(1488, 'Qeqertarsuaq', 86),
(1489, 'Sisimiut', 86),
(1490, 'Udenfor kommunal inddeling', 86),
(1491, 'Upernavik', 86),
(1492, 'Uummannaq', 86),
(1493, 'Carriacou-Petite Martinique', 87),
(1494, 'Saint Andrew', 87),
(1495, 'Saint Davids', 87),
(1496, 'Saint George\'s', 87),
(1497, 'Saint John', 87),
(1498, 'Saint Mark', 87),
(1499, 'Saint Patrick', 87),
(1500, 'Basse-Terre', 88),
(1501, 'Grande-Terre', 88),
(1502, 'Iles des Saintes', 88),
(1503, 'La Desirade', 88),
(1504, 'Marie-Galante', 88),
(1505, 'Saint Barthelemy', 88),
(1506, 'Saint Martin', 88),
(1507, 'Agana Heights', 89),
(1508, 'Agat', 89),
(1509, 'Barrigada', 89),
(1510, 'Chalan-Pago-Ordot', 89),
(1511, 'Dededo', 89),
(1512, 'Hagatna', 89),
(1513, 'Inarajan', 89),
(1514, 'Mangilao', 89),
(1515, 'Merizo', 89),
(1516, 'Mongmong-Toto-Maite', 89),
(1517, 'Santa Rita', 89),
(1518, 'Sinajana', 89),
(1519, 'Talofofo', 89),
(1520, 'Tamuning', 89),
(1521, 'Yigo', 89),
(1522, 'Yona', 89),
(1523, 'Alta Verapaz', 90),
(1524, 'Baja Verapaz', 90),
(1525, 'Chimaltenango', 90),
(1526, 'Chiquimula', 90),
(1527, 'El Progreso', 90),
(1528, 'Escuintla', 90),
(1529, 'Guatemala', 90),
(1530, 'Huehuetenango', 90),
(1531, 'Izabal', 90),
(1532, 'Jalapa', 90),
(1533, 'Jutiapa', 90),
(1534, 'Peten', 90),
(1535, 'Quezaltenango', 90),
(1536, 'Quiche', 90),
(1537, 'Retalhuleu', 90),
(1538, 'Sacatepequez', 90),
(1539, 'San Marcos', 90),
(1540, 'Santa Rosa', 90),
(1541, 'Solola', 90),
(1542, 'Suchitepequez', 90),
(1543, 'Totonicapan', 90),
(1544, 'Zacapa', 90),
(1545, 'Alderney', 91),
(1546, 'Castel', 91),
(1547, 'Forest', 91),
(1548, 'Saint Andrew', 91),
(1549, 'Saint Martin', 91),
(1550, 'Saint Peter Port', 91),
(1551, 'Saint Pierre du Bois', 91),
(1552, 'Saint Sampson', 91),
(1553, 'Saint Saviour', 91),
(1554, 'Sark', 91),
(1555, 'Torteval', 91),
(1556, 'Vale', 91),
(1557, 'Beyla', 92),
(1558, 'Boffa', 92),
(1559, 'Boke', 92),
(1560, 'Conakry', 92),
(1561, 'Coyah', 92),
(1562, 'Dabola', 92),
(1563, 'Dalaba', 92),
(1564, 'Dinguiraye', 92),
(1565, 'Faranah', 92),
(1566, 'Forecariah', 92),
(1567, 'Fria', 92),
(1568, 'Gaoual', 92),
(1569, 'Gueckedou', 92),
(1570, 'Kankan', 92),
(1571, 'Kerouane', 92),
(1572, 'Kindia', 92),
(1573, 'Kissidougou', 92),
(1574, 'Koubia', 92),
(1575, 'Koundara', 92),
(1576, 'Kouroussa', 92),
(1577, 'Labe', 92),
(1578, 'Lola', 92),
(1579, 'Macenta', 92),
(1580, 'Mali', 92),
(1581, 'Mamou', 92),
(1582, 'Mandiana', 92),
(1583, 'Nzerekore', 92),
(1584, 'Pita', 92),
(1585, 'Siguiri', 92),
(1586, 'Telimele', 92),
(1587, 'Tougue', 92),
(1588, 'Yomou', 92),
(1589, 'Bafata', 93),
(1590, 'Bissau', 93),
(1591, 'Bolama', 93),
(1592, 'Cacheu', 93),
(1593, 'Gabu', 93),
(1594, 'Oio', 93),
(1595, 'Quinara', 93),
(1596, 'Tombali', 93),
(1597, 'Barima-Waini', 94),
(1598, 'Cuyuni-Mazaruni', 94),
(1599, 'Demerara-Mahaica', 94),
(1600, 'East Berbice-Corentyne', 94),
(1601, 'Essequibo Islands-West Demerar', 94),
(1602, 'Mahaica-Berbice', 94),
(1603, 'Pomeroon-Supenaam', 94),
(1604, 'Potaro-Siparuni', 94),
(1605, 'Upper Demerara-Berbice', 94),
(1606, 'Upper Takutu-Upper Essequibo', 94),
(1607, 'Artibonite', 95),
(1608, 'Centre', 95),
(1609, 'Grand\'Anse', 95),
(1610, 'Nord', 95),
(1611, 'Nord-Est', 95),
(1612, 'Nord-Ouest', 95),
(1613, 'Ouest', 95),
(1614, 'Sud', 95),
(1615, 'Sud-Est', 95),
(1616, 'Heard and McDonald Islands', 96),
(1617, 'Atlantida', 97),
(1618, 'Choluteca', 97),
(1619, 'Colon', 97),
(1620, 'Comayagua', 97),
(1621, 'Copan', 97),
(1622, 'Cortes', 97),
(1623, 'Distrito Central', 97),
(1624, 'El Paraiso', 97),
(1625, 'Francisco Morazan', 97),
(1626, 'Gracias a Dios', 97),
(1627, 'Intibuca', 97),
(1628, 'Islas de la Bahia', 97),
(1629, 'La Paz', 97),
(1630, 'Lempira', 97),
(1631, 'Ocotepeque', 97),
(1632, 'Olancho', 97),
(1633, 'Santa Barbara', 97),
(1634, 'Valle', 97),
(1635, 'Yoro', 97),
(1636, 'Hong Kong', 98),
(1637, 'Bacs-Kiskun', 99),
(1638, 'Baranya', 99),
(1639, 'Bekes', 99),
(1640, 'Borsod-Abauj-Zemplen', 99),
(1641, 'Budapest', 99),
(1642, 'Csongrad', 99),
(1643, 'Fejer', 99),
(1644, 'Gyor-Moson-Sopron', 99),
(1645, 'Hajdu-Bihar', 99),
(1646, 'Heves', 99),
(1647, 'Jasz-Nagykun-Szolnok', 99),
(1648, 'Komarom-Esztergom', 99),
(1649, 'Nograd', 99),
(1650, 'Pest', 99),
(1651, 'Somogy', 99),
(1652, 'Szabolcs-Szatmar-Bereg', 99),
(1653, 'Tolna', 99),
(1654, 'Vas', 99),
(1655, 'Veszprem', 99),
(1656, 'Zala', 99),
(1657, 'Austurland', 100),
(1658, 'Gullbringusysla', 100),
(1659, 'Hofu borgarsva i', 100),
(1660, 'Nor urland eystra', 100),
(1661, 'Nor urland vestra', 100),
(1662, 'Su urland', 100),
(1663, 'Su urnes', 100),
(1664, 'Vestfir ir', 100),
(1665, 'Vesturland', 100),
(1666, 'Aceh', 102),
(1667, 'Bali', 102),
(1668, 'Bangka-Belitung', 102),
(1669, 'Banten', 102),
(1670, 'Bengkulu', 102),
(1671, 'Gandaria', 102),
(1672, 'Gorontalo', 102),
(1673, 'Jakarta', 102),
(1674, 'Jambi', 102),
(1675, 'Jawa Barat', 102),
(1676, 'Jawa Tengah', 102),
(1677, 'Jawa Timur', 102),
(1678, 'Kalimantan Barat', 102),
(1679, 'Kalimantan Selatan', 102),
(1680, 'Kalimantan Tengah', 102),
(1681, 'Kalimantan Timur', 102),
(1682, 'Kendal', 102),
(1683, 'Lampung', 102),
(1684, 'Maluku', 102),
(1685, 'Maluku Utara', 102),
(1686, 'Nusa Tenggara Barat', 102),
(1687, 'Nusa Tenggara Timur', 102),
(1688, 'Papua', 102),
(1689, 'Riau', 102),
(1690, 'Riau Kepulauan', 102),
(1691, 'Solo', 102),
(1692, 'Sulawesi Selatan', 102),
(1693, 'Sulawesi Tengah', 102),
(1694, 'Sulawesi Tenggara', 102),
(1695, 'Sulawesi Utara', 102),
(1696, 'Sumatera Barat', 102),
(1697, 'Sumatera Selatan', 102),
(1698, 'Sumatera Utara', 102),
(1699, 'Yogyakarta', 102),
(1700, 'Ardabil', 103),
(1701, 'Azarbayjan-e Bakhtari', 103),
(1702, 'Azarbayjan-e Khavari', 103),
(1703, 'Bushehr', 103),
(1704, 'Chahar Mahal-e Bakhtiari', 103),
(1705, 'Esfahan', 103),
(1706, 'Fars', 103),
(1707, 'Gilan', 103),
(1708, 'Golestan', 103),
(1709, 'Hamadan', 103),
(1710, 'Hormozgan', 103),
(1711, 'Ilam', 103),
(1712, 'Kerman', 103),
(1713, 'Kermanshah', 103),
(1714, 'Khorasan', 103),
(1715, 'Khuzestan', 103),
(1716, 'Kohgiluyeh-e Boyerahmad', 103),
(1717, 'Kordestan', 103),
(1718, 'Lorestan', 103),
(1719, 'Markazi', 103),
(1720, 'Mazandaran', 103),
(1721, 'Ostan-e Esfahan', 103),
(1722, 'Qazvin', 103),
(1723, 'Qom', 103),
(1724, 'Semnan', 103),
(1725, 'Sistan-e Baluchestan', 103),
(1726, 'Tehran', 103),
(1727, 'Yazd', 103),
(1728, 'Zanjan', 103),
(1729, 'Babil', 104),
(1730, 'Baghdad', 104),
(1731, 'Dahuk', 104),
(1732, 'Dhi Qar', 104),
(1733, 'Diyala', 104),
(1734, 'Erbil', 104),
(1735, 'Irbil', 104),
(1736, 'Karbala', 104),
(1737, 'Kurdistan', 104),
(1738, 'Maysan', 104),
(1739, 'Ninawa', 104),
(1740, 'Salah-ad-Din', 104),
(1741, 'Wasit', 104),
(1742, 'al-Anbar', 104),
(1743, 'al-Basrah', 104),
(1744, 'al-Muthanna', 104),
(1745, 'al-Qadisiyah', 104),
(1746, 'an-Najaf', 104),
(1747, 'as-Sulaymaniyah', 104),
(1748, 'at-Ta\'mim', 104),
(1749, 'Armagh', 105),
(1750, 'Carlow', 105),
(1751, 'Cavan', 105),
(1752, 'Clare', 105),
(1753, 'Cork', 105),
(1754, 'Donegal', 105),
(1755, 'Dublin', 105),
(1756, 'Galway', 105),
(1757, 'Kerry', 105),
(1758, 'Kildare', 105),
(1759, 'Kilkenny', 105),
(1760, 'Laois', 105),
(1761, 'Leinster', 105),
(1762, 'Leitrim', 105),
(1763, 'Limerick', 105),
(1764, 'Loch Garman', 105),
(1765, 'Longford', 105),
(1766, 'Louth', 105),
(1767, 'Mayo', 105),
(1768, 'Meath', 105),
(1769, 'Monaghan', 105),
(1770, 'Offaly', 105),
(1771, 'Roscommon', 105),
(1772, 'Sligo', 105),
(1773, 'Tipperary North Riding', 105),
(1774, 'Tipperary South Riding', 105),
(1775, 'Ulster', 105),
(1776, 'Waterford', 105),
(1777, 'Westmeath', 105),
(1778, 'Wexford', 105),
(1779, 'Wicklow', 105),
(1780, 'Beit Hanania', 106),
(1781, 'Ben Gurion Airport', 106),
(1782, 'Bethlehem', 106),
(1783, 'Caesarea', 106),
(1784, 'Centre', 106),
(1785, 'Gaza', 106),
(1786, 'Hadaron', 106),
(1787, 'Haifa District', 106),
(1788, 'Hamerkaz', 106),
(1789, 'Hazafon', 106),
(1790, 'Hebron', 106),
(1791, 'Jaffa', 106),
(1792, 'Jerusalem', 106),
(1793, 'Khefa', 106),
(1794, 'Kiryat Yam', 106),
(1795, 'Lower Galilee', 106),
(1796, 'Qalqilya', 106),
(1797, 'Talme Elazar', 106),
(1798, 'Tel Aviv', 106),
(1799, 'Tsafon', 106),
(1800, 'Umm El Fahem', 106),
(1801, 'Yerushalayim', 106),
(1802, 'Abruzzi', 107),
(1803, 'Abruzzo', 107),
(1804, 'Agrigento', 107),
(1805, 'Alessandria', 107),
(1806, 'Ancona', 107),
(1807, 'Arezzo', 107),
(1808, 'Ascoli Piceno', 107),
(1809, 'Asti', 107),
(1810, 'Avellino', 107),
(1811, 'Bari', 107),
(1812, 'Basilicata', 107),
(1813, 'Belluno', 107),
(1814, 'Benevento', 107),
(1815, 'Bergamo', 107),
(1816, 'Biella', 107),
(1817, 'Bologna', 107),
(1818, 'Bolzano', 107),
(1819, 'Brescia', 107),
(1820, 'Brindisi', 107),
(1821, 'Calabria', 107),
(1822, 'Campania', 107),
(1823, 'Cartoceto', 107),
(1824, 'Caserta', 107),
(1825, 'Catania', 107),
(1826, 'Chieti', 107),
(1827, 'Como', 107),
(1828, 'Cosenza', 107),
(1829, 'Cremona', 107),
(1830, 'Cuneo', 107),
(1831, 'Emilia-Romagna', 107),
(1832, 'Ferrara', 107),
(1833, 'Firenze', 107),
(1834, 'Florence', 107),
(1835, 'Forli-Cesena ', 107),
(1836, 'Friuli-Venezia Giulia', 107),
(1837, 'Frosinone', 107),
(1838, 'Genoa', 107),
(1839, 'Gorizia', 107),
(1840, 'L\'Aquila', 107),
(1841, 'Lazio', 107),
(1842, 'Lecce', 107),
(1843, 'Lecco', 107),
(1845, 'Liguria', 107),
(1846, 'Lodi', 107),
(1847, 'Lombardia', 107),
(1848, 'Lombardy', 107),
(1849, 'Macerata', 107),
(1850, 'Mantova', 107),
(1851, 'Marche', 107),
(1852, 'Messina', 107),
(1853, 'Milan', 107),
(1854, 'Modena', 107),
(1855, 'Molise', 107),
(1856, 'Molteno', 107),
(1857, 'Montenegro', 107),
(1858, 'Monza and Brianza', 107),
(1859, 'Naples', 107),
(1860, 'Novara', 107),
(1861, 'Padova', 107),
(1862, 'Parma', 107),
(1863, 'Pavia', 107),
(1864, 'Perugia', 107),
(1865, 'Pesaro-Urbino', 107),
(1866, 'Piacenza', 107),
(1867, 'Piedmont', 107),
(1868, 'Piemonte', 107),
(1869, 'Pisa', 107),
(1870, 'Pordenone', 107),
(1871, 'Potenza', 107),
(1872, 'Puglia', 107),
(1873, 'Reggio Emilia', 107),
(1874, 'Rimini', 107),
(1875, 'Roma', 107),
(1876, 'Salerno', 107),
(1877, 'Sardegna', 107),
(1878, 'Sassari', 107),
(1879, 'Savona', 107),
(1880, 'Sicilia', 107),
(1881, 'Siena', 107),
(1882, 'Sondrio', 107),
(1883, 'South Tyrol', 107),
(1884, 'Taranto', 107),
(1885, 'Teramo', 107),
(1886, 'Torino', 107),
(1887, 'Toscana', 107),
(1888, 'Trapani', 107),
(1889, 'Trentino-Alto Adige', 107),
(1890, 'Trento', 107),
(1891, 'Treviso', 107),
(1892, 'Udine', 107),
(1893, 'Umbria', 107),
(1894, 'Valle d\'Aosta', 107),
(1895, 'Varese', 107),
(1896, 'Veneto', 107),
(1897, 'Venezia', 107),
(1898, 'Verbano-Cusio-Ossola', 107),
(1899, 'Vercelli', 107),
(1900, 'Verona', 107),
(1901, 'Vicenza', 107),
(1902, 'Viterbo', 107),
(1903, 'Buxoro Viloyati', 108),
(1904, 'Clarendon', 108),
(1905, 'Hanover', 108),
(1906, 'Kingston', 108),
(1907, 'Manchester', 108),
(1908, 'Portland', 108),
(1909, 'Saint Andrews', 108),
(1910, 'Saint Ann', 108),
(1911, 'Saint Catherine', 108),
(1912, 'Saint Elizabeth', 108),
(1913, 'Saint James', 108),
(1914, 'Saint Mary', 108),
(1915, 'Saint Thomas', 108),
(1916, 'Trelawney', 108),
(1917, 'Westmoreland', 108),
(1918, 'Aichi', 109),
(1919, 'Akita', 109),
(1920, 'Aomori', 109),
(1921, 'Chiba', 109),
(1922, 'Ehime', 109),
(1923, 'Fukui', 109),
(1924, 'Fukuoka', 109),
(1925, 'Fukushima', 109),
(1926, 'Gifu', 109),
(1927, 'Gumma', 109),
(1928, 'Hiroshima', 109),
(1929, 'Hokkaido', 109),
(1930, 'Hyogo', 109),
(1931, 'Ibaraki', 109),
(1932, 'Ishikawa', 109),
(1933, 'Iwate', 109),
(1934, 'Kagawa', 109),
(1935, 'Kagoshima', 109),
(1936, 'Kanagawa', 109),
(1937, 'Kanto', 109),
(1938, 'Kochi', 109),
(1939, 'Kumamoto', 109),
(1940, 'Kyoto', 109),
(1941, 'Mie', 109),
(1942, 'Miyagi', 109),
(1943, 'Miyazaki', 109),
(1944, 'Nagano', 109),
(1945, 'Nagasaki', 109),
(1946, 'Nara', 109),
(1947, 'Niigata', 109),
(1948, 'Oita', 109),
(1949, 'Okayama', 109),
(1950, 'Okinawa', 109),
(1951, 'Osaka', 109),
(1952, 'Saga', 109),
(1953, 'Saitama', 109),
(1954, 'Shiga', 109),
(1955, 'Shimane', 109),
(1956, 'Shizuoka', 109),
(1957, 'Tochigi', 109),
(1958, 'Tokushima', 109),
(1959, 'Tokyo', 109),
(1960, 'Tottori', 109),
(1961, 'Toyama', 109),
(1962, 'Wakayama', 109),
(1963, 'Yamagata', 109),
(1964, 'Yamaguchi', 109),
(1965, 'Yamanashi', 109),
(1966, 'Grouville', 110),
(1967, 'Saint Brelade', 110),
(1968, 'Saint Clement', 110),
(1969, 'Saint Helier', 110),
(1970, 'Saint John', 110),
(1971, 'Saint Lawrence', 110),
(1972, 'Saint Martin', 110),
(1973, 'Saint Mary', 110),
(1974, 'Saint Peter', 110),
(1975, 'Saint Saviour', 110),
(1976, 'Trinity', 110),
(1977, '\'Ajlun', 111),
(1978, 'Amman', 111),
(1979, 'Irbid', 111),
(1980, 'Jarash', 111),
(1981, 'Ma\'an', 111),
(1982, 'Madaba', 111),
(1983, 'al-\'Aqabah', 111),
(1984, 'al-Balqa\'', 111),
(1985, 'al-Karak', 111),
(1986, 'al-Mafraq', 111),
(1987, 'at-Tafilah', 111),
(1988, 'az-Zarqa\'', 111),
(1989, 'Akmecet', 112),
(1990, 'Akmola', 112),
(1991, 'Aktobe', 112),
(1992, 'Almati', 112),
(1993, 'Atirau', 112),
(1994, 'Batis Kazakstan', 112),
(1995, 'Burlinsky Region', 112),
(1996, 'Karagandi', 112),
(1997, 'Kostanay', 112),
(1998, 'Mankistau', 112),
(1999, 'Ontustik Kazakstan', 112),
(2000, 'Pavlodar', 112),
(2001, 'Sigis Kazakstan', 112),
(2002, 'Soltustik Kazakstan', 112),
(2003, 'Taraz', 112),
(2004, 'Central', 113),
(2005, 'Coast', 113),
(2006, 'Eastern', 113),
(2007, 'Nairobi', 113),
(2008, 'North Eastern', 113),
(2009, 'Nyanza', 113),
(2010, 'Rift Valley', 113),
(2011, 'Western', 113),
(2012, 'Abaiang', 114),
(2013, 'Abemana', 114),
(2014, 'Aranuka', 114),
(2015, 'Arorae', 114),
(2016, 'Banaba', 114),
(2017, 'Beru', 114),
(2018, 'Butaritari', 114),
(2019, 'Kiritimati', 114),
(2020, 'Kuria', 114),
(2021, 'Maiana', 114),
(2022, 'Makin', 114),
(2023, 'Marakei', 114),
(2024, 'Nikunau', 114),
(2025, 'Nonouti', 114),
(2026, 'Onotoa', 114),
(2027, 'Phoenix Islands', 114),
(2028, 'Tabiteuea North', 114),
(2029, 'Tabiteuea South', 114),
(2030, 'Tabuaeran', 114),
(2031, 'Tamana', 114),
(2032, 'Tarawa North', 114),
(2033, 'Tarawa South', 114),
(2034, 'Teraina', 114),
(2035, 'Chagangdo', 115),
(2036, 'Hamgyeongbukto', 115),
(2037, 'Hamgyeongnamdo', 115),
(2038, 'Hwanghaebukto', 115),
(2039, 'Hwanghaenamdo', 115),
(2040, 'Kaeseong', 115),
(2041, 'Kangweon', 115),
(2042, 'Nampo', 115),
(2043, 'Pyeonganbukto', 115),
(2044, 'Pyeongannamdo', 115),
(2045, 'Pyeongyang', 115),
(2046, 'Yanggang', 115),
(2047, 'Busan', 116),
(2048, 'Cheju', 116),
(2049, 'Chollabuk', 116),
(2050, 'Chollanam', 116),
(2051, 'Chungbuk', 116),
(2052, 'Chungcheongbuk', 116),
(2053, 'Chungcheongnam', 116),
(2054, 'Chungnam', 116),
(2055, 'Daegu', 116),
(2056, 'Gangwon-do', 116),
(2057, 'Goyang-si', 116),
(2058, 'Gyeonggi-do', 116),
(2059, 'Gyeongsang ', 116),
(2060, 'Gyeongsangnam-do', 116),
(2061, 'Incheon', 116),
(2062, 'Jeju-Si', 116),
(2063, 'Jeonbuk', 116),
(2064, 'Kangweon', 116),
(2065, 'Kwangju', 116),
(2066, 'Kyeonggi', 116),
(2067, 'Kyeongsangbuk', 116),
(2068, 'Kyeongsangnam', 116),
(2069, 'Kyonggi-do', 116),
(2070, 'Kyungbuk-Do', 116),
(2071, 'Kyunggi-Do', 116),
(2072, 'Kyunggi-do', 116),
(2073, 'Pusan', 116),
(2074, 'Seoul', 116),
(2075, 'Sudogwon', 116),
(2076, 'Taegu', 116),
(2077, 'Taejeon', 116),
(2078, 'Taejon-gwangyoksi', 116),
(2079, 'Ulsan', 116),
(2080, 'Wonju', 116),
(2081, 'gwangyoksi', 116),
(2082, 'Al Asimah', 117),
(2083, 'Hawalli', 117),
(2084, 'Mishref', 117),
(2085, 'Qadesiya', 117),
(2086, 'Safat', 117),
(2087, 'Salmiya', 117),
(2088, 'al-Ahmadi', 117),
(2089, 'al-Farwaniyah', 117),
(2090, 'al-Jahra', 117),
(2091, 'al-Kuwayt', 117),
(2092, 'Batken', 118),
(2093, 'Bishkek', 118),
(2094, 'Chui', 118),
(2095, 'Issyk-Kul', 118),
(2096, 'Jalal-Abad', 118),
(2097, 'Naryn', 118),
(2098, 'Osh', 118),
(2099, 'Talas', 118),
(2100, 'Attopu', 119),
(2101, 'Bokeo', 119),
(2102, 'Bolikhamsay', 119),
(2103, 'Champasak', 119),
(2104, 'Houaphanh', 119),
(2105, 'Khammouane', 119),
(2106, 'Luang Nam Tha', 119),
(2107, 'Luang Prabang', 119),
(2108, 'Oudomxay', 119),
(2109, 'Phongsaly', 119),
(2110, 'Saravan', 119),
(2111, 'Savannakhet', 119),
(2112, 'Sekong', 119),
(2113, 'Viangchan Prefecture', 119),
(2114, 'Viangchan Province', 119),
(2115, 'Xaignabury', 119),
(2116, 'Xiang Khuang', 119),
(2117, 'Aizkraukles', 120),
(2118, 'Aluksnes', 120),
(2119, 'Balvu', 120),
(2120, 'Bauskas', 120),
(2121, 'Cesu', 120),
(2122, 'Daugavpils', 120),
(2123, 'Daugavpils City', 120),
(2124, 'Dobeles', 120),
(2125, 'Gulbenes', 120),
(2126, 'Jekabspils', 120),
(2127, 'Jelgava', 120),
(2128, 'Jelgavas', 120),
(2129, 'Jurmala City', 120),
(2130, 'Kraslavas', 120),
(2131, 'Kuldigas', 120),
(2132, 'Liepaja', 120),
(2133, 'Liepajas', 120),
(2134, 'Limbazhu', 120),
(2135, 'Ludzas', 120),
(2136, 'Madonas', 120),
(2137, 'Ogres', 120),
(2138, 'Preilu', 120),
(2139, 'Rezekne', 120),
(2140, 'Rezeknes', 120),
(2141, 'Riga', 120),
(2142, 'Rigas', 120),
(2143, 'Saldus', 120),
(2144, 'Talsu', 120),
(2145, 'Tukuma', 120),
(2146, 'Valkas', 120),
(2147, 'Valmieras', 120),
(2148, 'Ventspils', 120),
(2149, 'Ventspils City', 120),
(2150, 'Beirut', 121),
(2151, 'Jabal Lubnan', 121),
(2152, 'Mohafazat Liban-Nord', 121),
(2153, 'Mohafazat Mont-Liban', 121),
(2154, 'Sidon', 121),
(2155, 'al-Biqa', 121),
(2156, 'al-Janub', 121),
(2157, 'an-Nabatiyah', 121),
(2158, 'ash-Shamal', 121),
(2159, 'Berea', 122),
(2160, 'Butha-Buthe', 122),
(2161, 'Leribe', 122),
(2162, 'Mafeteng', 122),
(2163, 'Maseru', 122),
(2164, 'Mohale\'s Hoek', 122),
(2165, 'Mokhotlong', 122),
(2166, 'Qacha\'s Nek', 122),
(2167, 'Quthing', 122),
(2168, 'Thaba-Tseka', 122),
(2169, 'Bomi', 123),
(2170, 'Bong', 123),
(2171, 'Grand Bassa', 123),
(2172, 'Grand Cape Mount', 123),
(2173, 'Grand Gedeh', 123),
(2174, 'Loffa', 123),
(2175, 'Margibi', 123),
(2176, 'Maryland and Grand Kru', 123),
(2177, 'Montserrado', 123),
(2178, 'Nimba', 123),
(2179, 'Rivercess', 123),
(2180, 'Sinoe', 123),
(2181, 'Ajdabiya', 124),
(2182, 'Fezzan', 124),
(2183, 'Banghazi', 124),
(2184, 'Darnah', 124),
(2185, 'Ghadamis', 124),
(2186, 'Gharyan', 124),
(2187, 'Misratah', 124),
(2188, 'Murzuq', 124),
(2189, 'Sabha', 124),
(2190, 'Sawfajjin', 124),
(2191, 'Surt', 124);
INSERT INTO `state` (`state_id`, `state_name`, `country_id`) VALUES
(2192, 'Tarabulus', 124),
(2193, 'Tarhunah', 124),
(2194, 'Tripolitania', 124),
(2195, 'Tubruq', 124),
(2196, 'Yafran', 124),
(2197, 'Zlitan', 124),
(2198, 'al-\'Aziziyah', 124),
(2199, 'al-Fatih', 124),
(2200, 'al-Jabal al Akhdar', 124),
(2201, 'al-Jufrah', 124),
(2202, 'al-Khums', 124),
(2203, 'al-Kufrah', 124),
(2204, 'an-Nuqat al-Khams', 124),
(2205, 'ash-Shati\'', 124),
(2206, 'az-Zawiyah', 124),
(2207, 'Balzers', 125),
(2208, 'Eschen', 125),
(2209, 'Gamprin', 125),
(2210, 'Mauren', 125),
(2211, 'Planken', 125),
(2212, 'Ruggell', 125),
(2213, 'Schaan', 125),
(2214, 'Schellenberg', 125),
(2215, 'Triesen', 125),
(2216, 'Triesenberg', 125),
(2217, 'Vaduz', 125),
(2218, 'Alytaus', 126),
(2219, 'Anyksciai', 126),
(2220, 'Kauno', 126),
(2221, 'Klaipedos', 126),
(2222, 'Marijampoles', 126),
(2223, 'Panevezhio', 126),
(2224, 'Panevezys', 126),
(2225, 'Shiauliu', 126),
(2226, 'Taurages', 126),
(2227, 'Telshiu', 126),
(2228, 'Telsiai', 126),
(2229, 'Utenos', 126),
(2230, 'Vilniaus', 126),
(2231, 'Capellen', 127),
(2232, 'Clervaux', 127),
(2233, 'Diekirch', 127),
(2234, 'Echternach', 127),
(2235, 'Esch-sur-Alzette', 127),
(2236, 'Grevenmacher', 127),
(2237, 'Luxembourg', 127),
(2238, 'Mersch', 127),
(2239, 'Redange', 127),
(2240, 'Remich', 127),
(2241, 'Vianden', 127),
(2242, 'Wiltz', 127),
(2243, 'Macau', 128),
(2244, 'Berovo', 129),
(2245, 'Bitola', 129),
(2246, 'Brod', 129),
(2247, 'Debar', 129),
(2248, 'Delchevo', 129),
(2249, 'Demir Hisar', 129),
(2250, 'Gevgelija', 129),
(2251, 'Gostivar', 129),
(2252, 'Kavadarci', 129),
(2253, 'Kichevo', 129),
(2254, 'Kochani', 129),
(2255, 'Kratovo', 129),
(2256, 'Kriva Palanka', 129),
(2257, 'Krushevo', 129),
(2258, 'Kumanovo', 129),
(2259, 'Negotino', 129),
(2260, 'Ohrid', 129),
(2261, 'Prilep', 129),
(2262, 'Probishtip', 129),
(2263, 'Radovish', 129),
(2264, 'Resen', 129),
(2265, 'Shtip', 129),
(2266, 'Skopje', 129),
(2267, 'Struga', 129),
(2268, 'Strumica', 129),
(2269, 'Sveti Nikole', 129),
(2270, 'Tetovo', 129),
(2271, 'Valandovo', 129),
(2272, 'Veles', 129),
(2273, 'Vinica', 129),
(2274, 'Antananarivo', 130),
(2275, 'Antsiranana', 130),
(2276, 'Fianarantsoa', 130),
(2277, 'Mahajanga', 130),
(2278, 'Toamasina', 130),
(2279, 'Toliary', 130),
(2280, 'Balaka', 131),
(2281, 'Blantyre City', 131),
(2282, 'Chikwawa', 131),
(2283, 'Chiradzulu', 131),
(2284, 'Chitipa', 131),
(2285, 'Dedza', 131),
(2286, 'Dowa', 131),
(2287, 'Karonga', 131),
(2288, 'Kasungu', 131),
(2289, 'Lilongwe City', 131),
(2290, 'Machinga', 131),
(2291, 'Mangochi', 131),
(2292, 'Mchinji', 131),
(2293, 'Mulanje', 131),
(2294, 'Mwanza', 131),
(2295, 'Mzimba', 131),
(2296, 'Mzuzu City', 131),
(2297, 'Nkhata Bay', 131),
(2298, 'Nkhotakota', 131),
(2299, 'Nsanje', 131),
(2300, 'Ntcheu', 131),
(2301, 'Ntchisi', 131),
(2302, 'Phalombe', 131),
(2303, 'Rumphi', 131),
(2304, 'Salima', 131),
(2305, 'Thyolo', 131),
(2306, 'Zomba Municipality', 131),
(2307, 'Johor', 132),
(2308, 'Kedah', 132),
(2309, 'Kelantan', 132),
(2310, 'Kuala Lumpur', 132),
(2311, 'Labuan', 132),
(2312, 'Melaka', 132),
(2313, 'Negeri Johor', 132),
(2314, 'Negeri Sembilan', 132),
(2315, 'Pahang', 132),
(2316, 'Penang', 132),
(2317, 'Perak', 132),
(2318, 'Perlis', 132),
(2319, 'Pulau Pinang', 132),
(2320, 'Sabah', 132),
(2321, 'Sarawak', 132),
(2322, 'Selangor', 132),
(2323, 'Sembilan', 132),
(2324, 'Terengganu', 132),
(2325, 'Alif Alif', 133),
(2326, 'Alif Dhaal', 133),
(2327, 'Baa', 133),
(2328, 'Dhaal', 133),
(2329, 'Faaf', 133),
(2330, 'Gaaf Alif', 133),
(2331, 'Gaaf Dhaal', 133),
(2332, 'Ghaviyani', 133),
(2333, 'Haa Alif', 133),
(2334, 'Haa Dhaal', 133),
(2335, 'Kaaf', 133),
(2336, 'Laam', 133),
(2337, 'Lhaviyani', 133),
(2338, 'Male', 133),
(2339, 'Miim', 133),
(2340, 'Nuun', 133),
(2341, 'Raa', 133),
(2342, 'Shaviyani', 133),
(2343, 'Siin', 133),
(2344, 'Thaa', 133),
(2345, 'Vaav', 133),
(2346, 'Bamako', 134),
(2347, 'Gao', 134),
(2348, 'Kayes', 134),
(2349, 'Kidal', 134),
(2350, 'Koulikoro', 134),
(2351, 'Mopti', 134),
(2352, 'Segou', 134),
(2353, 'Sikasso', 134),
(2354, 'Tombouctou', 134),
(2355, 'Gozo and Comino', 135),
(2356, 'Inner Harbour', 135),
(2357, 'Northern', 135),
(2358, 'Outer Harbour', 135),
(2359, 'South Eastern', 135),
(2360, 'Valletta', 135),
(2361, 'Western', 135),
(2362, 'Castletown', 136),
(2363, 'Douglas', 136),
(2364, 'Laxey', 136),
(2365, 'Onchan', 136),
(2366, 'Peel', 136),
(2367, 'Port Erin', 136),
(2368, 'Port Saint Mary', 136),
(2369, 'Ramsey', 136),
(2370, 'Ailinlaplap', 137),
(2371, 'Ailuk', 137),
(2372, 'Arno', 137),
(2373, 'Aur', 137),
(2374, 'Bikini', 137),
(2375, 'Ebon', 137),
(2376, 'Enewetak', 137),
(2377, 'Jabat', 137),
(2378, 'Jaluit', 137),
(2379, 'Kili', 137),
(2380, 'Kwajalein', 137),
(2381, 'Lae', 137),
(2382, 'Lib', 137),
(2383, 'Likiep', 137),
(2384, 'Majuro', 137),
(2385, 'Maloelap', 137),
(2386, 'Mejit', 137),
(2387, 'Mili', 137),
(2388, 'Namorik', 137),
(2389, 'Namu', 137),
(2390, 'Rongelap', 137),
(2391, 'Ujae', 137),
(2392, 'Utrik', 137),
(2393, 'Wotho', 137),
(2394, 'Wotje', 137),
(2395, 'Fort-de-France', 138),
(2396, 'La Trinite', 138),
(2397, 'Le Marin', 138),
(2398, 'Saint-Pierre', 138),
(2399, 'Adrar', 139),
(2400, 'Assaba', 139),
(2401, 'Brakna', 139),
(2402, 'Dhakhlat Nawadibu', 139),
(2403, 'Hudh-al-Gharbi', 139),
(2404, 'Hudh-ash-Sharqi', 139),
(2405, 'Inshiri', 139),
(2406, 'Nawakshut', 139),
(2407, 'Qidimagha', 139),
(2408, 'Qurqul', 139),
(2409, 'Taqant', 139),
(2410, 'Tiris Zammur', 139),
(2411, 'Trarza', 139),
(2412, 'Black River', 140),
(2413, 'Eau Coulee', 140),
(2414, 'Flacq', 140),
(2415, 'Floreal', 140),
(2416, 'Grand Port', 140),
(2417, 'Moka', 140),
(2418, 'Pamplempousses', 140),
(2419, 'Plaines Wilhelm', 140),
(2420, 'Port Louis', 140),
(2421, 'Riviere du Rempart', 140),
(2422, 'Rodrigues', 140),
(2423, 'Rose Hill', 140),
(2424, 'Savanne', 140),
(2425, 'Mayotte', 141),
(2426, 'Pamanzi', 141),
(2427, 'Aguascalientes', 142),
(2428, 'Baja California', 142),
(2429, 'Baja California Sur', 142),
(2430, 'Campeche', 142),
(2431, 'Chiapas', 142),
(2432, 'Chihuahua', 142),
(2433, 'Coahuila', 142),
(2434, 'Colima', 142),
(2435, 'Distrito Federal', 142),
(2436, 'Durango', 142),
(2437, 'Estado de Mexico', 142),
(2438, 'Guanajuato', 142),
(2439, 'Guerrero', 142),
(2440, 'Hidalgo', 142),
(2441, 'Jalisco', 142),
(2442, 'Mexico', 142),
(2443, 'Michoacan', 142),
(2444, 'Morelos', 142),
(2445, 'Nayarit', 142),
(2446, 'Nuevo Leon', 142),
(2447, 'Oaxaca', 142),
(2448, 'Puebla', 142),
(2449, 'Queretaro', 142),
(2450, 'Quintana Roo', 142),
(2451, 'San Luis Potosi', 142),
(2452, 'Sinaloa', 142),
(2453, 'Sonora', 142),
(2454, 'Tabasco', 142),
(2455, 'Tamaulipas', 142),
(2456, 'Tlaxcala', 142),
(2457, 'Veracruz', 142),
(2458, 'Yucatan', 142),
(2459, 'Zacatecas', 142),
(2460, 'Chuuk', 143),
(2461, 'Kusaie', 143),
(2462, 'Pohnpei', 143),
(2463, 'Yap', 143),
(2464, 'Balti', 144),
(2465, 'Cahul', 144),
(2466, 'Chisinau', 144),
(2467, 'Chisinau Oras', 144),
(2468, 'Edinet', 144),
(2469, 'Gagauzia', 144),
(2470, 'Lapusna', 144),
(2471, 'Orhei', 144),
(2472, 'Soroca', 144),
(2473, 'Taraclia', 144),
(2474, 'Tighina', 144),
(2475, 'Transnistria', 144),
(2476, 'Ungheni', 144),
(2477, 'Fontvieille', 145),
(2478, 'La Condamine', 145),
(2479, 'Monaco-Ville', 145),
(2480, 'Monte Carlo', 145),
(2481, 'Arhangaj', 146),
(2482, 'Bajan-Olgij', 146),
(2483, 'Bajanhongor', 146),
(2484, 'Bulgan', 146),
(2485, 'Darhan-Uul', 146),
(2486, 'Dornod', 146),
(2487, 'Dornogovi', 146),
(2488, 'Dundgovi', 146),
(2489, 'Govi-Altaj', 146),
(2490, 'Govisumber', 146),
(2491, 'Hentij', 146),
(2492, 'Hovd', 146),
(2493, 'Hovsgol', 146),
(2494, 'Omnogovi', 146),
(2495, 'Orhon', 146),
(2496, 'Ovorhangaj', 146),
(2497, 'Selenge', 146),
(2498, 'Suhbaatar', 146),
(2499, 'Tov', 146),
(2500, 'Ulaanbaatar', 146),
(2501, 'Uvs', 146),
(2502, 'Zavhan', 146),
(2503, 'Montserrat', 147),
(2504, 'Agadir', 148),
(2505, 'Casablanca', 148),
(2506, 'Chaouia-Ouardigha', 148),
(2507, 'Doukkala-Abda', 148),
(2508, 'Fes-Boulemane', 148),
(2509, 'Gharb-Chrarda-Beni Hssen', 148),
(2510, 'Guelmim', 148),
(2511, 'Kenitra', 148),
(2512, 'Marrakech-Tensift-Al Haouz', 148),
(2513, 'Meknes-Tafilalet', 148),
(2514, 'Oriental', 148),
(2515, 'Oujda', 148),
(2516, 'Province de Tanger', 148),
(2517, 'Rabat-Sale-Zammour-Zaer', 148),
(2518, 'Sala Al Jadida', 148),
(2519, 'Settat', 148),
(2520, 'Souss Massa-Draa', 148),
(2521, 'Tadla-Azilal', 148),
(2522, 'Tangier-Tetouan', 148),
(2523, 'Taza-Al Hoceima-Taounate', 148),
(2524, 'Wilaya de Casablanca', 148),
(2525, 'Wilaya de Rabat-Sale', 148),
(2526, 'Cabo Delgado', 149),
(2527, 'Gaza', 149),
(2528, 'Inhambane', 149),
(2529, 'Manica', 149),
(2530, 'Maputo', 149),
(2531, 'Maputo Provincia', 149),
(2532, 'Nampula', 149),
(2533, 'Niassa', 149),
(2534, 'Sofala', 149),
(2535, 'Tete', 149),
(2536, 'Zambezia', 149),
(2537, 'Ayeyarwady', 150),
(2538, 'Bago', 150),
(2539, 'Chin', 150),
(2540, 'Kachin', 150),
(2541, 'Kayah', 150),
(2542, 'Kayin', 150),
(2543, 'Magway', 150),
(2544, 'Mandalay', 150),
(2545, 'Mon', 150),
(2546, 'Nay Pyi Taw', 150),
(2547, 'Rakhine', 150),
(2548, 'Sagaing', 150),
(2549, 'Shan', 150),
(2550, 'Tanintharyi', 150),
(2551, 'Yangon', 150),
(2552, 'Caprivi', 151),
(2553, 'Erongo', 151),
(2554, 'Hardap', 151),
(2555, 'Karas', 151),
(2556, 'Kavango', 151),
(2557, 'Khomas', 151),
(2558, 'Kunene', 151),
(2559, 'Ohangwena', 151),
(2560, 'Omaheke', 151),
(2561, 'Omusati', 151),
(2562, 'Oshana', 151),
(2563, 'Oshikoto', 151),
(2564, 'Otjozondjupa', 151),
(2565, 'Yaren', 152),
(2566, 'Bagmati', 153),
(2567, 'Bheri', 153),
(2568, 'Dhawalagiri', 153),
(2569, 'Gandaki', 153),
(2570, 'Janakpur', 153),
(2571, 'Karnali', 153),
(2572, 'Koshi', 153),
(2573, 'Lumbini', 153),
(2574, 'Mahakali', 153),
(2575, 'Mechi', 153),
(2576, 'Narayani', 153),
(2577, 'Rapti', 153),
(2578, 'Sagarmatha', 153),
(2579, 'Seti', 153),
(2580, 'Bonaire', 154),
(2581, 'Curacao', 154),
(2582, 'Saba', 154),
(2583, 'Sint Eustatius', 154),
(2584, 'Sint Maarten', 154),
(2585, 'Amsterdam', 155),
(2586, 'Benelux', 155),
(2587, 'Drenthe', 155),
(2588, 'Flevoland', 155),
(2589, 'Friesland', 155),
(2590, 'Gelderland', 155),
(2591, 'Groningen', 155),
(2592, 'Limburg', 155),
(2593, 'Noord-Brabant', 155),
(2594, 'Noord-Holland', 155),
(2595, 'Overijssel', 155),
(2596, 'South Holland', 155),
(2597, 'Utrecht', 155),
(2598, 'Zeeland', 155),
(2599, 'Zuid-Holland', 155),
(2600, 'Iles', 156),
(2601, 'Nord', 156),
(2602, 'Sud', 156),
(2603, 'Area Outside Region', 157),
(2604, 'Auckland', 157),
(2605, 'Bay of Plenty', 157),
(2606, 'Canterbury', 157),
(2607, 'Christchurch', 157),
(2608, 'Gisborne', 157),
(2609, 'Hawke\'s Bay', 157),
(2610, 'Manawatu-Wanganui', 157),
(2611, 'Marlborough', 157),
(2612, 'Nelson', 157),
(2613, 'Northland', 157),
(2614, 'Otago', 157),
(2615, 'Rodney', 157),
(2616, 'Southland', 157),
(2617, 'Taranaki', 157),
(2618, 'Tasman', 157),
(2619, 'Waikato', 157),
(2620, 'Wellington', 157),
(2621, 'West Coast', 157),
(2622, 'Atlantico Norte', 158),
(2623, 'Atlantico Sur', 158),
(2624, 'Boaco', 158),
(2625, 'Carazo', 158),
(2626, 'Chinandega', 158),
(2627, 'Chontales', 158),
(2628, 'Esteli', 158),
(2629, 'Granada', 158),
(2630, 'Jinotega', 158),
(2631, 'Leon', 158),
(2632, 'Madriz', 158),
(2633, 'Managua', 158),
(2634, 'Masaya', 158),
(2635, 'Matagalpa', 158),
(2636, 'Nueva Segovia', 158),
(2637, 'Rio San Juan', 158),
(2638, 'Rivas', 158),
(2639, 'Agadez', 159),
(2640, 'Diffa', 159),
(2641, 'Dosso', 159),
(2642, 'Maradi', 159),
(2643, 'Niamey', 159),
(2644, 'Tahoua', 159),
(2645, 'Tillabery', 159),
(2646, 'Zinder', 159),
(2647, 'Abia', 160),
(2648, 'Abuja Federal Capital Territor', 160),
(2649, 'Adamawa', 160),
(2650, 'Akwa Ibom', 160),
(2651, 'Anambra', 160),
(2652, 'Bauchi', 160),
(2653, 'Bayelsa', 160),
(2654, 'Benue', 160),
(2655, 'Borno', 160),
(2656, 'Cross River', 160),
(2657, 'Delta', 160),
(2658, 'Ebonyi', 160),
(2659, 'Edo', 160),
(2660, 'Ekiti', 160),
(2661, 'Enugu', 160),
(2662, 'Gombe', 160),
(2663, 'Imo', 160),
(2664, 'Jigawa', 160),
(2665, 'Kaduna', 160),
(2666, 'Kano', 160),
(2667, 'Katsina', 160),
(2668, 'Kebbi', 160),
(2669, 'Kogi', 160),
(2670, 'Kwara', 160),
(2671, 'Lagos', 160),
(2672, 'Nassarawa', 160),
(2673, 'Niger', 160),
(2674, 'Ogun', 160),
(2675, 'Ondo', 160),
(2676, 'Osun', 160),
(2677, 'Oyo', 160),
(2678, 'Plateau', 160),
(2679, 'Rivers', 160),
(2680, 'Sokoto', 160),
(2681, 'Taraba', 160),
(2682, 'Yobe', 160),
(2683, 'Zamfara', 160),
(2684, 'Niue', 161),
(2685, 'Norfolk Island', 162),
(2686, 'Northern Islands', 163),
(2687, 'Rota', 163),
(2688, 'Saipan', 163),
(2689, 'Tinian', 163),
(2690, 'Akershus', 164),
(2691, 'Aust Agder', 164),
(2692, 'Bergen', 164),
(2693, 'Buskerud', 164),
(2694, 'Finnmark', 164),
(2695, 'Hedmark', 164),
(2696, 'Hordaland', 164),
(2697, 'Moere og Romsdal', 164),
(2698, 'Nord Trondelag', 164),
(2699, 'Nordland', 164),
(2700, 'Oestfold', 164),
(2701, 'Oppland', 164),
(2702, 'Oslo', 164),
(2703, 'Rogaland', 164),
(2704, 'Soer Troendelag', 164),
(2705, 'Sogn og Fjordane', 164),
(2706, 'Stavern', 164),
(2707, 'Sykkylven', 164),
(2708, 'Telemark', 164),
(2709, 'Troms', 164),
(2710, 'Vest Agder', 164),
(2711, 'Vestfold', 164),
(2712, 'ÃƒÂ˜stfold', 164),
(2713, 'Al Buraimi', 165),
(2714, 'Dhufar', 165),
(2715, 'Masqat', 165),
(2716, 'Musandam', 165),
(2717, 'Rusayl', 165),
(2718, 'Wadi Kabir', 165),
(2719, 'ad-Dakhiliyah', 165),
(2720, 'adh-Dhahirah', 165),
(2721, 'al-Batinah', 165),
(2722, 'ash-Sharqiyah', 165),
(2723, 'Baluchistan', 166),
(2724, 'Federal Capital Area', 166),
(2725, 'Federally administered Tribal ', 166),
(2726, 'North-West Frontier', 166),
(2727, 'Northern Areas', 166),
(2728, 'Punjab', 166),
(2729, 'Sind', 166),
(2730, 'Aimeliik', 167),
(2731, 'Airai', 167),
(2732, 'Angaur', 167),
(2733, 'Hatobohei', 167),
(2734, 'Kayangel', 167),
(2735, 'Koror', 167),
(2736, 'Melekeok', 167),
(2737, 'Ngaraard', 167),
(2738, 'Ngardmau', 167),
(2739, 'Ngaremlengui', 167),
(2740, 'Ngatpang', 167),
(2741, 'Ngchesar', 167),
(2742, 'Ngerchelong', 167),
(2743, 'Ngiwal', 167),
(2744, 'Peleliu', 167),
(2745, 'Sonsorol', 167),
(2746, 'Ariha', 168),
(2747, 'Bayt Lahm', 168),
(2748, 'Bethlehem', 168),
(2749, 'Dayr-al-Balah', 168),
(2750, 'Ghazzah', 168),
(2751, 'Ghazzah ash-Shamaliyah', 168),
(2752, 'Janin', 168),
(2753, 'Khan Yunis', 168),
(2754, 'Nabulus', 168),
(2755, 'Qalqilyah', 168),
(2756, 'Rafah', 168),
(2757, 'Ram Allah wal-Birah', 168),
(2758, 'Salfit', 168),
(2759, 'Tubas', 168),
(2760, 'Tulkarm', 168),
(2761, 'al-Khalil', 168),
(2762, 'al-Quds', 168),
(2763, 'Bocas del Toro', 169),
(2764, 'Chiriqui', 169),
(2765, 'Cocle', 169),
(2766, 'Colon', 169),
(2767, 'Darien', 169),
(2768, 'Embera', 169),
(2769, 'Herrera', 169),
(2770, 'Kuna Yala', 169),
(2771, 'Los Santos', 169),
(2772, 'Ngobe Bugle', 169),
(2773, 'Panama', 169),
(2774, 'Veraguas', 169),
(2775, 'East New Britain', 170),
(2776, 'East Sepik', 170),
(2777, 'Eastern Highlands', 170),
(2778, 'Enga', 170),
(2779, 'Fly River', 170),
(2780, 'Gulf', 170),
(2781, 'Madang', 170),
(2782, 'Manus', 170),
(2783, 'Milne Bay', 170),
(2784, 'Morobe', 170),
(2785, 'National Capital District', 170),
(2786, 'New Ireland', 170),
(2787, 'North Solomons', 170),
(2788, 'Oro', 170),
(2789, 'Sandaun', 170),
(2790, 'Simbu', 170),
(2791, 'Southern Highlands', 170),
(2792, 'West New Britain', 170),
(2793, 'Western Highlands', 170),
(2794, 'Alto Paraguay', 171),
(2795, 'Alto Parana', 171),
(2796, 'Amambay', 171),
(2797, 'Asuncion', 171),
(2798, 'Boqueron', 171),
(2799, 'Caaguazu', 171),
(2800, 'Caazapa', 171),
(2801, 'Canendiyu', 171),
(2802, 'Central', 171),
(2803, 'Concepcion', 171),
(2804, 'Cordillera', 171),
(2805, 'Guaira', 171),
(2806, 'Itapua', 171),
(2807, 'Misiones', 171),
(2808, 'Neembucu', 171),
(2809, 'Paraguari', 171),
(2810, 'Presidente Hayes', 171),
(2811, 'San Pedro', 171),
(2812, 'Amazonas', 172),
(2813, 'Ancash', 172),
(2814, 'Apurimac', 172),
(2815, 'Arequipa', 172),
(2816, 'Ayacucho', 172),
(2817, 'Cajamarca', 172),
(2818, 'Cusco', 172),
(2819, 'Huancavelica', 172),
(2820, 'Huanuco', 172),
(2821, 'Ica', 172),
(2822, 'Junin', 172),
(2823, 'La Libertad', 172),
(2824, 'Lambayeque', 172),
(2825, 'Lima y Callao', 172),
(2826, 'Loreto', 172),
(2827, 'Madre de Dios', 172),
(2828, 'Moquegua', 172),
(2829, 'Pasco', 172),
(2830, 'Piura', 172),
(2831, 'Puno', 172),
(2832, 'San Martin', 172),
(2833, 'Tacna', 172),
(2834, 'Tumbes', 172),
(2835, 'Ucayali', 172),
(2836, 'Batangas', 173),
(2837, 'Bicol', 173),
(2838, 'Bulacan', 173),
(2839, 'Cagayan', 173),
(2840, 'Caraga', 173),
(2841, 'Central Luzon', 173),
(2842, 'Central Mindanao', 173),
(2843, 'Central Visayas', 173),
(2844, 'Cordillera', 173),
(2845, 'Davao', 173),
(2846, 'Eastern Visayas', 173),
(2847, 'Greater Metropolitan Area', 173),
(2848, 'Ilocos', 173),
(2849, 'Laguna', 173),
(2850, 'Luzon', 173),
(2851, 'Mactan', 173),
(2852, 'Metropolitan Manila Area', 173),
(2853, 'Muslim Mindanao', 173),
(2854, 'Northern Mindanao', 173),
(2855, 'Southern Mindanao', 173),
(2856, 'Southern Tagalog', 173),
(2857, 'Western Mindanao', 173),
(2858, 'Western Visayas', 173),
(2859, 'Pitcairn Island', 174),
(2860, 'Biale Blota', 175),
(2861, 'Dobroszyce', 175),
(2862, 'Dolnoslaskie', 175),
(2863, 'Dziekanow Lesny', 175),
(2864, 'Hopowo', 175),
(2865, 'Kartuzy', 175),
(2866, 'Koscian', 175),
(2867, 'Krakow', 175),
(2868, 'Kujawsko-Pomorskie', 175),
(2869, 'Lodzkie', 175),
(2870, 'Lubelskie', 175),
(2871, 'Lubuskie', 175),
(2872, 'Malomice', 175),
(2873, 'Malopolskie', 175),
(2874, 'Mazowieckie', 175),
(2875, 'Mirkow', 175),
(2876, 'Opolskie', 175),
(2877, 'Ostrowiec', 175),
(2878, 'Podkarpackie', 175),
(2879, 'Podlaskie', 175),
(2880, 'Polska', 175),
(2881, 'Pomorskie', 175),
(2882, 'Poznan', 175),
(2883, 'Pruszkow', 175),
(2884, 'Rymanowska', 175),
(2885, 'Rzeszow', 175),
(2886, 'Slaskie', 175),
(2887, 'Stare Pole', 175),
(2888, 'Swietokrzyskie', 175),
(2889, 'Warminsko-Mazurskie', 175),
(2890, 'Warsaw', 175),
(2891, 'Wejherowo', 175),
(2892, 'Wielkopolskie', 175),
(2893, 'Wroclaw', 175),
(2894, 'Zachodnio-Pomorskie', 175),
(2895, 'Zukowo', 175),
(2896, 'Abrantes', 176),
(2897, 'Acores', 176),
(2898, 'Alentejo', 176),
(2899, 'Algarve', 176),
(2900, 'Braga', 176),
(2901, 'Centro', 176),
(2902, 'Distrito de Leiria', 176),
(2903, 'Distrito de Viana do Castelo', 176),
(2904, 'Distrito de Vila Real', 176),
(2905, 'Distrito do Porto', 176),
(2906, 'Lisboa e Vale do Tejo', 176),
(2907, 'Madeira', 176),
(2908, 'Norte', 176),
(2909, 'Paivas', 176),
(2910, 'Arecibo', 177),
(2911, 'Bayamon', 177),
(2912, 'Carolina', 177),
(2913, 'Florida', 177),
(2914, 'Guayama', 177),
(2915, 'Humacao', 177),
(2916, 'Mayaguez-Aguadilla', 177),
(2917, 'Ponce', 177),
(2918, 'Salinas', 177),
(2919, 'San Juan', 177),
(2920, 'Doha', 178),
(2921, 'Jarian-al-Batnah', 178),
(2922, 'Umm Salal', 178),
(2923, 'ad-Dawhah', 178),
(2924, 'al-Ghuwayriyah', 178),
(2925, 'al-Jumayliyah', 178),
(2926, 'al-Khawr', 178),
(2927, 'al-Wakrah', 178),
(2928, 'ar-Rayyan', 178),
(2929, 'ash-Shamal', 178),
(2930, 'Saint-Benoit', 179),
(2931, 'Saint-Denis', 179),
(2932, 'Saint-Paul', 179),
(2933, 'Saint-Pierre', 179),
(2934, 'Alba', 180),
(2935, 'Arad', 180),
(2936, 'Arges', 180),
(2937, 'Bacau', 180),
(2938, 'Bihor', 180),
(2939, 'Bistrita-Nasaud', 180),
(2940, 'Botosani', 180),
(2941, 'Braila', 180),
(2942, 'Brasov', 180),
(2943, 'Bucuresti', 180),
(2944, 'Buzau', 180),
(2945, 'Calarasi', 180),
(2946, 'Caras-Severin', 180),
(2947, 'Cluj', 180),
(2948, 'Constanta', 180),
(2949, 'Covasna', 180),
(2950, 'Dambovita', 180),
(2951, 'Dolj', 180),
(2952, 'Galati', 180),
(2953, 'Giurgiu', 180),
(2954, 'Gorj', 180),
(2955, 'Harghita', 180),
(2956, 'Hunedoara', 180),
(2957, 'Ialomita', 180),
(2958, 'Iasi', 180),
(2959, 'Ilfov', 180),
(2960, 'Maramures', 180),
(2961, 'Mehedinti', 180),
(2962, 'Mures', 180),
(2963, 'Neamt', 180),
(2964, 'Olt', 180),
(2965, 'Prahova', 180),
(2966, 'Salaj', 180),
(2967, 'Satu Mare', 180),
(2968, 'Sibiu', 180),
(2969, 'Sondelor', 180),
(2970, 'Suceava', 180),
(2971, 'Teleorman', 180),
(2972, 'Timis', 180),
(2973, 'Tulcea', 180),
(2974, 'Valcea', 180),
(2975, 'Vaslui', 180),
(2976, 'Vrancea', 180),
(2977, 'Adygeja', 181),
(2978, 'Aga', 181),
(2979, 'Alanija', 181),
(2980, 'Altaj', 181),
(2981, 'Amur', 181),
(2982, 'Arhangelsk', 181),
(2983, 'Astrahan', 181),
(2984, 'Bashkortostan', 181),
(2985, 'Belgorod', 181),
(2986, 'Brjansk', 181),
(2987, 'Burjatija', 181),
(2988, 'Chechenija', 181),
(2989, 'Cheljabinsk', 181),
(2990, 'Chita', 181),
(2991, 'Chukotka', 181),
(2992, 'Chuvashija', 181),
(2993, 'Dagestan', 181),
(2994, 'Evenkija', 181),
(2995, 'Gorno-Altaj', 181),
(2996, 'Habarovsk', 181),
(2997, 'Hakasija', 181),
(2998, 'Hanty-Mansija', 181),
(2999, 'Ingusetija', 181),
(3000, 'Irkutsk', 181),
(3001, 'Ivanovo', 181),
(3002, 'Jamalo-Nenets', 181),
(3003, 'Jaroslavl', 181),
(3004, 'Jevrej', 181),
(3005, 'Kabardino-Balkarija', 181),
(3006, 'Kaliningrad', 181),
(3007, 'Kalmykija', 181),
(3008, 'Kaluga', 181),
(3009, 'Kamchatka', 181),
(3010, 'Karachaj-Cherkessija', 181),
(3011, 'Karelija', 181),
(3012, 'Kemerovo', 181),
(3013, 'Khabarovskiy Kray', 181),
(3014, 'Kirov', 181),
(3015, 'Komi', 181),
(3016, 'Komi-Permjakija', 181),
(3017, 'Korjakija', 181),
(3018, 'Kostroma', 181),
(3019, 'Krasnodar', 181),
(3020, 'Krasnojarsk', 181),
(3021, 'Krasnoyarskiy Kray', 181),
(3022, 'Kurgan', 181),
(3023, 'Kursk', 181),
(3024, 'Leningrad', 181),
(3025, 'Lipeck', 181),
(3026, 'Magadan', 181),
(3027, 'Marij El', 181),
(3028, 'Mordovija', 181),
(3029, 'Moscow', 181),
(3030, 'Moskovskaja Oblast', 181),
(3031, 'Moskovskaya Oblast', 181),
(3032, 'Moskva', 181),
(3033, 'Murmansk', 181),
(3034, 'Nenets', 181),
(3035, 'Nizhnij Novgorod', 181),
(3036, 'Novgorod', 181),
(3037, 'Novokusnezk', 181),
(3038, 'Novosibirsk', 181),
(3039, 'Omsk', 181),
(3040, 'Orenburg', 181),
(3041, 'Orjol', 181),
(3042, 'Penza', 181),
(3043, 'Perm', 181),
(3044, 'Primorje', 181),
(3045, 'Pskov', 181),
(3046, 'Pskovskaya Oblast', 181),
(3047, 'Rjazan', 181),
(3048, 'Rostov', 181),
(3049, 'Saha', 181),
(3050, 'Sahalin', 181),
(3051, 'Samara', 181),
(3052, 'Samarskaya', 181),
(3053, 'Sankt-Peterburg', 181),
(3054, 'Saratov', 181),
(3055, 'Smolensk', 181),
(3056, 'Stavropol', 181),
(3057, 'Sverdlovsk', 181),
(3058, 'Tajmyrija', 181),
(3059, 'Tambov', 181),
(3060, 'Tatarstan', 181),
(3061, 'Tjumen', 181),
(3062, 'Tomsk', 181),
(3063, 'Tula', 181),
(3064, 'Tver', 181),
(3065, 'Tyva', 181),
(3066, 'Udmurtija', 181),
(3067, 'Uljanovsk', 181),
(3068, 'Ulyanovskaya Oblast', 181),
(3069, 'Ust-Orda', 181),
(3070, 'Vladimir', 181),
(3071, 'Volgograd', 181),
(3072, 'Vologda', 181),
(3073, 'Voronezh', 181),
(3074, 'Butare', 182),
(3075, 'Byumba', 182),
(3076, 'Cyangugu', 182),
(3077, 'Gikongoro', 182),
(3078, 'Gisenyi', 182),
(3079, 'Gitarama', 182),
(3080, 'Kibungo', 182),
(3081, 'Kibuye', 182),
(3082, 'Kigali-ngali', 182),
(3083, 'Ruhengeri', 182),
(3084, 'Ascension', 183),
(3085, 'Gough Island', 183),
(3086, 'Saint Helena', 183),
(3087, 'Tristan da Cunha', 183),
(3088, 'Christ Church Nichola Town', 184),
(3089, 'Saint Anne Sandy Point', 184),
(3090, 'Saint George Basseterre', 184),
(3091, 'Saint George Gingerland', 184),
(3092, 'Saint James Windward', 184),
(3093, 'Saint John Capesterre', 184),
(3094, 'Saint John Figtree', 184),
(3095, 'Saint Mary Cayon', 184),
(3096, 'Saint Paul Capesterre', 184),
(3097, 'Saint Paul Charlestown', 184),
(3098, 'Saint Peter Basseterre', 184),
(3099, 'Saint Thomas Lowland', 184),
(3100, 'Saint Thomas Middle Island', 184),
(3101, 'Trinity Palmetto Point', 184),
(3102, 'Anse-la-Raye', 185),
(3103, 'Canaries', 185),
(3104, 'Castries', 185),
(3105, 'Choiseul', 185),
(3106, 'Dennery', 185),
(3107, 'Gros Inlet', 185),
(3108, 'Laborie', 185),
(3109, 'Micoud', 185),
(3110, 'Soufriere', 185),
(3111, 'Vieux Fort', 185),
(3112, 'Miquelon-Langlade', 186),
(3113, 'Saint-Pierre', 186),
(3114, 'Charlotte', 187),
(3115, 'Grenadines', 187),
(3116, 'Saint Andrew', 187),
(3117, 'Saint David', 187),
(3118, 'Saint George', 187),
(3119, 'Saint Patrick', 187),
(3120, 'A\'ana', 188),
(3121, 'Aiga-i-le-Tai', 188),
(3122, 'Atua', 188),
(3123, 'Fa\'asaleleaga', 188),
(3124, 'Gaga\'emauga', 188),
(3125, 'Gagaifomauga', 188),
(3126, 'Palauli', 188),
(3127, 'Satupa\'itea', 188),
(3128, 'Tuamasaga', 188),
(3129, 'Va\'a-o-Fonoti', 188),
(3130, 'Vaisigano', 188),
(3131, 'Acquaviva', 189),
(3132, 'Borgo Maggiore', 189),
(3133, 'Chiesanuova', 189),
(3134, 'Domagnano', 189),
(3135, 'Faetano', 189),
(3136, 'Fiorentino', 189),
(3137, 'Montegiardino', 189),
(3138, 'San Marino', 189),
(3139, 'Serravalle', 189),
(3140, 'Agua Grande', 190),
(3141, 'Cantagalo', 190),
(3142, 'Lemba', 190),
(3143, 'Lobata', 190),
(3144, 'Me-Zochi', 190),
(3145, 'Pague', 190),
(3146, 'Al Khobar', 191),
(3147, 'Aseer', 191),
(3148, 'Ash Sharqiyah', 191),
(3149, 'Asir', 191),
(3150, 'Central Province', 191),
(3151, 'Eastern Province', 191),
(3152, 'Ha\'il', 191),
(3153, 'Jawf', 191),
(3154, 'Jizan', 191),
(3155, 'Makkah', 191),
(3156, 'Najran', 191),
(3157, 'Qasim', 191),
(3158, 'Tabuk', 191),
(3159, 'Western Province', 191),
(3160, 'al-Bahah', 191),
(3161, 'al-Hudud-ash-Shamaliyah', 191),
(3162, 'al-Madinah', 191),
(3163, 'ar-Riyad', 191),
(3164, 'Dakar', 192),
(3165, 'Diourbel', 192),
(3166, 'Fatick', 192),
(3167, 'Kaolack', 192),
(3168, 'Kolda', 192),
(3169, 'Louga', 192),
(3170, 'Saint-Louis', 192),
(3171, 'Tambacounda', 192),
(3172, 'Thies', 192),
(3173, 'Ziguinchor', 192),
(3174, 'Central Serbia', 193),
(3175, 'Kosovo and Metohija', 193),
(3176, 'Vojvodina', 193),
(3177, 'Anse Boileau', 194),
(3178, 'Anse Royale', 194),
(3179, 'Cascade', 194),
(3180, 'Takamaka', 194),
(3181, 'Victoria', 194),
(3182, 'Eastern', 195),
(3183, 'Northern', 195),
(3184, 'Southern', 195),
(3185, 'Western', 195),
(3186, 'Singapore', 196),
(3187, 'Banskobystricky', 197),
(3188, 'Bratislavsky', 197),
(3189, 'Kosicky', 197),
(3190, 'Nitriansky', 197),
(3191, 'Presovsky', 197),
(3192, 'Trenciansky', 197),
(3193, 'Trnavsky', 197),
(3194, 'Zilinsky', 197),
(3195, 'Benedikt', 198),
(3196, 'Gorenjska', 198),
(3197, 'Gorishka', 198),
(3198, 'Jugovzhodna Slovenija', 198),
(3199, 'Koroshka', 198),
(3200, 'Notranjsko-krashka', 198),
(3201, 'Obalno-krashka', 198),
(3202, 'Obcina Domzale', 198),
(3203, 'Obcina Vitanje', 198),
(3204, 'Osrednjeslovenska', 198),
(3205, 'Podravska', 198),
(3206, 'Pomurska', 198),
(3207, 'Savinjska', 198),
(3208, 'Slovenian Littoral', 198),
(3209, 'Spodnjeposavska', 198),
(3210, 'Zasavska', 198),
(3211, 'Pitcairn', 199),
(3212, 'Central', 200),
(3213, 'Choiseul', 200),
(3214, 'Guadalcanal', 200),
(3215, 'Isabel', 200),
(3216, 'Makira and Ulawa', 200),
(3217, 'Malaita', 200),
(3218, 'Rennell and Bellona', 200),
(3219, 'Temotu', 200),
(3220, 'Western', 200),
(3221, 'Awdal', 201),
(3222, 'Bakol', 201),
(3223, 'Banadir', 201),
(3224, 'Bari', 201),
(3225, 'Bay', 201),
(3226, 'Galgudug', 201),
(3227, 'Gedo', 201),
(3228, 'Hiran', 201),
(3229, 'Jubbada Hose', 201),
(3230, 'Jubbadha Dexe', 201),
(3231, 'Mudug', 201),
(3232, 'Nugal', 201),
(3233, 'Sanag', 201),
(3234, 'Shabellaha Dhexe', 201),
(3235, 'Shabellaha Hose', 201),
(3236, 'Togdher', 201),
(3237, 'Woqoyi Galbed', 201),
(3238, 'Eastern Cape', 202),
(3239, 'Free State', 202),
(3240, 'Gauteng', 202),
(3241, 'Kempton Park', 202),
(3242, 'Kramerville', 202),
(3243, 'KwaZulu Natal', 202),
(3244, 'Limpopo', 202),
(3245, 'Mpumalanga', 202),
(3246, 'North West', 202),
(3247, 'Northern Cape', 202),
(3248, 'Parow', 202),
(3249, 'Table View', 202),
(3250, 'Umtentweni', 202),
(3251, 'Western Cape', 202),
(3252, 'South Georgia', 203),
(3253, 'Central Equatoria', 204),
(3254, 'A Coruna', 205),
(3255, 'Alacant', 205),
(3256, 'Alava', 205),
(3257, 'Albacete', 205),
(3258, 'Almeria', 205),
(3260, 'Asturias', 205),
(3261, 'Avila', 205),
(3262, 'Badajoz', 205),
(3263, 'Balears', 205),
(3264, 'Barcelona', 205),
(3267, 'Burgos', 205),
(3268, 'Caceres', 205),
(3269, 'Cadiz', 205),
(3270, 'Cantabria', 205),
(3271, 'Castello', 205),
(3273, 'Ceuta', 205),
(3274, 'Ciudad Real', 205),
(3281, 'Cordoba', 205),
(3282, 'Cuenca', 205),
(3284, 'Girona', 205),
(3285, 'Granada', 205),
(3286, 'Guadalajara', 205),
(3287, 'Guipuzcoa', 205),
(3288, 'Huelva', 205),
(3289, 'Huesca', 205),
(3290, 'Jaen', 205),
(3291, 'La Rioja', 205),
(3292, 'Las Palmas', 205),
(3293, 'Leon', 205),
(3295, 'Lleida', 205),
(3296, 'Lugo', 205),
(3297, 'Madrid', 205),
(3298, 'Malaga', 205),
(3299, 'Melilla', 205),
(3300, 'Murcia', 205),
(3301, 'Navarra', 205),
(3302, 'Ourense', 205),
(3303, 'Pais Vasco', 205),
(3304, 'Palencia', 205),
(3305, 'Pontevedra', 205),
(3306, 'Salamanca', 205),
(3308, 'Segovia', 205),
(3309, 'Sevilla', 205),
(3310, 'Soria', 205),
(3311, 'Tarragona', 205),
(3312, 'Santa Cruz de Tenerife', 205),
(3313, 'Teruel', 205),
(3314, 'Toledo', 205),
(3315, 'Valencia', 205),
(3316, 'Valladolid', 205),
(3317, 'Vizcaya', 205),
(3318, 'Zamora', 205),
(3319, 'Zaragoza', 205),
(3320, 'Amparai', 206),
(3321, 'Anuradhapuraya', 206),
(3322, 'Badulla', 206),
(3323, 'Boralesgamuwa', 206),
(3324, 'Colombo', 206),
(3325, 'Galla', 206),
(3326, 'Gampaha', 206),
(3327, 'Hambantota', 206),
(3328, 'Kalatura', 206),
(3329, 'Kegalla', 206),
(3330, 'Kilinochchi', 206),
(3331, 'Kurunegala', 206),
(3332, 'Madakalpuwa', 206),
(3333, 'Maha Nuwara', 206),
(3334, 'Malwana', 206),
(3335, 'Mannarama', 206),
(3336, 'Matale', 206),
(3337, 'Matara', 206),
(3338, 'Monaragala', 206),
(3339, 'Mullaitivu', 206),
(3340, 'North Eastern Province', 206),
(3341, 'North Western Province', 206),
(3342, 'Nuwara Eliya', 206),
(3343, 'Polonnaruwa', 206),
(3344, 'Puttalama', 206),
(3345, 'Ratnapuraya', 206),
(3346, 'Southern Province', 206),
(3347, 'Tirikunamalaya', 206),
(3348, 'Tuscany', 206),
(3349, 'Vavuniyawa', 206),
(3350, 'Western Province', 206),
(3351, 'Yapanaya', 206),
(3352, 'kadawatha', 206),
(3353, 'A\'ali-an-Nil', 207),
(3354, 'Bahr-al-Jabal', 207),
(3355, 'Central Equatoria', 207),
(3356, 'Gharb Bahr-al-Ghazal', 207),
(3357, 'Gharb Darfur', 207),
(3358, 'Gharb Kurdufan', 207),
(3359, 'Gharb-al-Istiwa\'iyah', 207),
(3360, 'Janub Darfur', 207),
(3361, 'Janub Kurdufan', 207),
(3362, 'Junqali', 207),
(3363, 'Kassala', 207),
(3364, 'Nahr-an-Nil', 207),
(3365, 'Shamal Bahr-al-Ghazal', 207),
(3366, 'Shamal Darfur', 207),
(3367, 'Shamal Kurdufan', 207),
(3368, 'Sharq-al-Istiwa\'iyah', 207),
(3369, 'Sinnar', 207),
(3370, 'Warab', 207),
(3371, 'Wilayat al Khartum', 207),
(3372, 'al-Bahr-al-Ahmar', 207),
(3373, 'al-Buhayrat', 207),
(3374, 'al-Jazirah', 207),
(3375, 'al-Khartum', 207),
(3376, 'al-Qadarif', 207),
(3377, 'al-Wahdah', 207),
(3378, 'an-Nil-al-Abyad', 207),
(3379, 'an-Nil-al-Azraq', 207),
(3380, 'ash-Shamaliyah', 207),
(3381, 'Brokopondo', 208),
(3382, 'Commewijne', 208),
(3383, 'Coronie', 208),
(3384, 'Marowijne', 208),
(3385, 'Nickerie', 208),
(3386, 'Para', 208),
(3387, 'Paramaribo', 208),
(3388, 'Saramacca', 208),
(3389, 'Wanica', 208),
(3390, 'Svalbard', 209),
(3391, 'Hhohho', 210),
(3392, 'Lubombo', 210),
(3393, 'Manzini', 210),
(3394, 'Shiselweni', 210),
(3395, 'Alvsborgs Lan', 211),
(3396, 'Angermanland', 211),
(3397, 'Blekinge', 211),
(3398, 'Bohuslan', 211),
(3399, 'Dalarna', 211),
(3400, 'Gavleborg', 211),
(3401, 'Gaza', 211),
(3402, 'Gotland', 211),
(3403, 'Halland', 211),
(3404, 'Jamtland', 211),
(3405, 'Jonkoping', 211),
(3406, 'Kalmar', 211),
(3407, 'Kristianstads', 211),
(3408, 'Kronoberg', 211),
(3409, 'Norrbotten', 211),
(3410, 'Orebro', 211),
(3411, 'Ostergotland', 211),
(3412, 'Saltsjo-Boo', 211),
(3413, 'Skane', 211),
(3414, 'Smaland', 211),
(3415, 'Sodermanland', 211),
(3416, 'Stockholm', 211),
(3417, 'Uppsala', 211),
(3418, 'Varmland', 211),
(3419, 'Vasterbotten', 211),
(3420, 'Vastergotland', 211),
(3421, 'Vasternorrland', 211),
(3422, 'Vastmanland', 211),
(3423, 'Vastra Gotaland', 211),
(3424, 'Aargau', 212),
(3425, 'Appenzell Inner-Rhoden', 212),
(3426, 'Appenzell-Ausser Rhoden', 212),
(3427, 'Basel-Landschaft', 212),
(3428, 'Basel-Stadt', 212),
(3429, 'Bern', 212),
(3430, 'Canton Ticino', 212),
(3431, 'Fribourg', 212),
(3432, 'Geneve', 212),
(3433, 'Glarus', 212),
(3434, 'Graubunden', 212),
(3435, 'Heerbrugg', 212),
(3436, 'Jura', 212),
(3437, 'Kanton Aargau', 212),
(3438, 'Luzern', 212),
(3439, 'Morbio Inferiore', 212),
(3440, 'Muhen', 212),
(3441, 'Neuchatel', 212),
(3442, 'Nidwalden', 212),
(3443, 'Obwalden', 212),
(3444, 'Sankt Gallen', 212),
(3445, 'Schaffhausen', 212),
(3446, 'Schwyz', 212),
(3447, 'Solothurn', 212),
(3448, 'Thurgau', 212),
(3449, 'Ticino', 212),
(3450, 'Uri', 212),
(3451, 'Valais', 212),
(3452, 'Vaud', 212),
(3453, 'Vauffelin', 212),
(3454, 'Zug', 212),
(3455, 'Zurich', 212),
(3456, 'Aleppo', 213),
(3457, 'Dar\'a', 213),
(3458, 'Dayr-az-Zawr', 213),
(3459, 'Dimashq', 213),
(3460, 'Halab', 213),
(3461, 'Hamah', 213),
(3462, 'Hims', 213),
(3463, 'Idlib', 213),
(3464, 'Madinat Dimashq', 213),
(3465, 'Tartus', 213),
(3466, 'al-Hasakah', 213),
(3467, 'al-Ladhiqiyah', 213),
(3468, 'al-Qunaytirah', 213),
(3469, 'ar-Raqqah', 213),
(3470, 'as-Suwayda', 213),
(3471, 'Changhua County', 214),
(3472, 'Chiayi County', 214),
(3473, 'Chiayi City', 214),
(3474, 'Taipei City', 214),
(3475, 'Hsinchu County', 214),
(3476, 'Hsinchu City', 214),
(3477, 'Hualien County', 214),
(3480, 'Kaohsiung City', 214),
(3481, 'Keelung City', 214),
(3482, 'Kinmen County', 214),
(3483, 'Miaoli County', 214),
(3484, 'Nantou County', 214),
(3486, 'Penghu County', 214),
(3487, 'Pingtung County', 214),
(3488, 'Taichung City', 214),
(3492, 'Tainan City', 214),
(3493, 'New Taipei City', 214),
(3495, 'Taitung County', 214),
(3496, 'Taoyuan City', 214),
(3497, 'Yilan County', 214),
(3498, 'YunLin County', 214),
(3500, 'Dushanbe', 215),
(3501, 'Gorno-Badakhshan', 215),
(3502, 'Karotegin', 215),
(3503, 'Khatlon', 215),
(3504, 'Sughd', 215),
(3505, 'Arusha', 216),
(3506, 'Dar es Salaam', 216),
(3507, 'Dodoma', 216),
(3508, 'Iringa', 216),
(3509, 'Kagera', 216),
(3510, 'Kigoma', 216),
(3511, 'Kilimanjaro', 216),
(3512, 'Lindi', 216),
(3513, 'Mara', 216),
(3514, 'Mbeya', 216),
(3515, 'Morogoro', 216),
(3516, 'Mtwara', 216),
(3517, 'Mwanza', 216),
(3518, 'Pwani', 216),
(3519, 'Rukwa', 216),
(3520, 'Ruvuma', 216),
(3521, 'Shinyanga', 216),
(3522, 'Singida', 216),
(3523, 'Tabora', 216),
(3524, 'Tanga', 216),
(3525, 'Zanzibar and Pemba', 216),
(3526, 'Amnat Charoen', 217),
(3527, 'Ang Thong', 217),
(3528, 'Bangkok', 217),
(3529, 'Buri Ram', 217),
(3530, 'Chachoengsao', 217),
(3531, 'Chai Nat', 217),
(3532, 'Chaiyaphum', 217),
(3533, 'Changwat Chaiyaphum', 217),
(3534, 'Chanthaburi', 217),
(3535, 'Chiang Mai', 217),
(3536, 'Chiang Rai', 217),
(3537, 'Chon Buri', 217),
(3538, 'Chumphon', 217),
(3539, 'Kalasin', 217),
(3540, 'Kamphaeng Phet', 217),
(3541, 'Kanchanaburi', 217),
(3542, 'Khon Kaen', 217),
(3543, 'Krabi', 217),
(3544, 'Krung Thep', 217),
(3545, 'Lampang', 217),
(3546, 'Lamphun', 217),
(3547, 'Loei', 217),
(3548, 'Lop Buri', 217),
(3549, 'Mae Hong Son', 217),
(3550, 'Maha Sarakham', 217),
(3551, 'Mukdahan', 217),
(3552, 'Nakhon Nayok', 217),
(3553, 'Nakhon Pathom', 217),
(3554, 'Nakhon Phanom', 217),
(3555, 'Nakhon Ratchasima', 217),
(3556, 'Nakhon Sawan', 217),
(3557, 'Nakhon Si Thammarat', 217),
(3558, 'Nan', 217),
(3559, 'Narathiwat', 217),
(3560, 'Nong Bua Lam Phu', 217),
(3561, 'Nong Khai', 217),
(3562, 'Nonthaburi', 217),
(3563, 'Pathum Thani', 217),
(3564, 'Pattani', 217),
(3565, 'Phangnga', 217),
(3566, 'Phatthalung', 217),
(3567, 'Phayao', 217),
(3568, 'Phetchabun', 217),
(3569, 'Phetchaburi', 217),
(3570, 'Phichit', 217),
(3571, 'Phitsanulok', 217),
(3572, 'Phra Nakhon Si Ayutthaya', 217),
(3573, 'Phrae', 217),
(3574, 'Phuket', 217),
(3575, 'Prachin Buri', 217),
(3576, 'Prachuap Khiri Khan', 217),
(3577, 'Ranong', 217),
(3578, 'Ratchaburi', 217),
(3579, 'Rayong', 217),
(3580, 'Roi Et', 217),
(3581, 'Sa Kaeo', 217),
(3582, 'Sakon Nakhon', 217),
(3583, 'Samut Prakan', 217),
(3584, 'Samut Sakhon', 217),
(3585, 'Samut Songkhran', 217),
(3586, 'Saraburi', 217),
(3587, 'Satun', 217),
(3588, 'Si Sa Ket', 217),
(3589, 'Sing Buri', 217),
(3590, 'Songkhla', 217),
(3591, 'Sukhothai', 217),
(3592, 'Suphan Buri', 217),
(3593, 'Surat Thani', 217),
(3594, 'Surin', 217),
(3595, 'Tak', 217),
(3596, 'Trang', 217),
(3597, 'Trat', 217),
(3598, 'Ubon Ratchathani', 217),
(3599, 'Udon Thani', 217),
(3600, 'Uthai Thani', 217),
(3601, 'Uttaradit', 217),
(3602, 'Yala', 217),
(3603, 'Yasothon', 217),
(3604, 'Centre', 218),
(3605, 'Kara', 218),
(3606, 'Maritime', 218),
(3607, 'Plateaux', 218),
(3608, 'Savanes', 218),
(3609, 'Atafu', 219),
(3610, 'Fakaofo', 219),
(3611, 'Nukunonu', 219),
(3612, 'Eua', 220),
(3613, 'Ha\'apai', 220),
(3614, 'Niuas', 220),
(3615, 'Tongatapu', 220),
(3616, 'Vava\'u', 220),
(3617, 'Arima-Tunapuna-Piarco', 221),
(3618, 'Caroni', 221),
(3619, 'Chaguanas', 221),
(3620, 'Couva-Tabaquite-Talparo', 221),
(3621, 'Diego Martin', 221),
(3622, 'Glencoe', 221),
(3623, 'Penal Debe', 221),
(3624, 'Point Fortin', 221),
(3625, 'Port of Spain', 221),
(3626, 'Princes Town', 221),
(3627, 'Saint George', 221),
(3628, 'San Fernando', 221),
(3629, 'San Juan', 221),
(3630, 'Sangre Grande', 221),
(3631, 'Siparia', 221),
(3632, 'Tobago', 221),
(3633, 'Aryanah', 222),
(3634, 'Bajah', 222),
(3635, 'Bin \'Arus', 222),
(3636, 'Binzart', 222),
(3637, 'Gouvernorat de Ariana', 222),
(3638, 'Gouvernorat de Nabeul', 222),
(3639, 'Gouvernorat de Sousse', 222),
(3640, 'Hammamet Yasmine', 222),
(3641, 'Jundubah', 222),
(3642, 'Madaniyin', 222),
(3643, 'Manubah', 222),
(3644, 'Monastir', 222),
(3645, 'Nabul', 222),
(3646, 'Qabis', 222),
(3647, 'Qafsah', 222),
(3648, 'Qibili', 222),
(3649, 'Safaqis', 222),
(3650, 'Sfax', 222),
(3651, 'Sidi Bu Zayd', 222),
(3652, 'Silyanah', 222),
(3653, 'Susah', 222),
(3654, 'Tatawin', 222),
(3655, 'Tawzar', 222),
(3656, 'Tunis', 222),
(3657, 'Zaghwan', 222),
(3658, 'al-Kaf', 222),
(3659, 'al-Mahdiyah', 222),
(3660, 'al-Munastir', 222),
(3661, 'al-Qasrayn', 222),
(3662, 'al-Qayrawan', 222),
(3663, 'Adana', 223),
(3664, 'Adiyaman', 223),
(3665, 'Afyon', 223),
(3666, 'Agri', 223),
(3667, 'Aksaray', 223),
(3668, 'Amasya', 223),
(3669, 'Ankara', 223),
(3670, 'Antalya', 223),
(3671, 'Ardahan', 223),
(3672, 'Artvin', 223),
(3673, 'Aydin', 223),
(3674, 'Balikesir', 223),
(3675, 'Bartin', 223),
(3676, 'Batman', 223),
(3677, 'Bayburt', 223),
(3678, 'Bilecik', 223),
(3679, 'Bingol', 223),
(3680, 'Bitlis', 223),
(3681, 'Bolu', 223),
(3682, 'Burdur', 223),
(3683, 'Bursa', 223),
(3684, 'Canakkale', 223),
(3685, 'Cankiri', 223),
(3686, 'Corum', 223),
(3687, 'Denizli', 223),
(3688, 'Diyarbakir', 223),
(3689, 'Duzce', 223),
(3690, 'Edirne', 223),
(3691, 'Elazig', 223),
(3692, 'Erzincan', 223),
(3693, 'Erzurum', 223),
(3694, 'Eskisehir', 223),
(3695, 'Gaziantep', 223),
(3696, 'Giresun', 223),
(3697, 'Gumushane', 223),
(3698, 'Hakkari', 223),
(3699, 'Hatay', 223),
(3700, 'Icel', 223),
(3701, 'Igdir', 223),
(3702, 'Isparta', 223),
(3703, 'Istanbul', 223),
(3704, 'Izmir', 223),
(3705, 'Kahramanmaras', 223),
(3706, 'Karabuk', 223),
(3707, 'Karaman', 223),
(3708, 'Kars', 223),
(3709, 'Karsiyaka', 223),
(3710, 'Kastamonu', 223),
(3711, 'Kayseri', 223),
(3712, 'Kilis', 223),
(3713, 'Kirikkale', 223),
(3714, 'Kirklareli', 223),
(3715, 'Kirsehir', 223),
(3716, 'Kocaeli', 223),
(3717, 'Konya', 223),
(3718, 'Kutahya', 223),
(3719, 'Lefkosa', 223),
(3720, 'Malatya', 223),
(3721, 'Manisa', 223),
(3722, 'Mardin', 223),
(3723, 'Mugla', 223),
(3724, 'Mus', 223),
(3725, 'Nevsehir', 223),
(3726, 'Nigde', 223),
(3727, 'Ordu', 223),
(3728, 'Osmaniye', 223),
(3729, 'Rize', 223),
(3730, 'Sakarya', 223),
(3731, 'Samsun', 223),
(3732, 'Sanliurfa', 223),
(3733, 'Siirt', 223),
(3734, 'Sinop', 223),
(3735, 'Sirnak', 223),
(3736, 'Sivas', 223),
(3737, 'Tekirdag', 223),
(3738, 'Tokat', 223),
(3739, 'Trabzon', 223),
(3740, 'Tunceli', 223),
(3741, 'Usak', 223),
(3742, 'Van', 223),
(3743, 'Yalova', 223),
(3744, 'Yozgat', 223),
(3745, 'Zonguldak', 223),
(3746, 'Ahal', 224),
(3747, 'Asgabat', 224),
(3748, 'Balkan', 224),
(3749, 'Dasoguz', 224),
(3750, 'Lebap', 224),
(3751, 'Mari', 224),
(3752, 'Grand Turk', 225),
(3753, 'South Caicos and East Caicos', 225),
(3754, 'Funafuti', 226),
(3755, 'Nanumanga', 226),
(3756, 'Nanumea', 226),
(3757, 'Niutao', 226),
(3758, 'Nui', 226),
(3759, 'Nukufetau', 226),
(3760, 'Nukulaelae', 226),
(3761, 'Vaitupu', 226),
(3762, 'Central', 227),
(3763, 'Eastern', 227),
(3764, 'Northern', 227),
(3765, 'Western', 227),
(3766, 'Cherkas\'ka', 228),
(3767, 'Chernihivs\'ka', 228),
(3768, 'Chernivets\'ka', 228),
(3769, 'Crimea', 228),
(3770, 'Dnipropetrovska', 228),
(3771, 'Donets\'ka', 228),
(3772, 'Ivano-Frankivs\'ka', 228),
(3773, 'Kharkiv', 228),
(3774, 'Kharkov', 228),
(3775, 'Khersonska', 228),
(3776, 'Khmel\'nyts\'ka', 228),
(3777, 'Kirovohrad', 228),
(3778, 'Krym', 228),
(3779, 'Kyyiv', 228),
(3780, 'Kyyivs\'ka', 228),
(3781, 'L\'vivs\'ka', 228),
(3782, 'Luhans\'ka', 228),
(3783, 'Mykolayivs\'ka', 228),
(3784, 'Odes\'ka', 228),
(3785, 'Odessa', 228),
(3786, 'Poltavs\'ka', 228),
(3787, 'Rivnens\'ka', 228),
(3788, 'Sevastopol\'', 228),
(3789, 'Sums\'ka', 228),
(3790, 'Ternopil\'s\'ka', 228),
(3791, 'Volyns\'ka', 228),
(3792, 'Vynnyts\'ka', 228),
(3793, 'Zakarpats\'ka', 228),
(3794, 'Zaporizhia', 228),
(3795, 'Zhytomyrs\'ka', 228),
(3796, 'Abu Zabi', 229),
(3797, 'Ajman', 229),
(3798, 'Dubai', 229),
(3799, 'Ras al-Khaymah', 229),
(3800, 'Sharjah', 229),
(3801, 'Sharjha', 229),
(3802, 'Umm al Qaywayn', 229),
(3803, 'al-Fujayrah', 229),
(3804, 'ash-Shariqah', 229),
(3805, 'Aberdeen', 230),
(3806, 'Aberdeenshire', 230),
(3807, 'Argyll', 230),
(3808, 'Armagh', 230),
(3809, 'Bedfordshire', 230),
(3810, 'Belfast', 230),
(3811, 'Berkshire', 230),
(3812, 'Birmingham', 230),
(3813, 'Brechin', 230),
(3814, 'Bridgnorth', 230),
(3815, 'Bristol', 230),
(3816, 'Buckinghamshire', 230),
(3817, 'Cambridge', 230),
(3818, 'Cambridgeshire', 230),
(3819, 'Channel Islands', 230),
(3820, 'Cheshire', 230),
(3821, 'Cleveland', 230),
(3822, 'Co Fermanagh', 230),
(3823, 'Conwy', 230),
(3824, 'Cornwall', 230),
(3825, 'Coventry', 230),
(3826, 'Craven Arms', 230),
(3827, 'Cumbria', 230),
(3828, 'Denbighshire', 230),
(3829, 'Derby', 230),
(3830, 'Derbyshire', 230),
(3831, 'Devon', 230),
(3832, 'Dial Code Dungannon', 230),
(3833, 'Didcot', 230),
(3834, 'Dorset', 230),
(3835, 'Dunbartonshire', 230),
(3836, 'Durham', 230),
(3837, 'East Dunbartonshire', 230),
(3838, 'East Lothian', 230),
(3839, 'East Midlands', 230),
(3840, 'East Sussex', 230),
(3841, 'East Yorkshire', 230),
(3842, 'England', 230),
(3843, 'Essex', 230),
(3844, 'Fermanagh', 230),
(3845, 'Fife', 230),
(3846, 'Flintshire', 230),
(3847, 'Fulham', 230),
(3848, 'Gainsborough', 230),
(3849, 'Glocestershire', 230),
(3850, 'Gwent', 230),
(3851, 'Hampshire', 230),
(3852, 'Hants', 230),
(3853, 'Herefordshire', 230),
(3854, 'Hertfordshire', 230),
(3855, 'Ireland', 230),
(3856, 'Isle Of Man', 230),
(3857, 'Isle of Wight', 230),
(3858, 'Kenford', 230),
(3859, 'Kent', 230),
(3860, 'Kilmarnock', 230),
(3861, 'Lanarkshire', 230),
(3862, 'Lancashire', 230),
(3863, 'Leicestershire', 230),
(3864, 'Lincolnshire', 230),
(3865, 'Llanymynech', 230),
(3866, 'London', 230),
(3867, 'Ludlow', 230),
(3868, 'Manchester', 230),
(3869, 'Mayfair', 230),
(3870, 'Merseyside', 230),
(3871, 'Mid Glamorgan', 230),
(3872, 'Middlesex', 230),
(3873, 'Mildenhall', 230),
(3874, 'Monmouthshire', 230),
(3875, 'Newton Stewart', 230),
(3876, 'Norfolk', 230),
(3877, 'North Humberside', 230),
(3878, 'North Yorkshire', 230),
(3879, 'Northamptonshire', 230),
(3880, 'Northants', 230),
(3881, 'Northern Ireland', 230),
(3882, 'Northumberland', 230),
(3883, 'Nottinghamshire', 230),
(3884, 'Oxford', 230),
(3885, 'Powys', 230),
(3886, 'Roos-shire', 230),
(3887, 'SUSSEX', 230),
(3888, 'Sark', 230),
(3889, 'Scotland', 230),
(3890, 'Scottish Borders', 230),
(3891, 'Shropshire', 230),
(3892, 'Somerset', 230),
(3893, 'South Glamorgan', 230),
(3894, 'South Wales', 230),
(3895, 'South Yorkshire', 230),
(3896, 'Southwell', 230),
(3897, 'Staffordshire', 230),
(3898, 'Strabane', 230),
(3899, 'Suffolk', 230),
(3900, 'Surrey', 230),
(3901, 'Sussex', 230),
(3902, 'Twickenham', 230),
(3903, 'Tyne and Wear', 230),
(3904, 'Tyrone', 230),
(3905, 'Utah', 230),
(3906, 'Wales', 230),
(3907, 'Warwickshire', 230),
(3908, 'West Lothian', 230),
(3909, 'West Midlands', 230),
(3910, 'West Sussex', 230),
(3911, 'West Yorkshire', 230),
(3912, 'Whissendine', 230),
(3913, 'Wiltshire', 230),
(3914, 'Wokingham', 230),
(3915, 'Worcestershire', 230),
(3916, 'Wrexham', 230),
(3917, 'Wurttemberg', 230),
(3918, 'Yorkshire', 230),
(3919, 'Alabama', 231),
(3920, 'Alaska', 231),
(3921, 'Arizona', 231),
(3922, 'Arkansas', 231),
(3923, 'Byram', 231),
(3924, 'California', 231),
(3925, 'Cokato', 231),
(3926, 'Colorado', 231),
(3927, 'Connecticut', 231),
(3928, 'Delaware', 231),
(3929, 'District of Columbia', 231),
(3930, 'Florida', 231),
(3931, 'Georgia', 231),
(3932, 'Hawaii', 231),
(3933, 'Idaho', 231),
(3934, 'Illinois', 231),
(3935, 'Indiana', 231),
(3936, 'Iowa', 231),
(3937, 'Kansas', 231),
(3938, 'Kentucky', 231),
(3939, 'Louisiana', 231),
(3940, 'Lowa', 231),
(3941, 'Maine', 231),
(3942, 'Maryland', 231),
(3943, 'Massachusetts', 231),
(3944, 'Medfield', 231),
(3945, 'Michigan', 231),
(3946, 'Minnesota', 231),
(3947, 'Mississippi', 231),
(3948, 'Missouri', 231),
(3949, 'Montana', 231),
(3950, 'Nebraska', 231),
(3951, 'Nevada', 231),
(3952, 'New Hampshire', 231),
(3953, 'New Jersey', 231),
(3954, 'New Jersy', 231),
(3955, 'New Mexico', 231),
(3956, 'New York', 231),
(3957, 'North Carolina', 231),
(3958, 'North Dakota', 231),
(3959, 'Ohio', 231),
(3960, 'Oklahoma', 231),
(3961, 'Ontario', 231),
(3962, 'Oregon', 231),
(3963, 'Pennsylvania', 231),
(3964, 'Ramey', 231),
(3965, 'Rhode Island', 231),
(3966, 'South Carolina', 231),
(3967, 'South Dakota', 231),
(3968, 'Sublimity', 231),
(3969, 'Tennessee', 231),
(3970, 'Texas', 231),
(3971, 'Trimble', 231),
(3972, 'Utah', 231),
(3973, 'Vermont', 231),
(3974, 'Virginia', 231),
(3975, 'Washington', 231),
(3976, 'West Virginia', 231),
(3977, 'Wisconsin', 231),
(3978, 'Wyoming', 231),
(3979, 'United States Minor Outlying I', 232),
(3980, 'Artigas', 233),
(3981, 'Canelones', 233),
(3982, 'Cerro Largo', 233),
(3983, 'Colonia', 233),
(3984, 'Durazno', 233),
(3985, 'FLorida', 233),
(3986, 'Flores', 233),
(3987, 'Lavalleja', 233),
(3988, 'Maldonado', 233),
(3989, 'Montevideo', 233),
(3990, 'Paysandu', 233),
(3991, 'Rio Negro', 233),
(3992, 'Rivera', 233),
(3993, 'Rocha', 233),
(3994, 'Salto', 233),
(3995, 'San Jose', 233),
(3996, 'Soriano', 233),
(3997, 'Tacuarembo', 233),
(3998, 'Treinta y Tres', 233),
(3999, 'Andijon', 234),
(4000, 'Buhoro', 234),
(4001, 'Buxoro Viloyati', 234),
(4002, 'Cizah', 234),
(4003, 'Fargona', 234),
(4004, 'Horazm', 234),
(4005, 'Kaskadar', 234),
(4006, 'Korakalpogiston', 234),
(4007, 'Namangan', 234),
(4008, 'Navoi', 234),
(4009, 'Samarkand', 234),
(4010, 'Sirdare', 234),
(4011, 'Surhondar', 234),
(4012, 'Toskent', 234),
(4013, 'Malampa', 235),
(4014, 'Penama', 235),
(4015, 'Sanma', 235),
(4016, 'Shefa', 235),
(4017, 'Tafea', 235),
(4018, 'Torba', 235),
(4019, 'Vatican City State (Holy See)', 236),
(4020, 'Amazonas', 237),
(4021, 'Anzoategui', 237),
(4022, 'Apure', 237),
(4023, 'Aragua', 237),
(4024, 'Barinas', 237),
(4025, 'Bolivar', 237),
(4026, 'Carabobo', 237),
(4027, 'Cojedes', 237),
(4028, 'Delta Amacuro', 237),
(4029, 'Distrito Federal', 237),
(4030, 'Falcon', 237),
(4031, 'Guarico', 237),
(4032, 'Lara', 237),
(4033, 'Merida', 237),
(4034, 'Miranda', 237),
(4035, 'Monagas', 237),
(4036, 'Nueva Esparta', 237),
(4037, 'Portuguesa', 237),
(4038, 'Sucre', 237),
(4039, 'Tachira', 237),
(4040, 'Trujillo', 237),
(4041, 'Vargas', 237),
(4042, 'Yaracuy', 237),
(4043, 'Zulia', 237),
(4044, 'Bac Giang', 238),
(4045, 'Binh Dinh', 238),
(4046, 'Binh Duong', 238),
(4047, 'Da Nang', 238),
(4048, 'Dong Bang Song Cuu Long', 238),
(4049, 'Dong Bang Song Hong', 238),
(4050, 'Dong Nai', 238),
(4051, 'Dong Nam Bo', 238),
(4052, 'Duyen Hai Mien Trung', 238),
(4053, 'Hanoi', 238),
(4054, 'Hung Yen', 238),
(4055, 'Khu Bon Cu', 238),
(4056, 'Long An', 238),
(4057, 'Mien Nui Va Trung Du', 238),
(4058, 'Thai Nguyen', 238),
(4059, 'Thanh Pho Ho Chi Minh', 238),
(4060, 'Thu Do Ha Noi', 238),
(4061, 'Tinh Can Tho', 238),
(4062, 'Tinh Da Nang', 238),
(4063, 'Tinh Gia Lai', 238),
(4064, 'Anegada', 239),
(4065, 'Jost van Dyke', 239),
(4066, 'Tortola', 239),
(4067, 'Saint Croix', 240),
(4068, 'Saint John', 240),
(4069, 'Saint Thomas', 240),
(4070, 'Alo', 241),
(4071, 'Singave', 241),
(4072, 'Wallis', 241),
(4073, 'Bu Jaydur', 242),
(4074, 'Wad-adh-Dhahab', 242),
(4075, 'al-\'Ayun', 242),
(4076, 'as-Samarah', 242),
(4077, '\'Adan', 243),
(4078, 'Abyan', 243),
(4079, 'Dhamar', 243),
(4080, 'Hadramaut', 243),
(4081, 'Hajjah', 243),
(4082, 'Hudaydah', 243),
(4083, 'Ibb', 243),
(4084, 'Lahij', 243),
(4085, 'Ma\'rib', 243),
(4086, 'Madinat San\'a', 243),
(4087, 'Sa\'dah', 243),
(4088, 'Sana', 243),
(4089, 'Shabwah', 243),
(4090, 'Ta\'izz', 243),
(4091, 'al-Bayda', 243),
(4092, 'al-Hudaydah', 243),
(4093, 'al-Jawf', 243),
(4094, 'al-Mahrah', 243),
(4095, 'al-Mahwit', 243),
(4096, 'Central Serbia', 244),
(4097, 'Kosovo and Metohija', 244),
(4098, 'Montenegro', 244),
(4099, 'Republic of Serbia', 244),
(4100, 'Serbia', 244),
(4101, 'Vojvodina', 244),
(4102, 'Central', 245),
(4103, 'Copperbelt', 245),
(4104, 'Eastern', 245),
(4105, 'Luapala', 245),
(4106, 'Lusaka', 245),
(4107, 'North-Western', 245),
(4108, 'Northern', 245),
(4109, 'Southern', 245),
(4110, 'Western', 245),
(4111, 'Bulawayo', 246),
(4112, 'Harare', 246),
(4113, 'Manicaland', 246),
(4114, 'Mashonaland Central', 246),
(4115, 'Mashonaland East', 246),
(4116, 'Mashonaland West', 246),
(4117, 'Masvingo', 246),
(4118, 'Matabeleland North', 246),
(4119, 'Matabeleland South', 246),
(4120, 'Midlands', 246),
(4121, 'Lienchiang County', 214);

-- --------------------------------------------------------

--
-- Table structure for table `tbl_announcement_page`
--

CREATE TABLE `tbl_announcement_page` (
  `id` int NOT NULL,
  `heading` varchar(2000) COLLATE utf8mb4_general_ci NOT NULL,
  `description` mediumtext COLLATE utf8mb4_general_ci NOT NULL,
  `logo` varchar(2000) COLLATE utf8mb4_general_ci NOT NULL,
  `enabled` enum('0','1') COLLATE utf8mb4_general_ci NOT NULL,
  `created_on` timestamp NOT NULL DEFAULT CURRENT_TIMESTAMP ON UPDATE CURRENT_TIMESTAMP
) ENGINE=InnoDB DEFAULT CHARSET=utf8mb4 COLLATE=utf8mb4_general_ci;

--
-- Dumping data for table `tbl_announcement_page`
--

INSERT INTO `tbl_announcement_page` (`id`, `heading`, `description`, `logo`, `enabled`, `created_on`) VALUES
(1, 'test', 'description', '1.png', '1', '2023-08-07 12:24:27'),
(2, 'test', 'description', '1.png', '1', '2023-08-07 12:24:27'),
(3, 'test', 'description', '3.png', '1', '2023-08-07 12:24:27'),
(4, 'test', 'description', '4.png', '1', '2023-08-07 12:24:27'),
(5, 'Test', 'description', '4.png', '1', '2023-08-07 12:24:27'),
(6, 'Test', 'description', '4.png', '1', '2023-08-07 12:24:27'),
(7, 'Test', 'description', '4.png', '1', '2023-08-07 12:24:27'),
(8, 'New Car Arrivals ', 'New Car models arrived in our office', '8.jpg', '1', '2023-08-07 12:24:27'),
(9, 'Components', 'The pioneer and the largest manufacturer of cold and warm forged Steel and Aluminum parts in India, SUPER AUTO FORGE PRIVATE LIMITED was started in 1975', '9.jpg', '1', '2023-08-07 12:24:27'),
(10, 'Components1', 'The pioneer and the largest manufacturer of cold and warm forged Steel and Aluminum parts in India, SUPER AUTO FORGE PRIVATE LIMITED was started in 1975', '9.jpg', '1', '2023-08-07 12:24:27'),
(11, 'Components1', 'The pioneer and the largest manufacturer of cold and warm forged Steel and Aluminum parts in India, SUPER AUTO FORGE PRIVATE LIMITED was started in 1975', '9.jpg', '1', '2023-08-07 12:24:27'),
(12, 'Components1', 'The pioneer and the largest manufacturer of cold and warm forged Steel and Aluminum parts in India, SUPER AUTO FORGE PRIVATE LIMITED was started in 1975', '12.png', '1', '2023-08-07 12:24:27'),
(13, 'Components1', 'The pioneer and the largest manufacturer of cold and warm forged Steel and Aluminum parts in India, SUPER AUTO FORGE PRIVATE LIMITED was started in 1975', '12.png', '1', '2023-08-07 12:24:27'),
(14, 'Components1', 'The pioneer and the largest manufacturer of cold and warm forged Steel and Aluminum parts in India, SUPER AUTO FORGE PRIVATE LIMITED was started in 1975', '14.png', '1', '2023-08-07 12:24:27'),
(15, 'Components1', 'The pioneer and the largest manufacturer of cold and warm forged Steel and Aluminum parts in India, SUPER AUTO FORGE PRIVATE LIMITED was started in 1975', '15.png', '1', '2023-08-07 12:24:27');

-- --------------------------------------------------------

--
-- Table structure for table `tbl_assessment`
--

CREATE TABLE `tbl_assessment` (
  `id` int NOT NULL,
  `name` varchar(2000) COLLATE utf8mb4_general_ci NOT NULL,
  `description` mediumtext COLLATE utf8mb4_general_ci NOT NULL,
  `no_questions` int NOT NULL,
  `no_attempts` int NOT NULL,
  `order_type` enum('0','1') COLLATE utf8mb4_general_ci NOT NULL,
  `pass_percentage` varchar(20) COLLATE utf8mb4_general_ci NOT NULL,
  `total_marks` varchar(20) COLLATE utf8mb4_general_ci NOT NULL,
  `isdeleted` enum('0','1') COLLATE utf8mb4_general_ci NOT NULL,
  `status` enum('Active','Inactive') COLLATE utf8mb4_general_ci NOT NULL,
  `created_on` timestamp NOT NULL DEFAULT CURRENT_TIMESTAMP ON UPDATE CURRENT_TIMESTAMP,
  `userId` int NOT NULL
) ENGINE=InnoDB DEFAULT CHARSET=utf8mb4 COLLATE=utf8mb4_general_ci;

--
-- Dumping data for table `tbl_assessment`
--

INSERT INTO `tbl_assessment` (`id`, `name`, `description`, `no_questions`, `no_attempts`, `order_type`, `pass_percentage`, `total_marks`, `isdeleted`, `status`, `created_on`, `userId`) VALUES
(1, 'User Acceptence Test', '<p class=\"MsoNormal\" style=\"text-align:justify\"><span style=\"mso-bidi-font-family:Calibri;mso-bidi-theme-font:minor-latin;color:#202124\">User acceptance testing(UAT), also called application testing or end-user testing, is </span><span style=\"text-align: start;\">a phase of software development in which the software istested in the real world by its intended audience</span><span style=\"text-align: start;\">.</span><o:p></o:p></p>', 5, 8, '1', '50', '50', '0', 'Inactive', '2023-08-03 05:19:19', 2),
(3, 'AWS', 'Amazon Web Services (AWS) is the world\'s most comprehensive and broadly adopted cloud platform, offering over 200 fully featured services from data centers globally.', 4, 8, '0', '50', '', '1', 'Active', '2023-06-22 12:08:23', 1),
(4, 'PHP', 'PHP is a server scripting language, and a powerful tool for making dynamic and interactive Web pages.', 3, 3, '1', '60', '100', '1', 'Active', '2023-08-03 13:00:21', 1),
(5, 'Azure', '<p>Azure Cloud Services is an example of a platform as a service (PaaS). Like Azure App Service, this technology is designed to support applications that are scalable, reliable, and inexpensive to operate. In the same way that App Service is hosted on virtual machines (VMs), so too is Azure Cloud Services.</p>', 4, 4, '0', '50', '', '1', 'Active', '2023-06-22 12:08:31', 1),
(6, 'Accounts', 'Financial Management means planning, organizing, directing and controlling the financial activities such as procurement and utilization of funds of the enterprise. It means applying general management principles to financial resources of the enterprise.', 2, 2, '0', '50', '', '0', 'Active', '2022-12-13 12:56:27', 1),
(7, 'Bussiness Growth', 'Business growth is a point a business reaches where it expands and requires more avenues to generate a profit. This can happen when a company increases revenue, produces more products or services, or expands its customer base. For the majority of businesses, growth is the main objective.', 3, 5, '0', '50', '', '0', 'Active', '2022-12-13 13:00:25', 1),
(8, 'IT Recruitement', 'A recruiter is someone whose job involves signing people up as members or hiring them for jobs. Sometimes company recruiters visit college campuses to talk to interested students.', 2, 3, '0', '50', '', '1', 'Active', '2023-06-14 07:51:47', 1),
(9, 'Design', '<p style=\"margin: 0 0 0 40px; border: none; padding: 0px;\">Web app design is the process of creating a website application that delivers a seamless user experience (UX) and meets users\' core needs with a clear, compelling user interface (UI).</p>', 3, 3, '0', '50', '', '0', 'Active', '2023-01-10 12:31:53', 1),
(10, 'PHP', 'PHP basics', 4, 4, '0', '50', '', '0', 'Active', '2022-12-19 10:49:28', 8),
(11, 'sales', 'Sales force', 2, 2, '1', '40', '', '1', 'Active', '2023-05-16 07:07:11', 8),
(12, 'marketing', 'Marketing', 2, 3, '1', '50', '', '0', 'Active', '2022-12-23 09:45:27', 8),
(13, 'SEO', 'Seo', 2, 3, '0', '50', '', '0', 'Active', '2023-01-05 12:09:48', 8),
(14, 'web', 'description', 2, 1, '0', '50', '', '0', 'Active', '2023-01-30 09:38:26', 8),
(15, 'fgfdg', 'kjhkjh', 2, 2147483647, '0', '367676565', '', '1', 'Active', '2023-07-04 10:45:08', 8),
(16, 'Puppter', 'Puppter is devops tool', 2, 10, '0', '45', '', '0', 'Active', '2023-02-28 05:28:52', 8),
(17, 'test', 'test', 2, 5, '0', '50', '', '0', 'Active', '2023-03-02 05:22:45', 8),
(18, 'matrket', 'dfsdf', 3, 30, '0', '50', '', '1', 'Active', '2023-06-14 07:51:33', 8),
(19, 'matrket', 'dfsdf', 2, 30, '0', '50', '', '0', 'Active', '2023-03-09 10:46:52', 8),
(20, 'matrket', 'dfsdf', 1, 30, '0', '50', '', '0', 'Active', '2023-03-09 10:47:20', 8),
(21, 'Market', 'sdef', 2, 2, '0', '30', '', '0', 'Active', '2023-03-15 07:03:03', 8),
(22, 'market', 'hgfhgjhgk', 3, 4, '0', '60', '', '0', 'Active', '2023-03-21 07:20:26', 8),
(23, 'erferfe', 'wefr3', 1, 4, '0', '40', '', '0', 'Active', '2023-03-22 10:02:38', 8),
(24, 'test', 'test', 12, 3, '0', '40', '', '0', 'Active', '2023-03-24 05:54:18', 8),
(25, 'Test', 'test', 5, 3, '0', '50', '', '0', 'Active', '2023-04-24 06:03:44', 8),
(26, 'Sriram Assessment', 'Test', 6, 3, '0', '90', '', '0', 'Active', '2023-04-26 10:24:51', 8),
(27, 'card', 'development', 1, 1, '0', '4', '', '0', 'Active', '2023-05-16 07:11:52', 8),
(28, 'Automation Test', 'Automation', 2, 30, '0', '50', '', '0', 'Active', '2023-05-26 09:49:44', 8),
(29, 'Design ', 'Adobe Concepts', 2, 30, '0', '50', '', '0', 'Active', '2023-05-30 05:50:08', 8),
(30, 'Design ', 'color theory', 2, 30, '0', '50', '', '0', 'Active', '2023-05-31 12:11:49', 8),
(31, 'TT', 'ddddd', 2, 4, '0', '50', '', '0', 'Active', '2023-06-20 05:36:11', 8),
(32, 'AWS', 'AWS', 10, 1, '0', '100', '', '0', 'Active', '2023-06-22 09:32:21', 8),
(33, 'AWS', 'aws', 10, 1, '0', '100', '', '0', 'Active', '2023-06-22 10:40:45', 8),
(34, 'AWS', 'aws', 1, 1, '0', '100', '', '0', 'Active', '2023-06-22 10:41:30', 8),
(35, 'kee', 'w', 1, 5, '0', '2', '', '0', 'Active', '2023-06-22 10:43:14', 8),
(36, 'Test', 'Test', 2, 2, '0', '50', '', '0', 'Active', '2023-06-22 11:59:35', 8),
(37, 'Tag1', 'Test', 1, 1, '0', '30', '', '0', 'Active', '2023-06-26 09:24:29', 8),
(38, 'Q1', 'test 1', 2, 1, '0', '50', '', '1', 'Active', '2023-06-27 03:54:56', 8),
(39, 'test', 'Test Description', 2, 2, '0', '50', '', '0', 'Active', '2023-06-28 08:01:26', 8),
(40, 'Product Assessment', 'Product description', 2, 2, '0', '50', '', '0', 'Active', '2023-06-28 08:02:20', 8),
(41, 'Product Assessment', 'Product description', 3, 2, '0', '50', '', '0', 'Active', '2023-06-28 08:04:29', 8),
(42, 'User enrollment ', 'User screen ', 1, 4, '0', '50', '', '0', 'Active', '2023-06-29 08:05:59', 8),
(43, 'Product Assessment', 'Product Assessment Description', 4, 2, '0', '5', '', '0', 'Active', '2023-06-30 05:25:11', 8),
(44, 'AA1', 'AWS', 2, 4, '0', '50', '', '1', 'Active', '2023-07-04 10:45:15', 8),
(45, 'MS Powerpoint', '<span style=\"--tw-border-spacing-x: 0; --tw-border-spacing-y: 0; --tw-translate-x: 0; --tw-translate-y: 0; --tw-rotate: 0; --tw-skew-x: 0; --tw-skew-y: 0; --tw-scale-x: 1; --tw-scale-y: 1; --tw-pan-x: ; --tw-pan-y: ; --tw-pinch-zoom: ; --tw-scroll-snap-strictness: proximity; --tw-gradient-from-position: ; --tw-gradient-via-position: ; --tw-gradient-to-position: ; --tw-ordinal: ; --tw-slashed-zero: ; --tw-numeric-figure: ; --tw-numeric-spacing: ; --tw-numeric-fraction: ; --tw-ring-inset: ; --tw-ring-offset-width: 0px; --tw-ring-offset-color: #fff; --tw-ring-color: rgb(59 130 246 / 0.5); --tw-ring-offset-shadow: 0 0 #0000; --tw-ring-shadow: 0 0 #0000; --tw-shadow: 0 0 #0000; --tw-shadow-colored: 0 0 #0000; --tw-blur: ; --tw-brightness: ; --tw-contrast: ; --tw-grayscale: ; --tw-hue-rotate: ; --tw-invert: ; --tw-saturate: ; --tw-sepia: ; --tw-drop-shadow: ; --tw-backdrop-blur: ; --tw-backdrop-brightness: ; --tw-backdrop-contrast: ; --tw-backdrop-grayscale: ; --tw-backdrop-hue-rotate: ; --tw-backdrop-invert: ; --tw-backdrop-opacity: ; --tw-backdrop-saturate: ; --tw-backdrop-sepia: ; color: rgb(77, 81, 86); font-family: &quot;Google Sans&quot;, arial, sans-serif; font-size: 16px;\">Microsoft PowerPoint is&nbsp;</span><span style=\"--tw-border-spacing-x: 0; --tw-border-spacing-y: 0; --tw-translate-x: 0; --tw-translate-y: 0; --tw-rotate: 0; --tw-skew-x: 0; --tw-skew-y: 0; --tw-scale-x: 1; --tw-scale-y: 1; --tw-pan-x: ; --tw-pan-y: ; --tw-pinch-zoom: ; --tw-scroll-snap-strictness: proximity; --tw-gradient-from-position: ; --tw-gradient-via-position: ; --tw-gradient-to-position: ; --tw-ordinal: ; --tw-slashed-zero: ; --tw-numeric-figure: ; --tw-numeric-spacing: ; --tw-numeric-fraction: ; --tw-ring-inset: ; --tw-ring-offset-width: 0px; --tw-ring-offset-color: #fff; --tw-ring-color: rgb(59 130 246 / 0.5); --tw-ring-offset-shadow: 0 0 #0000; --tw-ring-shadow: 0 0 #0000; --tw-shadow: 0 0 #0000; --tw-shadow-colored: 0 0 #0000; --tw-blur: ; --tw-brightness: ; --tw-contrast: ; --tw-grayscale: ; --tw-hue-rotate: ; --tw-invert: ; --tw-saturate: ; --tw-sepia: ; --tw-drop-shadow: ; --tw-backdrop-blur: ; --tw-backdrop-brightness: ; --tw-backdrop-contrast: ; --tw-backdrop-grayscale: ; --tw-backdrop-hue-rotate: ; --tw-backdrop-invert: ; --tw-backdrop-opacity: ; --tw-backdrop-saturate: ; --tw-backdrop-sepia: ; color: rgb(4, 12, 40); font-family: &quot;Google Sans&quot;, arial, sans-serif; font-size: 16px; background-color: rgba(80, 151, 255, 0.18);\">a powerful slide show presentation program</span><span style=\"--tw-border-spacing-x: 0; --tw-border-spacing-y: 0; --tw-translate-x: 0; --tw-translate-y: 0; --tw-rotate: 0; --tw-skew-x: 0; --tw-skew-y: 0; --tw-scale-x: 1; --tw-scale-y: 1; --tw-pan-x: ; --tw-pan-y: ; --tw-pinch-zoom: ; --tw-scroll-snap-strictness: proximity; --tw-gradient-from-position: ; --tw-gradient-via-position: ; --tw-gradient-to-position: ; --tw-ordinal: ; --tw-slashed-zero: ; --tw-numeric-figure: ; --tw-numeric-spacing: ; --tw-numeric-fraction: ; --tw-ring-inset: ; --tw-ring-offset-width: 0px; --tw-ring-offset-color: #fff; --tw-ring-color: rgb(59 130 246 / 0.5); --tw-ring-offset-shadow: 0 0 #0000; --tw-ring-shadow: 0 0 #0000; --tw-shadow: 0 0 #0000; --tw-shadow-colored: 0 0 #0000; --tw-blur: ; --tw-brightness: ; --tw-contrast: ; --tw-grayscale: ; --tw-hue-rotate: ; --tw-invert: ; --tw-saturate: ; --tw-sepia: ; --tw-drop-shadow: ; --tw-backdrop-blur: ; --tw-backdrop-brightness: ; --tw-backdrop-contrast: ; --tw-backdrop-grayscale: ; --tw-backdrop-hue-rotate: ; --tw-backdrop-invert: ; --tw-backdrop-opacity: ; --tw-backdrop-saturate: ; --tw-backdrop-sepia: ; color: rgb(77, 81, 86); font-family: &quot;Google Sans&quot;, arial, sans-serif; font-size: 16px;\">. It is a standard component of the company\'s Microsoft Office suite software, and is bundled together with Word, Excel, and other office productivity tools. The program uses slides to convey information rich in multimedia.</span>', 5, 3, '0', '50', '', '0', 'Active', '2023-07-10 05:56:52', 8),
(46, 'test', 'test', 3, 4, '0', '50', '90', '0', 'Active', '2023-07-28 05:32:17', 8),
(47, 'Test', 'ABCD', 2, 5, '0', '50', '100', '0', 'Active', '2023-07-28 12:44:28', 8),
(48, 'Market ', '1234456', 2, 2, '0', '50', '30', '0', 'Active', '2023-07-31 10:04:38', 8),
(49, 'Laravel', 'PHP Basics', 2, 5, '0', '50', '100', '0', 'Active', '2023-08-04 05:33:39', 8),
(50, 'HR', 'gcffg', 2, 4, '1', '50', '100', '0', 'Active', '2023-08-03 10:23:07', 8),
(51, 'HTML', 'HTML Basics', 5, 6, '0', '50', '100', '0', 'Active', '2023-08-04 06:40:35', 8),
(52, 'html', '<span style=\"color: rgb(77, 81, 86); font-family: arial, sans-serif;\">The HyperText Markup Language or HTML is the standard markup language for documents</span>', 5, 3, '0', '50', '100', '0', 'Active', '2023-08-07 05:50:37', 8);

-- --------------------------------------------------------

--
-- Table structure for table `tbl_assessment_points`
--

CREATE TABLE `tbl_assessment_points` (
  `id` int NOT NULL,
  `userId` varchar(20) COLLATE utf8mb4_general_ci NOT NULL,
  `assessment_id` varchar(20) COLLATE utf8mb4_general_ci NOT NULL,
  `points` varchar(20) COLLATE utf8mb4_general_ci NOT NULL,
  `created_on` timestamp NOT NULL DEFAULT CURRENT_TIMESTAMP
) ENGINE=InnoDB DEFAULT CHARSET=utf8mb4 COLLATE=utf8mb4_general_ci;

--
-- Dumping data for table `tbl_assessment_points`
--

INSERT INTO `tbl_assessment_points` (`id`, `userId`, `assessment_id`, `points`, `created_on`) VALUES
(1, '10', '28', '10', '2023-05-25 10:33:26'),
(2, '10', '8', '10', '2023-05-26 09:46:32'),
(3, '10', '28', '10', '2023-05-26 09:50:11'),
(4, '10', '28', '10', '2023-05-26 09:52:54'),
(5, '11', '16', '10', '2023-05-30 10:27:56'),
(6, '4', '3', '10', '2023-05-31 13:23:55'),
(7, '8', '6', '10', '2023-06-01 06:56:33'),
(8, '10', '5', '10', '2023-06-01 06:58:03'),
(9, '7', '13', '10', '2023-07-24 08:27:10');

-- --------------------------------------------------------

--
-- Table structure for table `tbl_assessment_questions`
--

CREATE TABLE `tbl_assessment_questions` (
  `id` int NOT NULL,
  `assessment_id` int NOT NULL,
  `question_type` varchar(2000) COLLATE utf8mb4_general_ci NOT NULL,
  `question` varchar(2000) COLLATE utf8mb4_general_ci NOT NULL,
  `answer` varchar(2000) COLLATE utf8mb4_general_ci NOT NULL,
  `description` varchar(2000) COLLATE utf8mb4_general_ci DEFAULT NULL,
  `option1` varchar(2000) COLLATE utf8mb4_general_ci DEFAULT NULL,
  `option2` varchar(2000) COLLATE utf8mb4_general_ci DEFAULT NULL,
  `option3` varchar(2000) COLLATE utf8mb4_general_ci DEFAULT NULL,
  `option4` varchar(2000) COLLATE utf8mb4_general_ci DEFAULT NULL,
  `score` varchar(100) COLLATE utf8mb4_general_ci NOT NULL,
  `created_on` timestamp NOT NULL DEFAULT CURRENT_TIMESTAMP ON UPDATE CURRENT_TIMESTAMP
) ENGINE=InnoDB DEFAULT CHARSET=utf8mb4 COLLATE=utf8mb4_general_ci;

--
-- Dumping data for table `tbl_assessment_questions`
--

INSERT INTO `tbl_assessment_questions` (`id`, `assessment_id`, `question_type`, `question`, `answer`, `description`, `option1`, `option2`, `option3`, `option4`, `score`, `created_on`) VALUES
(1, 1, '0', 'Who is responsible for acceptance testing?', 'Customer', '<span style=\"padding: 0px; margin: 0px; color: rgb(0, 0, 0); font-family: Helvetica, \"Open Sans\", Arial, sans-serif, Verdana; font-size: 15px;\"><b style=\"padding: 0px; margin: 0px; color: rgb(0, 0, 0); font-family: Helvetica, \"Open Sans\", Arial, sans-serif, Verdana; font-size: 15px;\">Customer is responsible for acceptance testing.</b></span><br>', 'Software tester', ' Designer', 'Customer', 'Developer', '', '2022-12-13 12:25:48'),
(2, 1, '0', 'When acceptance test cases are prepared in v model?', 'When user requirements are gathered', '<span style=\"color: rgb(0, 0, 0); font-family: Helvetica, \"Open Sans\", Arial, sans-serif, Verdana; font-size: 15px;\">When user requirements are gathered, URS(User requirement specification) document is prepared based on which acceptance test cases are prepared.</span><br style=\"padding: 0px; margin: 0px; color: rgb(0, 0, 0); font-family: Helvetica, \"Open Sans\", Arial, sans-serif, Verdana; font-size: 15px; font-weight: 700;\">', 'After system testing is done', 'As soon as testing begins', 'When user asks', 'When user requirements are gathered', '', '2022-12-12 11:44:16'),
(3, 1, '1', 'Finding defect is not a major goal of acceptance testing.', 'True', '<span style=\"padding: 0px; margin: 0px; color: rgb(0, 0, 0); font-family: Helvetica, \"Open Sans\", Arial, sans-serif, Verdana; font-size: 15px;\">A major goal is acceptance testing is to test if system is acceptable to user or not.</span>', ' True', 'False', '', '', '', '2022-12-12 11:52:26'),
(4, 1, '2', 'Which of the following are types of acceptance system', 'Alpha testing,Beta testing', '<span style=\"color: rgb(32, 33, 36); font-family: arial, sans-serif; font-size: 16px;\">Alpha tests are internal and aim to spot any glaring defects, while beta testing is an external pilot-test of a product before it goes into commercial production.</span><br>', 'Alpha testing', 'Beta testing', ' Both a and b', 'Contract acceptance testing', '', '2022-12-12 11:44:16'),
(5, 1, '2', 'Which of the following is/are not a characteristic/s of alpha testing?', 'System is installed at user organization and user tests the system,Alpha testing is also called as site acceptance testing', '<span style=\"padding: 0px; margin: 0px; color: rgb(0, 0, 0); font-family: Helvetica, \"Open Sans\", Arial, sans-serif, Verdana; font-size: 15px;\">In alpha testing, Simulated environment is created at developers site and user tests the system. Alpha testing is also called as factory acceptance testing while remaining are characteristics of beta testing</span><p><br></p>', 'Simulated environment is created at developers site and user tests the system', 'System is installed at user organization and user tests the system', 'Alpha testing is also called as factory acceptance testing', 'Alpha testing is also called as site acceptance testing', '', '2022-12-12 11:44:16'),
(6, 3, '0', 'How many buckets can you create in AWS by default?', '100 buckets', '100 buckets can you create in AWS by default.<br>', '100 buckets', '200 buckets', '110buckets', '125 buckets', '', '2022-12-13 12:35:28'),
(7, 3, '0', 'What are the different types of instances?', 'General purpose', 'General purpose is the Key<br>', 'General purpose', 'Computer Optimized', 'Storage Optimized', 'All of the above', '', '2022-12-13 12:35:28'),
(8, 3, '0', 'What are the advantages of auto-scaling?', 'Better cost management', 'Cost wise is Good', 'Better cost management', 'Offers fault tolerance', 'Better cost management', 'All of the above', '', '2022-12-13 12:35:28'),
(9, 4, '2', 'A function in PHP which starts with(double underscore) is known as?', 'Magic Function', 'PHP functions that start with a double underscore – a “__” – are called magic functions. They are functions that are always defined inside classes, and are not stand-alone functions.<br>', 'Magic Function', 'Default Function', 'User Defined Function', 'Inbuilt Function', '', '2022-12-13 12:44:48'),
(10, 4, '0', 'How many functions does PHP offer for searching and modifying strings using Perl-compatible regular expressions.', '8', 'The functions are preg_filter(), preg_grep(), preg_match(), preg_match_all(), preg_quote(), preg_replace(), preg_replace_callback(), and preg_split().<br>', '10', '7', '8', '9', '', '2022-12-13 12:44:48'),
(11, 4, '0', 'Which of the following web servers are required to run the PHP script?', 'IIS', '<p>To run PHP code you need to have PHP and a web server, both IIS, XAMPP and Apache are web servers. You can choose either one according to your platform.<br></p>', 'Apache and PHP', 'IIS', 'XAMPP', 'Any of the mentioned', '', '2022-12-13 12:44:48'),
(12, 5, '0', 'Which Azure service should you use to store certificates?', 'Azure Key Vault', '<p><p>Azure Key Vault is main</p></p><p><br></p><p><br></p>', 'Azure Key Vault', 'Azure Information Protection', 'an Azure Storage account', 'Azure Security Center', '', '2022-12-13 12:52:56'),
(13, 5, '0', 'You have a virtual machine named VM1 that runs Windows Server 2016. VM1 is in the East US Azure region. Which Azure service should you use from the Azure portal to view service failure notifications that can affect the availability of VM1?', 'Azure virtual machines', '<p>Azure virtual machines is the Name.<br></p><p><br></p>', 'Azure Service Fabric', 'Azure Monitor', 'Azure virtual machines', 'Azure Advisor', '', '2022-12-13 12:52:56'),
(14, 5, '0', 'Which Azure storage solution provides native support for POSIX-compliant access control lists (ACLs)?', 'Azure Data Lake Storage', '<p><br></p><p>Azure Data Lake Storage is solution Provided.</p><p><br></p>', 'Azure table storage', 'Azure Files', 'Azure Queue storage', 'Azure Data Lake Storage', '', '2022-12-13 12:52:56'),
(15, 5, '0', 'What is a benefit of hosting a database on Azure SQL managed instance as compared to an Azure SQL database?', 'Native support for cross-database queries and transactions', '<p><br></p><p>Native support for cross-database queries and transactions.</p><p><br></p><p><br></p>', 'Built-in high availability', 'Native support for cross-database queries and transactions', 'System-initiated automatic backups', 'Support for encryption at rest', '', '2022-12-13 12:52:56'),
(16, 6, '0', 'Investment can be defined as', 'Use of capital on assets to receive returns', 'Use of capital on assets to receive returns defined as this.<br>', 'Person’s dedication to purchasing a house or flat', 'Use of capital on assets to receive returns', 'Usage of money on a production process of products and services', 'Net additions made to the nation’s capital stocks', '', '2022-12-13 12:58:50'),
(17, 6, '0', 'The concept of Financial management is', 'All features of obtaining and using financial resources for company operations', 'All features of obtaining and using financial resources for company operations<br>', 'Profit maximization', 'All features of obtaining and using financial resources for company operations', 'Organization of funds', 'Effective Management of every company', '', '2022-12-13 12:58:50'),
(18, 7, '0', 'The meaning of disguised unemployment is _________.', 'Zero marginal productivity of labour', '<p>Zero marginal productivity of labour<br></p><p><br></p>', 'Zero marginal productivity of labour', 'Zero total productivity of labour', 'Zero average productivity of labour', 'None of the above', '', '2022-12-13 13:04:58'),
(19, 7, '0', 'The term economic growth is explained by ___________.', 'Increase in the per capita income', '<p>To Increase in the per capita income.<br></p>', 'Increase in the per capita income', 'Increase in the per capita production', 'All of the above', 'Structural changes in the economy', '', '2022-12-13 13:04:58'),
(20, 7, '0', 'Which of the following scenarios explain economic development?', 'Improvement in the distribution system', '<p>Improvement in the distribution system is the Key.</p><p><br></p>', 'Improvement in the distribution system', 'mprovement in the technology', 'Improvement in the production', 'All of the above', '', '2022-12-13 13:04:58'),
(21, 8, '0', 'Campus selection is a __________________________ source of recruitment', 'External', '<p>External is key<br></p><p><br></p>', 'External', 'Fresh', ' Modern', 'Internal', '', '2022-12-13 13:59:32'),
(22, 8, '0', 'The term procurement stands for', 'Recruitment & selection', '<p>Recruitment &amp; selection is the main process for Choose the Right Candidate.<br></p><p><br></p>', 'Recruitment & selection', 'Promotion', 'Purchase', 'T & D', '', '2022-12-13 13:59:32'),
(23, 9, '0', 'How can you make a bulleted list?', '<ul>', 'Using the Attributes', '<ul>', '<list>', '<nl>', '<ol>', '', '2022-12-13 14:20:48'),
(24, 9, '0', 'Choose the correct HTML tag to make a text bold?', '<b>', 'Using the Tags from the List.', '<b>', '<bold>', '<bb>', '<bld>', '', '2022-12-13 14:20:48'),
(25, 9, '0', 'Which attribute is used to name an element uniquely?', 'id', '<p>id is used to identify the element</p><p><br></p>', 'class', 'dot', 'id', 'All of above', '', '2022-12-13 14:20:48'),
(26, 11, '0', 'Who is responsible for Sales Meeting?', 'BDM', 'Sales meeting responsable Person is BDM.', 'Sales Person', 'CEO', 'BDM', 'SEO', '', '2022-12-22 07:00:45'),
(27, 11, '1', ' different types of sales is avilable in Market.', 'False', 'different types of sales is avilable in Market.', 'True', 'False', NULL, NULL, '', '2022-12-22 07:00:45'),
(28, 13, '2', 'Who is responsible for acceptance testing?', 'Customer,Sales', '', 'Customer', 'Sales', 'Admin', 'HR', '', '2023-01-05 12:12:04'),
(29, 13, '1', 'The term economic growth is explained by ___________.', 'True', '', 'True', 'false', NULL, NULL, '', '2023-01-05 12:12:04'),
(30, 16, '0', 'Identify the tool for DevOps?', 'All of the above', '', 'Nagios', 'Jenkins', ' Monit', 'All of the above', '', '2023-02-28 06:32:57'),
(31, 16, '0', 'Which of the following key component of DevOps?', 'All of the above', '', 'Continuous Delivery', 'Continuous Testing', 'Continuous Integration', 'All of the above', '', '2023-02-28 06:32:57'),
(32, 28, '0', 'which tool used run the Script', 'Selenium ', 'Script Return that can be run in automation tool', 'Selenium ', 'andriod', 'anti lock', 'testng', '', '2023-05-25 04:54:23'),
(33, 28, '1', 'Java program used to run the Script', 'True', 'Java is main source to Run the Script', 'True', 'false', NULL, NULL, '', '2023-05-25 04:54:23'),
(34, 29, '0', ' Photoshop is used for', 'Graphics', '', 'Typing', 'Animation', 'Graphics', 'Programming', '', '2023-05-30 05:54:57'),
(35, 29, '1', 'Adobe photoshop is paid.', 'True', '', 'True', 'False', NULL, NULL, '', '2023-05-30 05:54:57'),
(36, 34, '1', 'AWS', 'False', '', 'True ', 'False', NULL, NULL, '', '2023-06-22 10:41:53'),
(37, 35, '1', 'dfbbg', 'fdg', '', '', '', NULL, NULL, '', '2023-06-22 10:43:25'),
(38, 36, '0', 'What is ai?', 'Ai is multiple', '', 'Ai is multiple', 'W', 'E', 'F', '', '2023-06-22 12:01:11'),
(39, 36, '1', 'AWS is advanced', 'True', '', 'True ', 'False', NULL, NULL, '', '2023-06-22 12:01:11'),
(40, 37, '1', 'Tag is more important', 'Yes', 'Tag ', 'Yes', 'NO', '1', '', '', '2023-06-26 09:30:36'),
(41, 38, '1', 'SAF is manufacturing company', 'true', '', 'true', 'false ', NULL, NULL, '', '2023-06-27 03:46:44'),
(42, 38, '2', 'when tyres are move to production ', 'After cleaning process finshed ', '', 'After cleaning process finshed ', 'once process finshed ', 'production finshed ', 'once production started ', '', '2023-06-27 03:46:44'),
(43, 42, '1', 'Software products integrate AI bots ', 'Yes', '', 'Yes ', 'No', '', '', '', '2023-06-29 08:07:06'),
(44, 42, '1', 'IT sector increased day by day ', 'Yes ', '', 'Yes ', 'No', NULL, NULL, '', '2023-06-29 07:28:38'),
(45, 44, '1', 'AWS is courses', 'True1', '', 'True1', 'False', '', '', '', '2023-07-04 10:44:37'),
(46, 44, '1', 'Devops is main concepts ', 'False', '', 'True ', 'False', 'True ', 'False', '', '2023-07-04 10:44:37'),
(47, 46, '1', 'PHP is a server side scripting language', 'True', 'PHP is a server side scripting language.', 'True', 'False', NULL, NULL, '30', '2023-07-28 05:35:17'),
(48, 46, '1', 'PHP stands for Preprocessor', 'False', 'PHP stands for Hypertext Preprocessor.', 'True', 'False', NULL, NULL, '30', '2023-07-28 05:35:17'),
(49, 46, '1', 'If there is any problem in loading a file then the include() function throws an error and stops execution.', 'False', 'If there is any problem in loading a file then the include() function will not throws an error.', 'True', 'False', NULL, NULL, '30', '2023-07-28 05:35:17'),
(50, 49, '1', 'PHP is a server side scripting language', 'True', 'PHP is a scripting language', 'True', 'False', NULL, NULL, '50', '2023-08-03 07:09:58'),
(51, 49, '1', 'PHP stands for Preprocessor', 'False', 'PHP stands for Hypertext Preprocessor', 'True', 'False', NULL, NULL, '50', '2023-08-03 07:09:58'),
(52, 50, '0', 'what is HR Polices', 'New Enrollment', '', 'New Enrollment', 'e', 'f', 'y', '50', '2023-08-03 10:25:35'),
(53, 50, '1', 'Hr do all admin works', 'NO', 'cfcf', 'NO', 'Yes', NULL, NULL, '50', '2023-08-03 10:25:35');

-- --------------------------------------------------------

--
-- Table structure for table `tbl_banner`
--

CREATE TABLE `tbl_banner` (
  `id` int NOT NULL,
  `cmpy_id` int NOT NULL,
  `file_name` varchar(255) COLLATE utf8mb4_general_ci NOT NULL,
  `user_id` int NOT NULL,
  `created_on` datetime NOT NULL DEFAULT CURRENT_TIMESTAMP
) ENGINE=InnoDB DEFAULT CHARSET=utf8mb4 COLLATE=utf8mb4_general_ci;

--
-- Dumping data for table `tbl_banner`
--

INSERT INTO `tbl_banner` (`id`, `cmpy_id`, `file_name`, `user_id`, `created_on`) VALUES
(1, 1, '', 2, '2022-10-14 07:31:55');

-- --------------------------------------------------------

--
-- Table structure for table `tbl_bookdemo`
--

CREATE TABLE `tbl_bookdemo` (
  `id` int NOT NULL,
  `interest` varchar(225) COLLATE utf8mb4_general_ci NOT NULL,
  `fname` varchar(225) COLLATE utf8mb4_general_ci NOT NULL,
  `lname` varchar(225) COLLATE utf8mb4_general_ci NOT NULL,
  `bemail` varchar(225) COLLATE utf8mb4_general_ci NOT NULL,
  `cname` varchar(225) COLLATE utf8mb4_general_ci NOT NULL,
  `country` varchar(225) COLLATE utf8mb4_general_ci NOT NULL,
  `job` varchar(225) COLLATE utf8mb4_general_ci NOT NULL,
  `mobile` bigint NOT NULL
) ENGINE=InnoDB DEFAULT CHARSET=utf8mb4 COLLATE=utf8mb4_general_ci;

--
-- Dumping data for table `tbl_bookdemo`
--

INSERT INTO `tbl_bookdemo` (`id`, `interest`, `fname`, `lname`, `bemail`, `cname`, `country`, `job`, `mobile`) VALUES
(1, 'Partner Training', 'pandi', 'narmadha', 'naru@ambconline.com', 'ambc', 'India', 'php developer', 7339687696),
(3, 'Customer Training', 'pandi', 'narmadha', 'pandinarmadhaj@ambconline.com', 'AMBC', 'India', 'PHP Developer', 7339687696),
(4, 'Employee Training', 'pandi', 'narmadha', 'pandinarmadhaj@ambconline.com', 'AMBC', 'India', 'php developer', 7339687696);

-- --------------------------------------------------------

--
-- Table structure for table `tbl_branch`
--

CREATE TABLE `tbl_branch` (
  `id` int NOT NULL,
  `name` varchar(2000) COLLATE utf8mb4_general_ci NOT NULL,
  `status` enum('Active','Inactive') COLLATE utf8mb4_general_ci NOT NULL,
  `companyId` int NOT NULL,
  `isdeleted` enum('0','1') COLLATE utf8mb4_general_ci NOT NULL,
  `created_on` timestamp NOT NULL DEFAULT CURRENT_TIMESTAMP ON UPDATE CURRENT_TIMESTAMP
) ENGINE=InnoDB DEFAULT CHARSET=utf8mb4 COLLATE=utf8mb4_general_ci;

--
-- Dumping data for table `tbl_branch`
--

INSERT INTO `tbl_branch` (`id`, `name`, `status`, `companyId`, `isdeleted`, `created_on`) VALUES
(1, 'Madurai', 'Active', 1, '0', '2023-07-11 08:45:31'),
(2, 'Chennai', 'Active', 1, '0', '2022-12-20 03:41:56'),
(3, 'Coimbatore', 'Active', 1, '0', '2022-12-22 03:17:33'),
(4, 'Hyderabad', 'Active', 1, '0', '2023-01-19 05:36:38'),
(5, 'Trichy', 'Active', 1, '0', '2022-12-22 03:33:13'),
(6, 'Cochin', 'Active', 1, '1', '2023-02-06 05:38:34'),
(7, 'Salem', 'Active', 1, '0', '2023-02-13 05:59:07'),
(8, 'Thanjavur', 'Active', 1, '0', '2023-02-13 05:59:32'),
(9, 'Thiruvallur', 'Active', 1, '0', '2023-02-13 05:59:52'),
(10, 'Dindigul', 'Active', 1, '0', '2023-02-13 06:00:22'),
(11, 'Nagapattinam', 'Active', 1, '0', '2023-02-13 06:00:46'),
(12, 'Thamukam1', 'Active', 1, '1', '2023-06-26 12:39:35'),
(13, 'Cbe ', 'Active', 1, '0', '2023-06-29 09:49:33'),
(14, 'Melamadai1', 'Active', 1, '1', '2023-07-04 12:07:09');

-- --------------------------------------------------------

--
-- Table structure for table `tbl_categories`
--

CREATE TABLE `tbl_categories` (
  `id` int NOT NULL,
  `name` varchar(2000) COLLATE utf8mb4_general_ci NOT NULL,
  `description` varchar(2000) COLLATE utf8mb4_general_ci NOT NULL,
  `companyId` int NOT NULL,
  `date_updated` datetime NOT NULL,
  `isdeleted` enum('0','1') COLLATE utf8mb4_general_ci NOT NULL
) ENGINE=InnoDB DEFAULT CHARSET=utf8mb4 COLLATE=utf8mb4_general_ci;

--
-- Dumping data for table `tbl_categories`
--

INSERT INTO `tbl_categories` (`id`, `name`, `description`, `companyId`, `date_updated`, `isdeleted`) VALUES
(1, 'Developers12', 'Discussion about Devlopers Tools', 1, '0000-00-00 00:00:00', '0'),
(2, 'Sales', 'Sales growth', 1, '0000-00-00 00:00:00', '1'),
(3, 'SEO', '', 1, '0000-00-00 00:00:00', '1'),
(4, 'IT support 1', '', 1, '0000-00-00 00:00:00', '1'),
(5, 'Marketing1', '', 1, '0000-00-00 00:00:00', '1'),
(6, 'AI', '', 1, '0000-00-00 00:00:00', '0');

-- --------------------------------------------------------

--
-- Table structure for table `tbl_certificate_points`
--

CREATE TABLE `tbl_certificate_points` (
  `id` int NOT NULL,
  `userId` varchar(20) COLLATE utf8mb4_general_ci NOT NULL,
  `contentId` varchar(20) COLLATE utf8mb4_general_ci NOT NULL,
  `points` varchar(20) COLLATE utf8mb4_general_ci NOT NULL,
  `created_on` timestamp NOT NULL DEFAULT CURRENT_TIMESTAMP
) ENGINE=InnoDB DEFAULT CHARSET=utf8mb4 COLLATE=utf8mb4_general_ci;

--
-- Dumping data for table `tbl_certificate_points`
--

INSERT INTO `tbl_certificate_points` (`id`, `userId`, `contentId`, `points`, `created_on`) VALUES
(1, '11', '23', '10', '2023-05-30 10:27:56'),
(2, '10', '39', '10', '2023-05-30 12:34:59'),
(3, '4', '21', '10', '2023-05-31 13:23:55');

-- --------------------------------------------------------

--
-- Table structure for table `tbl_comments`
--

CREATE TABLE `tbl_comments` (
  `id` int NOT NULL,
  `topic_id` int NOT NULL,
  `user_id` int NOT NULL,
  `comment` mediumtext COLLATE utf8mb4_general_ci NOT NULL,
  `companyId` int NOT NULL,
  `date_created` timestamp NOT NULL DEFAULT CURRENT_TIMESTAMP ON UPDATE CURRENT_TIMESTAMP,
  `date_updated` datetime NOT NULL,
  `isdeleted` enum('0','1') COLLATE utf8mb4_general_ci NOT NULL
) ENGINE=InnoDB DEFAULT CHARSET=utf8mb4 COLLATE=utf8mb4_general_ci;

--
-- Dumping data for table `tbl_comments`
--

INSERT INTO `tbl_comments` (`id`, `topic_id`, `user_id`, `comment`, `companyId`, `date_created`, `date_updated`, `isdeleted`) VALUES
(1, 1, 8, 'good', 1, '2023-05-02 04:10:58', '0000-00-00 00:00:00', '0'),
(2, 1, 8, 'g', 1, '2023-05-02 06:04:13', '0000-00-00 00:00:00', '0');

-- --------------------------------------------------------

--
-- Table structure for table `tbl_company`
--

CREATE TABLE `tbl_company` (
  `id` int NOT NULL,
  `company_name` mediumtext COLLATE utf8mb4_general_ci NOT NULL,
  `company_logo` varchar(255) COLLATE utf8mb4_general_ci NOT NULL,
  `fav_icon` varchar(255) COLLATE utf8mb4_general_ci NOT NULL,
  `status` enum('Active','Inactive') COLLATE utf8mb4_general_ci NOT NULL,
  `created_on` date NOT NULL,
  `expires_on` date NOT NULL,
  `is_trial` int NOT NULL
) ENGINE=InnoDB DEFAULT CHARSET=utf8mb4 COLLATE=utf8mb4_general_ci;

--
-- Dumping data for table `tbl_company`
--

INSERT INTO `tbl_company` (`id`, `company_name`, `company_logo`, `fav_icon`, `status`, `created_on`, `expires_on`, `is_trial`) VALUES
(1, 'staging', 'ambclogoresized3.png', 'logoresize2.png', 'Active', '2022-11-15', '2023-11-26', 0),
(2, 'xyz-inc', 'ambc-logo-black.jpg', 'logoresize2.png', 'Active', '2022-11-15', '2023-11-26', 1);

-- --------------------------------------------------------

--
-- Table structure for table `tbl_contact`
--

CREATE TABLE `tbl_contact` (
  `id` int NOT NULL,
  `interest` varchar(225) COLLATE utf8mb4_general_ci NOT NULL,
  `fname` varchar(225) COLLATE utf8mb4_general_ci NOT NULL,
  `lname` varchar(225) COLLATE utf8mb4_general_ci NOT NULL,
  `bemail` varchar(225) COLLATE utf8mb4_general_ci NOT NULL,
  `cname` varchar(225) COLLATE utf8mb4_general_ci NOT NULL,
  `country` varchar(225) COLLATE utf8mb4_general_ci NOT NULL,
  `job` varchar(225) COLLATE utf8mb4_general_ci NOT NULL,
  `mobile` bigint NOT NULL
) ENGINE=InnoDB DEFAULT CHARSET=utf8mb4 COLLATE=utf8mb4_general_ci;

--
-- Dumping data for table `tbl_contact`
--

INSERT INTO `tbl_contact` (`id`, `interest`, `fname`, `lname`, `bemail`, `cname`, `country`, `job`, `mobile`) VALUES
(1, 'Customer Training', 'pandi', 'narmadha', 'naru@ambctech.com', 'ambc', 'India', 'php developer', 7339687696),
(4, 'Employee Training', 'pandi', 'narmadha', 'pandinarmadhaj@ambconline.com', 'AMBC', 'India', 'php developer', 7339687696);

-- --------------------------------------------------------

--
-- Table structure for table `tbl_course_points`
--

CREATE TABLE `tbl_course_points` (
  `id` int NOT NULL,
  `userId` varchar(20) COLLATE utf8mb4_general_ci NOT NULL,
  `contentId` varchar(20) COLLATE utf8mb4_general_ci NOT NULL,
  `points` varchar(20) COLLATE utf8mb4_general_ci NOT NULL,
  `created_on` timestamp NOT NULL DEFAULT CURRENT_TIMESTAMP
) ENGINE=InnoDB DEFAULT CHARSET=utf8mb4 COLLATE=utf8mb4_general_ci;

--
-- Dumping data for table `tbl_course_points`
--

INSERT INTO `tbl_course_points` (`id`, `userId`, `contentId`, `points`, `created_on`) VALUES
(1, '10', '35', '30', '2023-05-28 15:27:50'),
(2, '2', '30', '30', '2023-05-29 10:10:32'),
(3, '11', '23', '30', '2023-05-30 10:27:56'),
(4, '10', '39', '30', '2023-05-30 12:34:59'),
(5, '4', '21', '30', '2023-05-31 13:23:55'),
(6, '8', '40', '30', '2023-06-22 05:13:02'),
(7, '8', '43', '30', '2023-06-22 05:13:16'),
(8, '8', '43', '30', '2023-06-22 05:13:25'),
(9, '8', '37', '30', '2023-06-22 05:13:43'),
(10, '8', '37', '30', '2023-06-22 05:13:48'),
(11, '8', '37', '30', '2023-06-22 05:13:52'),
(12, '8', '37', '30', '2023-06-22 05:13:56'),
(13, '8', '37', '30', '2023-06-22 05:14:04'),
(14, '8', '37', '30', '2023-06-22 05:14:09'),
(15, '8', '37', '30', '2023-06-22 05:14:13'),
(16, '8', '37', '30', '2023-06-22 05:14:18'),
(17, '8', '37', '30', '2023-06-22 05:14:23'),
(18, '8', '37', '30', '2023-06-22 05:14:32'),
(19, '8', '30', '30', '2023-06-22 05:16:25'),
(20, '8', '30', '30', '2023-06-22 05:16:29'),
(21, '11', '23', '30', '2023-06-23 09:46:58'),
(22, '7', '54', '10', '2023-07-24 08:27:10'),
(23, '7', '57', '10', '2023-07-24 13:05:58'),
(24, '32', '58', '10', '2023-07-25 14:08:24'),
(25, '32', '58', '10', '2023-07-25 14:08:59'),
(26, '32', '58', '10', '2023-07-25 14:09:22'),
(27, '32', '52', '20', '2023-07-26 09:37:31'),
(28, '32', '52', '20', '2023-07-26 09:37:35'),
(29, '32', '55', '30', '2023-07-26 10:09:06'),
(30, '32', '55', '30', '2023-07-26 10:09:10'),
(31, '32', '55', '30', '2023-07-26 10:09:14'),
(32, '10', '53', '30', '2023-07-31 10:52:38'),
(33, '10', '53', '30', '2023-07-31 10:52:43');

-- --------------------------------------------------------

--
-- Table structure for table `tbl_curriculum_enrollment`
--

CREATE TABLE `tbl_curriculum_enrollment` (
  `id` int NOT NULL,
  `userId` int NOT NULL,
  `companyId` int NOT NULL,
  `currId` int NOT NULL,
  `status` varchar(2000) COLLATE utf8mb4_general_ci DEFAULT NULL,
  `completedon` varchar(2000) COLLATE utf8mb4_general_ci DEFAULT NULL,
  `certificate_id` varchar(2000) COLLATE utf8mb4_general_ci DEFAULT NULL,
  `start_date` varchar(2000) COLLATE utf8mb4_general_ci NOT NULL,
  `expiry_date` varchar(100) COLLATE utf8mb4_general_ci NOT NULL,
  `reminder` enum('0','1') COLLATE utf8mb4_general_ci NOT NULL,
  `reminder_date` varchar(100) COLLATE utf8mb4_general_ci NOT NULL,
  `reminder_time` varchar(100) COLLATE utf8mb4_general_ci NOT NULL,
  `created_on` timestamp NOT NULL DEFAULT CURRENT_TIMESTAMP
) ENGINE=InnoDB DEFAULT CHARSET=utf8mb4 COLLATE=utf8mb4_general_ci;

--
-- Dumping data for table `tbl_curriculum_enrollment`
--

INSERT INTO `tbl_curriculum_enrollment` (`id`, `userId`, `companyId`, `currId`, `status`, `completedon`, `certificate_id`, `start_date`, `expiry_date`, `reminder`, `reminder_date`, `reminder_time`, `created_on`) VALUES
(1, 158, 1, 1, NULL, '', '', '', '', '0', '', '', '2023-02-15 06:47:38'),
(2, 159, 1, 1, NULL, '', '', '', '', '0', '', '', '2023-02-15 06:47:38'),
(3, 160, 1, 1, NULL, '', '', '', '', '0', '', '', '2023-02-15 06:47:38'),
(4, 164, 1, 1, NULL, '', '', '', '', '0', '', '', '2023-02-15 06:47:38'),
(5, 165, 1, 1, NULL, '', '', '', '', '0', '', '', '2023-02-15 06:47:38'),
(6, 166, 1, 1, NULL, '', '', '', '', '0', '', '', '2023-02-15 06:47:38'),
(7, 170, 1, 1, NULL, '', '', '', '', '0', '', '', '2023-02-15 06:47:38'),
(8, 171, 1, 1, NULL, '', '', '', '', '0', '', '', '2023-02-15 06:47:38'),
(9, 172, 1, 1, NULL, '', '', '', '', '0', '', '', '2023-02-15 06:47:38'),
(10, 178, 1, 1, NULL, '', '', '', '', '0', '', '', '2023-02-15 06:47:38'),
(11, 6, 1, 2, NULL, '', '', '', '', '0', '', '', '2023-02-15 06:47:38'),
(12, 12, 1, 2, NULL, '', '', '', '', '0', '', '', '2023-02-15 06:47:38'),
(13, 18, 1, 2, NULL, '', '', '', '', '0', '', '', '2023-02-15 06:47:38'),
(14, 24, 1, 2, NULL, '', '', '', '', '0', '', '', '2023-02-15 06:47:38'),
(15, 30, 1, 2, NULL, '', '', '', '', '0', '', '', '2023-02-15 06:47:38'),
(16, 36, 1, 2, NULL, '', '', '', '', '0', '', '', '2023-02-15 06:47:38'),
(17, 42, 1, 2, NULL, '', '', '', '', '0', '', '', '2023-02-15 06:47:38'),
(18, 48, 1, 2, NULL, '', '', '', '', '0', '', '', '2023-02-15 06:47:38'),
(19, 54, 1, 2, NULL, '', '', '', '', '0', '', '', '2023-02-15 06:47:38'),
(20, 60, 1, 2, NULL, '', '', '', '', '0', '', '', '2023-02-15 06:47:38'),
(21, 5, 1, 2, NULL, '', '', '', '', '0', '', '', '2023-02-15 06:47:38'),
(22, 11, 1, 2, 'In Progress', '', '', '', '', '0', '', '', '2023-02-15 06:47:38'),
(23, 17, 1, 1, NULL, '', '', '', '', '0', '', '', '2023-02-15 06:47:38'),
(24, 23, 1, 1, NULL, '', '', '', '', '0', '', '', '2023-02-15 06:47:38'),
(25, 29, 1, 1, NULL, '', '', '', '', '0', '', '', '2023-02-15 06:47:38'),
(26, 35, 1, 1, NULL, '', '', '', '', '0', '', '', '2023-02-15 06:47:38'),
(27, 41, 1, 1, NULL, '', '', '', '', '0', '', '', '2023-02-15 06:47:38'),
(28, 47, 1, 1, NULL, '', '', '', '', '0', '', '', '2023-02-15 06:47:38'),
(29, 53, 1, 1, NULL, '', '', '', '', '0', '', '', '2023-02-15 06:47:38'),
(30, 59, 1, 1, NULL, '', '', '', '', '0', '', '', '2023-02-15 06:47:38'),
(31, 65, 1, 1, NULL, '', '', '', '', '0', '', '', '2023-02-15 06:47:38'),
(32, 71, 1, 1, NULL, '', '', '', '', '0', '', '', '2023-02-15 06:47:38'),
(33, 83, 1, 1, NULL, '', '', '', '', '0', '', '', '2023-02-15 06:47:38'),
(34, 89, 1, 1, NULL, '', '', '', '', '0', '', '', '2023-02-15 06:47:38'),
(35, 95, 1, 1, NULL, '', '', '', '', '0', '', '', '2023-02-15 06:47:38'),
(36, 101, 1, 1, NULL, '', '', '', '', '0', '', '', '2023-02-15 06:47:38'),
(37, 107, 1, 1, NULL, '', '', '', '', '0', '', '', '2023-02-15 06:47:38'),
(38, 113, 1, 1, NULL, '', '', '', '', '0', '', '', '2023-02-15 06:47:38'),
(39, 119, 1, 1, NULL, '', '', '', '', '0', '', '', '2023-02-15 06:47:38'),
(40, 725, 1, 2, NULL, '', '', '', '', '0', '', '', '2023-02-15 06:47:38'),
(41, 731, 1, 2, NULL, '', '', '', '', '0', '', '', '2023-02-15 06:47:38'),
(42, 737, 1, 2, NULL, '', '', '', '', '0', '', '', '2023-02-15 06:47:38'),
(43, 743, 1, 2, NULL, '', '', '', '', '0', '', '', '2023-02-15 06:47:38'),
(44, 749, 1, 2, NULL, '', '', '', '', '0', '', '', '2023-02-15 06:47:38'),
(45, 755, 1, 2, NULL, '', '', '', '', '0', '', '', '2023-02-15 06:47:38'),
(46, 761, 1, 2, NULL, '', '', '', '', '0', '', '', '2023-02-15 06:47:38'),
(47, 767, 1, 2, NULL, '', '', '', '', '0', '', '', '2023-02-15 06:47:38'),
(48, 773, 1, 2, NULL, '', '', '', '', '0', '', '', '2023-02-15 06:47:38'),
(49, 779, 1, 2, NULL, '', '', '', '', '0', '', '', '2023-02-15 06:47:38'),
(50, 785, 1, 2, NULL, '', '', '', '', '0', '', '', '2023-02-15 06:47:38'),
(51, 791, 1, 2, NULL, '', '', '', '', '0', '', '', '2023-02-15 06:47:38'),
(52, 797, 1, 2, NULL, '', '', '', '', '0', '', '', '2023-02-15 06:47:38'),
(53, 803, 1, 2, NULL, '', '', '', '', '0', '', '', '2023-02-15 06:47:38'),
(54, 809, 1, 2, NULL, '', '', '', '', '0', '', '', '2023-02-15 06:47:38'),
(55, 738, 1, 1, NULL, '', '', '', '', '0', '', '', '2023-02-15 06:47:38'),
(56, 744, 1, 1, NULL, '', '', '', '', '0', '', '', '2023-02-15 06:47:38'),
(57, 750, 1, 1, NULL, '', '', '', '', '0', '', '', '2023-02-15 06:47:38'),
(58, 756, 1, 1, NULL, '', '', '', '', '0', '', '', '2023-02-15 06:47:38'),
(59, 762, 1, 1, NULL, '', '', '', '', '0', '', '', '2023-02-15 06:47:38'),
(60, 768, 1, 1, NULL, '', '', '', '', '0', '', '', '2023-02-15 06:47:38'),
(61, 774, 1, 1, NULL, '', '', '', '', '0', '', '', '2023-02-15 06:47:38'),
(62, 780, 1, 1, NULL, '', '', '', '', '0', '', '', '2023-02-15 06:47:38'),
(63, 786, 1, 1, NULL, '', '', '', '', '0', '', '', '2023-02-15 06:47:38'),
(64, 792, 1, 1, NULL, '', '', '', '', '0', '', '', '2023-02-15 06:47:38'),
(65, 798, 1, 1, NULL, '', '', '', '', '0', '', '', '2023-02-15 06:47:38'),
(66, 804, 1, 1, NULL, '', '', '', '', '0', '', '', '2023-02-15 06:47:38'),
(67, 127, 1, 2, NULL, '', '', '', '', '0', '', '', '2023-02-15 06:47:38'),
(68, 133, 1, 2, NULL, '', '', '', '', '0', '', '', '2023-02-15 06:47:38'),
(69, 139, 1, 2, NULL, '', '', '', '', '0', '', '', '2023-02-15 06:47:38'),
(70, 145, 1, 2, NULL, '', '', '', '', '0', '', '', '2023-02-15 06:47:38'),
(71, 151, 1, 2, NULL, '', '', '', '', '0', '', '', '2023-02-15 06:47:38'),
(72, 157, 1, 2, NULL, '', '', '', '', '0', '', '', '2023-02-15 06:47:38'),
(73, 163, 1, 2, NULL, '', '', '', '', '0', '', '', '2023-02-15 06:47:38'),
(74, 169, 1, 2, NULL, '', '', '', '', '0', '', '', '2023-02-15 06:47:38'),
(75, 175, 1, 2, NULL, '', '', '', '', '0', '', '', '2023-02-15 06:47:38'),
(76, 181, 1, 2, NULL, '', '', '', '', '0', '', '', '2023-02-15 06:47:38'),
(77, 187, 1, 2, NULL, '', '', '', '', '0', '', '', '2023-02-15 06:47:38'),
(78, 193, 1, 2, NULL, '', '', '', '', '0', '', '', '2023-02-15 06:47:38'),
(79, 199, 1, 2, NULL, '', '', '', '', '0', '', '', '2023-02-15 06:47:38'),
(80, 205, 1, 2, NULL, '', '', '', '', '0', '', '', '2023-02-15 06:47:38'),
(81, 211, 1, 2, NULL, '', '', '', '', '0', '', '', '2023-02-15 06:47:38'),
(82, 217, 1, 2, NULL, '', '', '', '', '0', '', '', '2023-02-15 06:47:38'),
(83, 366, 1, 1, NULL, '', '', '', '', '0', '', '', '2023-02-15 06:47:38'),
(84, 372, 1, 1, NULL, '', '', '', '', '0', '', '', '2023-02-15 06:47:38'),
(85, 378, 1, 1, NULL, '', '', '', '', '0', '', '', '2023-02-15 06:47:38'),
(86, 384, 1, 1, NULL, '', '', '', '', '0', '', '', '2023-02-15 06:47:38'),
(87, 390, 1, 1, NULL, '', '', '', '', '0', '', '', '2023-02-15 06:47:38'),
(88, 396, 1, 1, NULL, '', '', '', '', '0', '', '', '2023-02-15 06:47:38'),
(89, 402, 1, 1, NULL, '', '', '', '', '0', '', '', '2023-02-15 06:47:38'),
(90, 408, 1, 1, NULL, '', '', '', '', '0', '', '', '2023-02-15 06:47:38'),
(91, 414, 1, 1, NULL, '', '', '', '', '0', '', '', '2023-02-15 06:47:38'),
(92, 420, 1, 1, NULL, '', '', '', '', '0', '', '', '2023-02-15 06:47:38'),
(93, 426, 1, 1, NULL, '', '', '', '', '0', '', '', '2023-02-15 06:47:38'),
(94, 432, 1, 1, NULL, '', '', '', '', '0', '', '', '2023-02-15 06:47:38'),
(95, 438, 1, 1, NULL, '', '', '', '', '0', '', '', '2023-02-15 06:47:38'),
(96, 444, 1, 1, NULL, '', '', '', '', '0', '', '', '2023-02-15 06:47:38'),
(97, 450, 1, 1, NULL, '', '', '', '', '0', '', '', '2023-02-15 06:47:38'),
(98, 456, 1, 1, NULL, '', '', '', '', '0', '', '', '2023-02-15 06:47:38'),
(99, 462, 1, 1, NULL, '', '', '', '', '0', '', '', '2023-02-15 06:47:38'),
(100, 126, 1, 2, NULL, '', '', '', '', '0', '', '', '2023-02-15 06:47:38'),
(101, 132, 1, 2, NULL, '', '', '', '', '0', '', '', '2023-02-15 06:47:38'),
(102, 138, 1, 2, NULL, '', '', '', '', '0', '', '', '2023-02-15 06:47:38'),
(103, 144, 1, 2, NULL, '', '', '', '', '0', '', '', '2023-02-15 06:47:38'),
(104, 150, 1, 2, NULL, '', '', '', '', '0', '', '', '2023-02-15 06:47:38'),
(105, 156, 1, 2, NULL, '', '', '', '', '0', '', '', '2023-02-15 06:47:38'),
(106, 162, 1, 2, NULL, '', '', '', '', '0', '', '', '2023-02-15 06:47:38'),
(107, 168, 1, 2, NULL, '', '', '', '', '0', '', '', '2023-02-15 06:47:38'),
(108, 174, 1, 2, NULL, '', '', '', '', '0', '', '', '2023-02-15 06:47:38'),
(109, 180, 1, 2, NULL, '', '', '', '', '0', '', '', '2023-02-15 06:47:38'),
(110, 186, 1, 2, NULL, '', '', '', '', '0', '', '', '2023-02-15 06:47:38'),
(111, 192, 1, 2, NULL, '', '', '', '', '0', '', '', '2023-02-15 06:47:38'),
(112, 198, 1, 2, NULL, '', '', '', '', '0', '', '', '2023-02-15 06:47:38'),
(113, 204, 1, 2, NULL, '', '', '', '', '0', '', '', '2023-02-15 06:47:38'),
(114, 210, 1, 2, NULL, '', '', '', '', '0', '', '', '2023-02-15 06:47:38'),
(115, 119, 1, 1, NULL, '', '', '', '', '0', '', '', '2023-02-15 06:47:38'),
(116, 568, 1, 1, NULL, '', '', '', '', '0', '', '', '2023-02-15 06:47:38'),
(117, 569, 1, 1, NULL, '', '', '', '', '0', '', '', '2023-02-15 06:47:38'),
(118, 570, 1, 1, NULL, '', '', '', '', '0', '', '', '2023-02-15 06:47:38'),
(119, 572, 1, 1, NULL, '', '', '', '', '0', '', '', '2023-02-15 06:47:38'),
(120, 573, 1, 1, NULL, '', '', '', '', '0', '', '', '2023-02-15 06:47:38'),
(121, 574, 1, 1, NULL, '', '', '', '', '0', '', '', '2023-02-15 06:47:38'),
(122, 575, 1, 1, NULL, '', '', '', '', '0', '', '', '2023-02-15 06:47:38'),
(123, 576, 1, 1, NULL, '', '', '', '', '0', '', '', '2023-02-15 06:47:38'),
(124, 578, 1, 1, NULL, '', '', '', '', '0', '', '', '2023-02-15 06:47:38'),
(125, 579, 1, 1, NULL, '', '', '', '', '0', '', '', '2023-02-15 06:47:38'),
(126, 580, 1, 1, NULL, '', '', '', '', '0', '', '', '2023-02-15 06:47:38'),
(127, 581, 1, 1, NULL, '', '', '', '', '0', '', '', '2023-02-15 06:47:38'),
(128, 582, 1, 1, NULL, '', '', '', '', '0', '', '', '2023-02-15 06:47:38'),
(129, 584, 1, 1, NULL, '', '', '', '', '0', '', '', '2023-02-15 06:47:38'),
(130, 585, 1, 1, NULL, '', '', '', '', '0', '', '', '2023-02-15 06:47:38'),
(131, 586, 1, 1, NULL, '', '', '', '', '0', '', '', '2023-02-15 06:47:38'),
(132, 847, 1, 5, NULL, '', '', '', '', '0', '', '', '2023-02-15 06:47:38'),
(136, 881, 1, 5, NULL, '', '', '', '', '0', '', '', '2023-02-15 06:47:38'),
(137, 882, 1, 5, NULL, '', '', '', '', '0', '', '', '2023-02-15 06:47:38'),
(138, 883, 1, 5, NULL, '', '', '', '', '0', '', '', '2023-02-15 06:47:38'),
(139, 884, 1, 5, NULL, '', '', '', '', '0', '', '', '2023-02-15 06:47:38'),
(140, 885, 1, 5, NULL, '', '', '', '', '0', '', '', '2023-02-15 06:47:38'),
(141, 916, 1, 5, NULL, '', '', '', '', '0', '', '', '2023-02-15 06:47:38'),
(142, 10, 1, 5, 'In Progress', '', '', '', '', '0', '', '', '2023-02-15 06:47:38'),
(143, 951, 1, 5, NULL, '', '', '', '', '0', '', '', '2023-02-15 06:47:38'),
(144, 952, 1, 5, NULL, '', '', '', '', '0', '', '', '2023-02-15 06:47:38'),
(145, 953, 1, 5, NULL, '', '', '', '', '0', '', '', '2023-02-15 06:47:38'),
(146, 954, 1, 5, NULL, '', '', '', '', '0', '', '', '2023-02-15 06:47:38'),
(147, 955, 1, 5, NULL, '', '', '', '', '0', '', '', '2023-02-15 06:47:38'),
(148, 986, 1, 5, NULL, '', '', '', '', '0', '', '', '2023-02-15 06:47:38'),
(149, 987, 1, 5, NULL, '', '', '', '', '0', '', '', '2023-02-15 06:47:38'),
(150, 988, 1, 5, NULL, '', '', '', '', '0', '', '', '2023-02-15 06:47:38'),
(151, 989, 1, 5, NULL, '', '', '', '', '0', '', '', '2023-02-15 06:47:38'),
(152, 990, 1, 5, NULL, '', '', '', '', '0', '', '', '2023-02-15 06:47:38'),
(153, 1021, 1, 5, NULL, '', '', '', '', '0', '', '', '2023-02-15 06:47:38'),
(154, 1022, 1, 5, NULL, '', '', '', '', '0', '', '', '2023-02-15 06:47:38'),
(155, 1023, 1, 5, NULL, '', '', '', '', '0', '', '', '2023-02-15 06:47:38'),
(156, 1024, 1, 5, NULL, '', '', '', '', '0', '', '', '2023-02-15 06:47:38'),
(157, 1025, 1, 5, NULL, '', '', '', '', '0', '', '', '2023-02-15 06:47:38'),
(158, 7, 1, 4, NULL, '', '', '', '', '0', '', '', '2023-02-15 06:47:38'),
(159, 8, 1, 4, NULL, '', '', '', '', '0', '', '', '2023-02-15 06:47:38'),
(160, 9, 1, 4, 'In Progress', '', '', '', '', '0', '', '', '2023-02-15 06:47:38'),
(161, 41, 1, 4, NULL, '', '', '', '', '0', '', '', '2023-02-15 06:47:38'),
(162, 42, 1, 4, NULL, '', '', '', '', '0', '', '', '2023-02-15 06:47:38'),
(163, 43, 1, 4, NULL, '', '', '', '', '0', '', '', '2023-02-15 06:47:38'),
(164, 44, 1, 4, NULL, '', '', '', '', '0', '', '', '2023-02-15 06:47:38'),
(165, 45, 1, 4, NULL, '', '', '', '', '0', '', '', '2023-02-15 06:47:38'),
(166, 76, 1, 4, NULL, '', '', '', '', '0', '', '', '2023-02-15 06:47:38'),
(167, 77, 1, 4, NULL, '', '', '', '', '0', '', '', '2023-02-15 06:47:38'),
(168, 78, 1, 4, NULL, '', '', '', '', '0', '', '', '2023-02-15 06:47:38'),
(169, 79, 1, 4, NULL, '', '', '', '', '0', '', '', '2023-02-15 06:47:38'),
(170, 80, 1, 4, NULL, '', '', '', '', '0', '', '', '2023-02-15 06:47:38'),
(171, 111, 1, 4, NULL, '', '', '', '', '0', '', '', '2023-02-15 06:47:38'),
(172, 112, 1, 4, NULL, '', '', '', '', '0', '', '', '2023-02-15 06:47:38'),
(173, 113, 1, 4, NULL, '', '', '', '', '0', '', '', '2023-02-15 06:47:38'),
(174, 114, 1, 4, NULL, '', '', '', '', '0', '', '', '2023-02-15 06:47:38'),
(175, 115, 1, 4, NULL, '', '', '', '', '0', '', '', '2023-02-15 06:47:38'),
(176, 146, 1, 4, NULL, '', '', '', '', '0', '', '', '2023-02-15 06:47:38'),
(177, 147, 1, 4, NULL, '', '', '', '', '0', '', '', '2023-02-15 06:47:38'),
(178, 148, 1, 4, NULL, '', '', '', '', '0', '', '', '2023-02-15 06:47:38'),
(179, 149, 1, 4, NULL, '', '', '', '', '0', '', '', '2023-02-15 06:47:38'),
(180, 150, 1, 4, NULL, '', '', '', '', '0', '', '', '2023-02-15 06:47:38'),
(181, 181, 1, 4, NULL, '', '', '', '', '0', '', '', '2023-02-15 06:47:38'),
(182, 182, 1, 4, NULL, '', '', '', '', '0', '', '', '2023-02-15 06:47:38'),
(183, 183, 1, 4, NULL, '', '', '', '', '0', '', '', '2023-02-15 06:47:38'),
(184, 184, 1, 4, NULL, '', '', '', '', '0', '', '', '2023-02-15 06:47:38'),
(185, 185, 1, 4, NULL, '', '', '', '', '0', '', '', '2023-02-15 06:47:38'),
(186, 216, 1, 4, NULL, '', '', '', '', '0', '', '', '2023-02-15 06:47:38'),
(187, 217, 1, 4, NULL, '', '', '', '', '0', '', '', '2023-02-15 06:47:38'),
(188, 218, 1, 4, NULL, '', '', '', '', '0', '', '', '2023-02-15 06:47:38'),
(189, 219, 1, 4, NULL, '', '', '', '', '0', '', '', '2023-02-15 06:47:38'),
(190, 220, 1, 4, NULL, '', '', '', '', '0', '', '', '2023-02-15 06:47:38'),
(191, 251, 1, 4, NULL, '', '', '', '', '0', '', '', '2023-02-15 06:47:38'),
(192, 252, 1, 4, NULL, '', '', '', '', '0', '', '', '2023-02-15 06:47:38'),
(193, 253, 1, 4, NULL, '', '', '', '', '0', '', '', '2023-02-15 06:47:38'),
(194, 254, 1, 4, NULL, '', '', '', '', '0', '', '', '2023-02-15 06:47:38'),
(195, 255, 1, 4, NULL, '', '', '', '', '0', '', '', '2023-02-15 06:47:38'),
(196, 286, 1, 4, NULL, '', '', '', '', '0', '', '', '2023-02-15 06:47:38'),
(197, 287, 1, 4, NULL, '', '', '', '', '0', '', '', '2023-02-15 06:47:38'),
(198, 288, 1, 4, NULL, '', '', '', '', '0', '', '', '2023-02-15 06:47:38'),
(199, 289, 1, 4, NULL, '', '', '', '', '0', '', '', '2023-02-15 06:47:38'),
(200, 290, 1, 4, NULL, '', '', '', '', '0', '', '', '2023-02-15 06:47:38'),
(201, 321, 1, 4, NULL, '', '', '', '', '0', '', '', '2023-02-15 06:47:38'),
(202, 322, 1, 4, NULL, '', '', '', '', '0', '', '', '2023-02-15 06:47:38'),
(203, 323, 1, 4, NULL, '', '', '', '', '0', '', '', '2023-02-15 06:47:38'),
(204, 324, 1, 4, NULL, '', '', '', '', '0', '', '', '2023-02-15 06:47:38'),
(205, 325, 1, 4, NULL, '', '', '', '', '0', '', '', '2023-02-15 06:47:38'),
(206, 356, 1, 4, NULL, '', '', '', '', '0', '', '', '2023-02-15 06:47:38'),
(207, 357, 1, 4, NULL, '', '', '', '', '0', '', '', '2023-02-15 06:47:38'),
(208, 358, 1, 4, NULL, '', '', '', '', '0', '', '', '2023-02-15 06:47:38'),
(209, 359, 1, 4, NULL, '', '', '', '', '0', '', '', '2023-02-15 06:47:38'),
(210, 360, 1, 4, NULL, '', '', '', '', '0', '', '', '2023-02-15 06:47:38'),
(211, 391, 1, 4, NULL, '', '', '', '', '0', '', '', '2023-02-15 06:47:38'),
(212, 392, 1, 4, NULL, '', '', '', '', '0', '', '', '2023-02-15 06:47:38'),
(213, 393, 1, 4, NULL, '', '', '', '', '0', '', '', '2023-02-15 06:47:38'),
(214, 394, 1, 4, NULL, '', '', '', '', '0', '', '', '2023-02-15 06:47:38'),
(215, 395, 1, 4, NULL, '', '', '', '', '0', '', '', '2023-02-15 06:47:38'),
(216, 426, 1, 4, NULL, '', '', '', '', '0', '', '', '2023-02-15 06:47:38'),
(217, 427, 1, 4, NULL, '', '', '', '', '0', '', '', '2023-02-15 06:47:38'),
(218, 428, 1, 4, NULL, '', '', '', '', '0', '', '', '2023-02-15 06:47:38'),
(219, 429, 1, 4, NULL, '', '', '', '', '0', '', '', '2023-02-15 06:47:38'),
(220, 430, 1, 4, NULL, '', '', '', '', '0', '', '', '2023-02-15 06:47:38'),
(221, 461, 1, 4, NULL, '', '', '', '', '0', '', '', '2023-02-15 06:47:38'),
(222, 462, 1, 4, NULL, '', '', '', '', '0', '', '', '2023-02-15 06:47:38'),
(223, 463, 1, 4, NULL, '', '', '', '', '0', '', '', '2023-02-15 06:47:38'),
(224, 464, 1, 4, NULL, '', '', '', '', '0', '', '', '2023-02-15 06:47:38'),
(225, 465, 1, 4, NULL, '', '', '', '', '0', '', '', '2023-02-15 06:47:38'),
(226, 496, 1, 4, NULL, '', '', '', '', '0', '', '', '2023-02-15 06:47:38'),
(227, 497, 1, 4, NULL, '', '', '', '', '0', '', '', '2023-02-15 06:47:38'),
(228, 498, 1, 4, NULL, '', '', '', '', '0', '', '', '2023-02-15 06:47:38'),
(229, 499, 1, 4, NULL, '', '', '', '', '0', '', '', '2023-02-15 06:47:38'),
(230, 500, 1, 4, NULL, '', '', '', '', '0', '', '', '2023-02-15 06:47:38'),
(231, 531, 1, 4, NULL, '', '', '', '', '0', '', '', '2023-02-15 06:47:38'),
(232, 532, 1, 4, NULL, '', '', '', '', '0', '', '', '2023-02-15 06:47:38'),
(233, 533, 1, 4, NULL, '', '', '', '', '0', '', '', '2023-02-15 06:47:38'),
(234, 534, 1, 4, NULL, '', '', '', '', '0', '', '', '2023-02-15 06:47:38'),
(235, 535, 1, 4, NULL, '', '', '', '', '0', '', '', '2023-02-15 06:47:38'),
(236, 566, 1, 4, NULL, '', '', '', '', '0', '', '', '2023-02-15 06:47:38'),
(237, 567, 1, 4, NULL, '', '', '', '', '0', '', '', '2023-02-15 06:47:38'),
(238, 568, 1, 4, NULL, '', '', '', '', '0', '', '', '2023-02-15 06:47:38'),
(239, 569, 1, 4, NULL, '', '', '', '', '0', '', '', '2023-02-15 06:47:38'),
(240, 570, 1, 4, NULL, '', '', '', '', '0', '', '', '2023-02-15 06:47:38'),
(241, 601, 1, 4, NULL, '', '', '', '', '0', '', '', '2023-02-15 06:47:38'),
(242, 602, 1, 4, NULL, '', '', '', '', '0', '', '', '2023-02-15 06:47:38'),
(243, 603, 1, 4, NULL, '', '', '', '', '0', '', '', '2023-02-15 06:47:38'),
(244, 604, 1, 4, NULL, '', '', '', '', '0', '', '', '2023-02-15 06:47:38'),
(245, 605, 1, 4, NULL, '', '', '', '', '0', '', '', '2023-02-15 06:47:38'),
(246, 636, 1, 4, NULL, '', '', '', '', '0', '', '', '2023-02-15 06:47:38'),
(247, 637, 1, 4, NULL, '', '', '', '', '0', '', '', '2023-02-15 06:47:38'),
(248, 638, 1, 4, NULL, '', '', '', '', '0', '', '', '2023-02-15 06:47:38'),
(249, 639, 1, 4, NULL, '', '', '', '', '0', '', '', '2023-02-15 06:47:38'),
(250, 640, 1, 4, NULL, '', '', '', '', '0', '', '', '2023-02-15 06:47:38'),
(251, 671, 1, 4, NULL, '', '', '', '', '0', '', '', '2023-02-15 06:47:38'),
(252, 672, 1, 4, NULL, '', '', '', '', '0', '', '', '2023-02-15 06:47:38'),
(253, 673, 1, 4, NULL, '', '', '', '', '0', '', '', '2023-02-15 06:47:38'),
(254, 674, 1, 4, NULL, '', '', '', '', '0', '', '', '2023-02-15 06:47:38'),
(255, 675, 1, 4, NULL, '', '', '', '', '0', '', '', '2023-02-15 06:47:38'),
(256, 706, 1, 4, NULL, '', '', '', '', '0', '', '', '2023-02-15 06:47:38'),
(257, 32, 1, 3, NULL, '', '', '', '', '0', '', '', '2023-02-15 06:47:38'),
(258, 33, 1, 3, NULL, '', '', '', '', '0', '', '', '2023-02-15 06:47:38'),
(259, 67, 1, 3, NULL, '', '', '', '', '0', '', '', '2023-02-15 06:47:38'),
(260, 68, 1, 3, NULL, '', '', '', '', '0', '', '', '2023-02-15 06:47:38'),
(261, 102, 1, 3, NULL, '', '', '', '', '0', '', '', '2023-02-15 06:47:38'),
(262, 103, 1, 3, NULL, '', '', '', '', '0', '', '', '2023-02-15 06:47:38'),
(263, 137, 1, 3, NULL, '', '', '', '', '0', '', '', '2023-02-15 06:47:38'),
(264, 138, 1, 3, NULL, '', '', '', '', '0', '', '', '2023-02-15 06:47:38'),
(265, 172, 1, 3, NULL, '', '', '', '', '0', '', '', '2023-02-15 06:47:38'),
(266, 173, 1, 3, NULL, '', '', '', '', '0', '', '', '2023-02-15 06:47:38'),
(267, 207, 1, 3, NULL, '', '', '', '', '0', '', '', '2023-02-15 06:47:38'),
(268, 208, 1, 3, NULL, '', '', '', '', '0', '', '', '2023-02-15 06:47:38'),
(269, 242, 1, 3, NULL, '', '', '', '', '0', '', '', '2023-02-15 06:47:38'),
(270, 243, 1, 3, NULL, '', '', '', '', '0', '', '', '2023-02-15 06:47:38'),
(271, 277, 1, 3, NULL, '', '', '', '', '0', '', '', '2023-02-15 06:47:38'),
(272, 278, 1, 3, NULL, '', '', '', '', '0', '', '', '2023-02-15 06:47:38'),
(273, 312, 1, 3, NULL, '', '', '', '', '0', '', '', '2023-02-15 06:47:38'),
(274, 313, 1, 3, NULL, '', '', '', '', '0', '', '', '2023-02-15 06:47:38'),
(275, 347, 1, 3, NULL, '', '', '', '', '0', '', '', '2023-02-15 06:47:38'),
(276, 348, 1, 3, NULL, '', '', '', '', '0', '', '', '2023-02-15 06:47:38'),
(277, 382, 1, 3, NULL, '', '', '', '', '0', '', '', '2023-02-15 06:47:38'),
(278, 383, 1, 3, NULL, '', '', '', '', '0', '', '', '2023-02-15 06:47:38'),
(279, 417, 1, 3, NULL, '', '', '', '', '0', '', '', '2023-02-15 06:47:38'),
(280, 418, 1, 3, NULL, '', '', '', '', '0', '', '', '2023-02-15 06:47:38'),
(281, 452, 1, 3, NULL, '', '', '', '', '0', '', '', '2023-02-15 06:47:38'),
(282, 453, 1, 3, NULL, '', '', '', '', '0', '', '', '2023-02-15 06:47:38'),
(283, 487, 1, 3, NULL, '', '', '', '', '0', '', '', '2023-02-15 06:47:38'),
(284, 488, 1, 3, NULL, '', '', '', '', '0', '', '', '2023-02-15 06:47:38'),
(285, 522, 1, 3, NULL, '', '', '', '', '0', '', '', '2023-02-15 06:47:38'),
(286, 523, 1, 3, NULL, '', '', '', '', '0', '', '', '2023-02-15 06:47:38'),
(287, 557, 1, 3, NULL, '', '', '', '', '0', '', '', '2023-02-15 06:47:38'),
(288, 558, 1, 3, NULL, '', '', '', '', '0', '', '', '2023-02-15 06:47:38'),
(289, 592, 1, 3, NULL, '', '', '', '', '0', '', '', '2023-02-15 06:47:38'),
(290, 593, 1, 3, NULL, '', '', '', '', '0', '', '', '2023-02-15 06:47:38'),
(291, 627, 1, 3, NULL, '', '', '', '', '0', '', '', '2023-02-15 06:47:38'),
(292, 628, 1, 3, NULL, '', '', '', '', '0', '', '', '2023-02-15 06:47:38'),
(293, 662, 1, 3, NULL, '', '', '', '', '0', '', '', '2023-02-15 06:47:38'),
(294, 663, 1, 3, NULL, '', '', '', '', '0', '', '', '2023-02-15 06:47:38'),
(295, 697, 1, 3, NULL, '', '', '', '', '0', '', '', '2023-02-15 06:47:38'),
(296, 698, 1, 3, NULL, '', '', '', '', '0', '', '', '2023-02-15 06:47:38'),
(297, 732, 1, 3, NULL, '', '', '', '', '0', '', '', '2023-02-15 06:47:38'),
(298, 733, 1, 3, NULL, '', '', '', '', '0', '', '', '2023-02-15 06:47:38'),
(299, 767, 1, 3, NULL, '', '', '', '', '0', '', '', '2023-02-15 06:47:38'),
(300, 768, 1, 3, NULL, '', '', '', '', '0', '', '', '2023-02-15 06:47:38'),
(301, 802, 1, 3, NULL, '', '', '', '', '0', '', '', '2023-02-15 06:47:38'),
(302, 803, 1, 3, NULL, '', '', '', '', '0', '', '', '2023-02-15 06:47:38'),
(303, 837, 1, 3, NULL, '', '', '', '', '0', '', '', '2023-02-15 06:47:38'),
(304, 838, 1, 3, NULL, '', '', '', '', '0', '', '', '2023-02-15 06:47:38'),
(305, 872, 1, 3, NULL, '', '', '', '', '0', '', '', '2023-02-15 06:47:38'),
(306, 873, 1, 3, NULL, '', '', '', '', '0', '', '', '2023-02-15 06:47:38'),
(307, 907, 1, 3, NULL, '', '', '', '', '0', '', '', '2023-02-15 06:47:38'),
(308, 908, 1, 3, NULL, '', '', '', '', '0', '', '', '2023-02-15 06:47:38'),
(309, 942, 1, 3, NULL, '', '', '', '', '0', '', '', '2023-02-15 06:47:38'),
(310, 943, 1, 3, NULL, '', '', '', '', '0', '', '', '2023-02-15 06:47:38'),
(311, 977, 1, 3, NULL, '', '', '', '', '0', '', '', '2023-02-15 06:47:38'),
(312, 978, 1, 3, NULL, '', '', '', '', '0', '', '', '2023-02-15 06:47:38'),
(313, 1012, 1, 3, NULL, '', '', '', '', '0', '', '', '2023-02-15 06:47:38'),
(314, 1013, 1, 3, NULL, '', '', '', '', '0', '', '', '2023-02-15 06:47:38'),
(315, 862, 1, 2, NULL, '', '', '', '', '0', '', '', '2023-02-15 06:47:38'),
(316, 863, 1, 2, NULL, '', '', '', '', '0', '', '', '2023-02-15 06:47:38'),
(317, 864, 1, 2, NULL, '', '', '', '', '0', '', '', '2023-02-15 06:47:38'),
(318, 865, 1, 2, NULL, '', '', '', '', '0', '', '', '2023-02-15 06:47:38'),
(319, 866, 1, 2, NULL, '', '', '', '', '0', '', '', '2023-02-15 06:47:38'),
(320, 867, 1, 2, NULL, '', '', '', '', '0', '', '', '2023-02-15 06:47:38'),
(321, 868, 1, 2, NULL, '', '', '', '', '0', '', '', '2023-02-15 06:47:38'),
(322, 869, 1, 2, NULL, '', '', '', '', '0', '', '', '2023-02-15 06:47:38'),
(323, 896, 1, 2, NULL, '', '', '', '', '0', '', '', '2023-02-15 06:47:38'),
(324, 897, 1, 2, NULL, '', '', '', '', '0', '', '', '2023-02-15 06:47:38'),
(325, 898, 1, 2, NULL, '', '', '', '', '0', '', '', '2023-02-15 06:47:38'),
(326, 899, 1, 2, NULL, '', '', '', '', '0', '', '', '2023-02-15 06:47:38'),
(327, 900, 1, 2, NULL, '', '', '', '', '0', '', '', '2023-02-15 06:47:38'),
(328, 901, 1, 2, NULL, '', '', '', '', '0', '', '', '2023-02-15 06:47:38'),
(329, 902, 1, 2, NULL, '', '', '', '', '0', '', '', '2023-02-15 06:47:38'),
(330, 903, 1, 2, NULL, '', '', '', '', '0', '', '', '2023-02-15 06:47:38'),
(331, 904, 1, 2, NULL, '', '', '', '', '0', '', '', '2023-02-15 06:47:38'),
(332, 931, 1, 2, NULL, '', '', '', '', '0', '', '', '2023-02-15 06:47:38'),
(333, 932, 1, 2, NULL, '', '', '', '', '0', '', '', '2023-02-15 06:47:38'),
(334, 933, 1, 2, NULL, '', '', '', '', '0', '', '', '2023-02-15 06:47:38'),
(335, 934, 1, 2, NULL, '', '', '', '', '0', '', '', '2023-02-15 06:47:38'),
(336, 935, 1, 2, NULL, '', '', '', '', '0', '', '', '2023-02-15 06:47:38'),
(337, 936, 1, 2, NULL, '', '', '', '', '0', '', '', '2023-02-15 06:47:38'),
(338, 937, 1, 2, NULL, '', '', '', '', '0', '', '', '2023-02-15 06:47:38'),
(339, 938, 1, 2, NULL, '', '', '', '', '0', '', '', '2023-02-15 06:47:38'),
(340, 939, 1, 2, NULL, '', '', '', '', '0', '', '', '2023-02-15 06:47:38'),
(341, 966, 1, 2, NULL, '', '', '', '', '0', '', '', '2023-02-15 06:47:38'),
(342, 967, 1, 2, NULL, '', '', '', '', '0', '', '', '2023-02-15 06:47:38'),
(343, 968, 1, 2, NULL, '', '', '', '', '0', '', '', '2023-02-15 06:47:38'),
(344, 969, 1, 2, NULL, '', '', '', '', '0', '', '', '2023-02-15 06:47:38'),
(345, 970, 1, 2, NULL, '', '', '', '', '0', '', '', '2023-02-15 06:47:38'),
(346, 971, 1, 2, NULL, '', '', '', '', '0', '', '', '2023-02-15 06:47:38'),
(347, 972, 1, 2, NULL, '', '', '', '', '0', '', '', '2023-02-15 06:47:38'),
(348, 973, 1, 2, NULL, '', '', '', '', '0', '', '', '2023-02-15 06:47:38'),
(349, 974, 1, 2, NULL, '', '', '', '', '0', '', '', '2023-02-15 06:47:38'),
(350, 1001, 1, 2, NULL, '', '', '', '', '0', '', '', '2023-02-15 06:47:38'),
(351, 1002, 1, 2, NULL, '', '', '', '', '0', '', '', '2023-02-15 06:47:38'),
(352, 1003, 1, 2, NULL, '', '', '', '', '0', '', '', '2023-02-15 06:47:38'),
(353, 1004, 1, 2, NULL, '', '', '', '', '0', '', '', '2023-02-15 06:47:38'),
(354, 1005, 1, 2, NULL, '', '', '', '', '0', '', '', '2023-02-15 06:47:38'),
(355, 1006, 1, 2, NULL, '', '', '', '', '0', '', '', '2023-02-15 06:47:38'),
(356, 1007, 1, 2, NULL, '', '', '', '', '0', '', '', '2023-02-15 06:47:38'),
(357, 1008, 1, 2, NULL, '', '', '', '', '0', '', '', '2023-02-15 06:47:38'),
(358, 1009, 1, 2, NULL, '', '', '', '', '0', '', '', '2023-02-15 06:47:38'),
(359, 31, 1, 2, NULL, '', '', '', '', '0', '', '', '2023-02-15 06:47:38'),
(360, 65, 1, 2, NULL, '', '', '', '', '0', '', '', '2023-02-15 06:47:38'),
(361, 66, 1, 2, NULL, '', '', '', '', '0', '', '', '2023-02-15 06:47:38'),
(362, 100, 1, 2, NULL, '', '', '', '', '0', '', '', '2023-02-15 06:47:38'),
(363, 101, 1, 2, NULL, '', '', '', '', '0', '', '', '2023-02-15 06:47:38'),
(364, 135, 1, 2, NULL, '', '', '', '', '0', '', '', '2023-02-15 06:47:38'),
(365, 136, 1, 2, NULL, '', '', '', '', '0', '', '', '2023-02-15 06:47:38'),
(366, 170, 1, 2, NULL, '', '', '', '', '0', '', '', '2023-02-15 06:47:38'),
(367, 171, 1, 2, NULL, '', '', '', '', '0', '', '', '2023-02-15 06:47:38'),
(368, 206, 1, 2, NULL, '', '', '', '', '0', '', '', '2023-02-15 06:47:38'),
(369, 240, 1, 2, NULL, '', '', '', '', '0', '', '', '2023-02-15 06:47:38'),
(370, 241, 1, 2, NULL, '', '', '', '', '0', '', '', '2023-02-15 06:47:38'),
(371, 275, 1, 2, NULL, '', '', '', '', '0', '', '', '2023-02-15 06:47:38'),
(372, 276, 1, 2, NULL, '', '', '', '', '0', '', '', '2023-02-15 06:47:38'),
(373, 310, 1, 2, NULL, '', '', '', '', '0', '', '', '2023-02-15 06:47:38'),
(374, 311, 1, 2, NULL, '', '', '', '', '0', '', '', '2023-02-15 06:47:38'),
(375, 345, 1, 2, NULL, '', '', '', '', '0', '', '', '2023-02-15 06:47:38'),
(376, 346, 1, 2, NULL, '', '', '', '', '0', '', '', '2023-02-15 06:47:38'),
(377, 380, 1, 2, NULL, '', '', '', '', '0', '', '', '2023-02-15 06:47:38'),
(378, 381, 1, 2, NULL, '', '', '', '', '0', '', '', '2023-02-15 06:47:38'),
(379, 415, 1, 2, NULL, '', '', '', '', '0', '', '', '2023-02-15 06:47:38'),
(380, 416, 1, 2, NULL, '', '', '', '', '0', '', '', '2023-02-15 06:47:38'),
(381, 450, 1, 2, NULL, '', '', '', '', '0', '', '', '2023-02-15 06:47:38'),
(382, 451, 1, 2, NULL, '', '', '', '', '0', '', '', '2023-02-15 06:47:38'),
(383, 485, 1, 2, NULL, '', '', '', '', '0', '', '', '2023-02-15 06:47:38'),
(384, 486, 1, 2, NULL, '', '', '', '', '0', '', '', '2023-02-15 06:47:38'),
(385, 520, 1, 2, NULL, '', '', '', '', '0', '', '', '2023-02-15 06:47:38'),
(386, 521, 1, 2, NULL, '', '', '', '', '0', '', '', '2023-02-15 06:47:38'),
(387, 555, 1, 2, NULL, '', '', '', '', '0', '', '', '2023-02-15 06:47:38'),
(388, 556, 1, 2, NULL, '', '', '', '', '0', '', '', '2023-02-15 06:47:38'),
(389, 590, 1, 2, NULL, '', '', '', '', '0', '', '', '2023-02-15 06:47:38'),
(390, 591, 1, 2, NULL, '', '', '', '', '0', '', '', '2023-02-15 06:47:38'),
(391, 625, 1, 2, NULL, '', '', '', '', '0', '', '', '2023-02-15 06:47:38'),
(392, 626, 1, 2, NULL, '', '', '', '', '0', '', '', '2023-02-15 06:47:38'),
(393, 660, 1, 2, NULL, '', '', '', '', '0', '', '', '2023-02-15 06:47:38'),
(394, 661, 1, 2, NULL, '', '', '', '', '0', '', '', '2023-02-15 06:47:38'),
(395, 695, 1, 2, NULL, '', '', '', '', '0', '', '', '2023-02-15 06:47:38'),
(396, 696, 1, 2, NULL, '', '', '', '', '0', '', '', '2023-02-15 06:47:38'),
(397, 730, 1, 2, NULL, '', '', '', '', '0', '', '', '2023-02-15 06:47:38'),
(398, 765, 1, 2, NULL, '', '', '', '', '0', '', '', '2023-02-15 06:47:38'),
(399, 766, 1, 2, NULL, '', '', '', '', '0', '', '', '2023-02-15 06:47:38'),
(400, 800, 1, 2, NULL, '', '', '', '', '0', '', '', '2023-02-15 06:47:38'),
(401, 801, 1, 2, NULL, '', '', '', '', '0', '', '', '2023-02-15 06:47:38'),
(402, 835, 1, 2, NULL, '', '', '', '', '0', '', '', '2023-02-15 06:47:38'),
(403, 836, 1, 2, NULL, '', '', '', '', '0', '', '', '2023-02-15 06:47:38'),
(404, 870, 1, 2, NULL, '', '', '', '', '0', '', '', '2023-02-15 06:47:38'),
(405, 871, 1, 2, NULL, '', '', '', '', '0', '', '', '2023-02-15 06:47:38'),
(406, 905, 1, 2, NULL, '', '', '', '', '0', '', '', '2023-02-15 06:47:38'),
(407, 906, 1, 2, NULL, '', '', '', '', '0', '', '', '2023-02-15 06:47:38'),
(408, 940, 1, 2, NULL, '', '', '', '', '0', '', '', '2023-02-15 06:47:38'),
(409, 941, 1, 2, NULL, '', '', '', '', '0', '', '', '2023-02-15 06:47:38'),
(410, 975, 1, 2, NULL, '', '', '', '', '0', '', '', '2023-02-15 06:47:38'),
(411, 976, 1, 2, NULL, '', '', '', '', '0', '', '', '2023-02-15 06:47:38'),
(412, 1010, 1, 2, NULL, '', '', '', '', '0', '', '', '2023-02-15 06:47:38'),
(413, 1011, 1, 2, NULL, '', '', '', '', '0', '', '', '2023-02-15 06:47:38'),
(414, 20, 1, 1, NULL, '', '', '', '', '0', '', '', '2023-02-15 06:47:38'),
(415, 34, 1, 1, NULL, '', '', '', '', '0', '', '', '2023-02-15 06:47:38'),
(416, 55, 1, 1, NULL, '', '', '', '', '0', '', '', '2023-02-15 06:47:38'),
(417, 69, 1, 1, NULL, '', '', '', '', '0', '', '', '2023-02-15 06:47:38'),
(418, 70, 1, 1, NULL, '', '', '', '', '0', '', '', '2023-02-15 06:47:38'),
(419, 90, 1, 1, NULL, '', '', '', '', '0', '', '', '2023-02-15 06:47:38'),
(420, 104, 1, 1, NULL, '', '', '', '', '0', '', '', '2023-02-15 06:47:38'),
(421, 105, 1, 1, NULL, '', '', '', '', '0', '', '', '2023-02-15 06:47:38'),
(422, 125, 1, 1, NULL, '', '', '', '', '0', '', '', '2023-02-15 06:47:38'),
(423, 139, 1, 1, NULL, '', '', '', '', '0', '', '', '2023-02-15 06:47:38'),
(424, 140, 1, 1, NULL, '', '', '', '', '0', '', '', '2023-02-15 06:47:38'),
(425, 174, 1, 1, NULL, '', '', '', '', '0', '', '', '2023-02-15 06:47:38'),
(426, 175, 1, 1, NULL, '', '', '', '', '0', '', '', '2023-02-15 06:47:38'),
(427, 195, 1, 1, NULL, '', '', '', '', '0', '', '', '2023-02-15 06:47:38'),
(428, 209, 1, 1, NULL, '', '', '', '', '0', '', '', '2023-02-15 06:47:38'),
(429, 210, 1, 1, NULL, '', '', '', '', '0', '', '', '2023-02-15 06:47:38'),
(430, 230, 1, 1, NULL, '', '', '', '', '0', '', '', '2023-02-15 06:47:38'),
(431, 244, 1, 1, NULL, '', '', '', '', '0', '', '', '2023-02-15 06:47:38'),
(432, 245, 1, 1, NULL, '', '', '', '', '0', '', '', '2023-02-15 06:47:38'),
(433, 265, 1, 1, NULL, '', '', '', '', '0', '', '', '2023-02-15 06:47:38'),
(434, 279, 1, 1, NULL, '', '', '', '', '0', '', '', '2023-02-15 06:47:38'),
(435, 280, 1, 1, NULL, '', '', '', '', '0', '', '', '2023-02-15 06:47:38'),
(436, 300, 1, 1, NULL, '', '', '', '', '0', '', '', '2023-02-15 06:47:38'),
(437, 314, 1, 1, NULL, '', '', '', '', '0', '', '', '2023-02-15 06:47:38'),
(438, 315, 1, 1, NULL, '', '', '', '', '0', '', '', '2023-02-15 06:47:38'),
(439, 335, 1, 1, NULL, '', '', '', '', '0', '', '', '2023-02-15 06:47:38'),
(440, 349, 1, 1, NULL, '', '', '', '', '0', '', '', '2023-02-15 06:47:38'),
(441, 350, 1, 1, NULL, '', '', '', '', '0', '', '', '2023-02-15 06:47:38'),
(442, 370, 1, 1, NULL, '', '', '', '', '0', '', '', '2023-02-15 06:47:38'),
(443, 385, 1, 1, NULL, '', '', '', '', '0', '', '', '2023-02-15 06:47:38'),
(444, 405, 1, 1, NULL, '', '', '', '', '0', '', '', '2023-02-15 06:47:38'),
(445, 419, 1, 1, NULL, '', '', '', '', '0', '', '', '2023-02-15 06:47:38'),
(446, 440, 1, 1, NULL, '', '', '', '', '0', '', '', '2023-02-15 06:47:38'),
(447, 454, 1, 1, NULL, '', '', '', '', '0', '', '', '2023-02-15 06:47:38'),
(448, 455, 1, 1, NULL, '', '', '', '', '0', '', '', '2023-02-15 06:47:38'),
(449, 475, 1, 1, NULL, '', '', '', '', '0', '', '', '2023-02-15 06:47:38'),
(450, 489, 1, 1, NULL, '', '', '', '', '0', '', '', '2023-02-15 06:47:38'),
(451, 490, 1, 1, NULL, '', '', '', '', '0', '', '', '2023-02-15 06:47:38'),
(452, 510, 1, 1, NULL, '', '', '', '', '0', '', '', '2023-02-15 06:47:38'),
(453, 524, 1, 1, NULL, '', '', '', '', '0', '', '', '2023-02-15 06:47:38'),
(454, 525, 1, 1, NULL, '', '', '', '', '0', '', '', '2023-02-15 06:47:38'),
(455, 545, 1, 1, NULL, '', '', '', '', '0', '', '', '2023-02-15 06:47:38'),
(456, 559, 1, 1, NULL, '', '', '', '', '0', '', '', '2023-02-15 06:47:38'),
(457, 560, 1, 1, NULL, '', '', '', '', '0', '', '', '2023-02-15 06:47:38'),
(458, 594, 1, 1, NULL, '', '', '', '', '0', '', '', '2023-02-15 06:47:38'),
(459, 595, 1, 1, NULL, '', '', '', '', '0', '', '', '2023-02-15 06:47:38'),
(460, 615, 1, 1, NULL, '', '', '', '', '0', '', '', '2023-02-15 06:47:38'),
(461, 629, 1, 1, NULL, '', '', '', '', '0', '', '', '2023-02-15 06:47:38'),
(462, 630, 1, 1, NULL, '', '', '', '', '0', '', '', '2023-02-15 06:47:38'),
(463, 650, 1, 1, NULL, '', '', '', '', '0', '', '', '2023-02-15 06:47:38'),
(464, 664, 1, 1, NULL, '', '', '', '', '0', '', '', '2023-02-15 06:47:38'),
(465, 665, 1, 1, NULL, '', '', '', '', '0', '', '', '2023-02-15 06:47:38'),
(466, 685, 1, 1, NULL, '', '', '', '', '0', '', '', '2023-02-15 06:47:38'),
(467, 699, 1, 1, NULL, '', '', '', '', '0', '', '', '2023-02-15 06:47:38'),
(468, 700, 1, 1, NULL, '', '', '', '', '0', '', '', '2023-02-15 06:47:38'),
(469, 720, 1, 1, NULL, '', '', '', '', '0', '', '', '2023-02-15 06:47:38'),
(470, 734, 1, 1, NULL, '', '', '', '', '0', '', '', '2023-02-15 06:47:38'),
(471, 735, 1, 1, NULL, '', '', '', '', '0', '', '', '2023-02-15 06:47:38'),
(472, 755, 1, 1, NULL, '', '', '', '', '0', '', '', '2023-02-15 06:47:38'),
(473, 769, 1, 1, NULL, '', '', '', '', '0', '', '', '2023-02-15 06:47:38'),
(474, 770, 1, 1, NULL, '', '', '', '', '0', '', '', '2023-02-15 06:47:38'),
(475, 790, 1, 1, NULL, '', '', '', '', '0', '', '', '2023-02-15 06:47:38'),
(476, 805, 1, 1, NULL, '', '', '', '', '0', '', '', '2023-02-15 06:47:38'),
(477, 825, 1, 1, NULL, '', '', '', '', '0', '', '', '2023-02-15 06:47:38'),
(478, 839, 1, 1, NULL, '', '', '', '', '0', '', '', '2023-02-15 06:47:38'),
(479, 840, 1, 1, NULL, '', '', '', '', '0', '', '', '2023-02-15 06:47:38'),
(480, 860, 1, 1, NULL, '', '', '', '', '0', '', '', '2023-02-15 06:47:38'),
(481, 874, 1, 1, NULL, '', '', '', '', '0', '', '', '2023-02-15 06:47:38'),
(482, 875, 1, 1, NULL, '', '', '', '', '0', '', '', '2023-02-15 06:47:38'),
(483, 895, 1, 1, NULL, '', '', '', '', '0', '', '', '2023-02-15 06:47:38'),
(484, 909, 1, 1, NULL, '', '', '', '', '0', '', '', '2023-02-15 06:47:38'),
(485, 910, 1, 1, NULL, '', '', '', '', '0', '', '', '2023-02-15 06:47:38'),
(486, 930, 1, 1, NULL, '', '', '', '', '0', '', '', '2023-02-15 06:47:38'),
(487, 944, 1, 1, NULL, '', '', '', '', '0', '', '', '2023-02-15 06:47:38'),
(488, 945, 1, 1, NULL, '', '', '', '', '0', '', '', '2023-02-15 06:47:38'),
(489, 965, 1, 1, NULL, '', '', '', '', '0', '', '', '2023-02-15 06:47:38'),
(490, 979, 1, 1, NULL, '', '', '', '', '0', '', '', '2023-02-15 06:47:38'),
(491, 980, 1, 1, NULL, '', '', '', '', '0', '', '', '2023-02-15 06:47:38'),
(492, 1000, 1, 1, NULL, '', '', '', '', '0', '', '', '2023-02-15 06:47:38'),
(493, 1014, 1, 1, NULL, '', '', '', '', '0', '', '', '2023-02-15 06:47:38'),
(494, 1015, 1, 1, NULL, '', '', '', '', '0', '', '', '2023-02-15 06:47:38'),
(495, 1019, 1, 6, NULL, '', '', '', '', '0', '', '', '2023-02-15 06:47:38'),
(496, 1020, 1, 6, NULL, '', '', '', '', '0', '', '', '2023-02-15 06:47:38'),
(497, 11, 1, 7, NULL, '', '', '', '', '0', '', '', '2023-02-15 06:47:38'),
(498, 12, 1, 7, NULL, '', '', '', '', '0', '', '', '2023-02-15 06:47:38'),
(500, 3, 1, 7, NULL, '', '', '', '', '0', '', '', '2023-02-15 06:47:38'),
(501, 4, 1, 7, NULL, '', '', '', '', '0', '', '', '2023-02-15 06:47:38'),
(502, 5, 1, 7, 'In Progress', '', '', '', '', '0', '', '', '2023-02-15 06:47:38'),
(503, 6, 1, 7, NULL, '', '', '', '', '0', '', '', '2023-02-15 06:47:38'),
(504, 10, 1, 7, 'In Progress', '', '', '', '', '0', '', '', '2023-02-15 06:47:38'),
(505, 13, 1, 7, NULL, '', '', '', '', '0', '', '', '2023-02-15 06:47:38'),
(507, 15, 1, 7, NULL, '', '', '', '', '0', '', '', '2023-02-15 06:47:38'),
(508, 16, 1, 7, NULL, '', '', '', '', '0', '', '', '2023-02-15 06:47:38'),
(509, 17, 1, 7, NULL, '', '', '', '', '0', '', '', '2023-02-15 06:47:38'),
(510, 18, 1, 7, NULL, '', '', '', '', '0', '', '', '2023-02-15 06:47:38'),
(511, 19, 1, 7, NULL, '', '', '', '', '0', '', '', '2023-02-15 06:47:38'),
(512, 20, 1, 7, NULL, '', '', '', '', '0', '', '', '2023-02-15 06:47:38'),
(513, 21, 1, 7, NULL, '', '', '', '', '0', '', '', '2023-02-15 06:47:38'),
(514, 22, 1, 7, NULL, '', '', '', '', '0', '', '', '2023-02-15 06:47:38'),
(515, 23, 1, 7, NULL, '', '', '', '', '0', '', '', '2023-02-15 06:47:38'),
(516, 24, 1, 7, NULL, '', '', '', '', '0', '', '', '2023-02-15 06:47:38'),
(517, 25, 1, 7, NULL, '', '', '', '', '0', '', '', '2023-02-15 06:47:38'),
(518, 26, 1, 7, NULL, '', '', '', '', '0', '', '', '2023-02-15 06:47:38'),
(519, 27, 1, 7, NULL, '', '', '', '', '0', '', '', '2023-02-15 06:47:38'),
(520, 28, 1, 7, NULL, '', '', '', '', '0', '', '', '2023-02-15 06:47:38'),
(521, 29, 1, 7, NULL, '', '', '', '', '0', '', '', '2023-02-15 06:47:38'),
(522, 30, 1, 7, NULL, '', '', '', '', '0', '', '', '2023-02-15 06:47:38'),
(523, 31, 1, 7, NULL, '', '', '', '', '0', '', '', '2023-02-15 06:47:38'),
(524, 32, 1, 7, NULL, '', '', '', '', '0', '', '', '2023-02-15 06:47:38'),
(525, 33, 1, 7, NULL, '', '', '', '', '0', '', '', '2023-02-15 06:47:38'),
(526, 34, 1, 7, NULL, '', '', '', '', '0', '', '', '2023-02-15 06:47:38'),
(527, 35, 1, 7, NULL, '', '', '', '', '0', '', '', '2023-02-15 06:47:38'),
(528, 36, 1, 7, NULL, '', '', '', '', '0', '', '', '2023-02-15 06:47:38'),
(529, 37, 1, 7, NULL, '', '', '', '', '0', '', '', '2023-02-15 06:47:38'),
(530, 38, 1, 7, NULL, '', '', '', '', '0', '', '', '2023-02-15 06:47:38'),
(531, 39, 1, 7, NULL, '', '', '', '', '0', '', '', '2023-02-15 06:47:38'),
(532, 40, 1, 7, NULL, '', '', '', '', '0', '', '', '2023-02-15 06:47:38'),
(534, 41, 1, 7, NULL, '', '', '', '', '0', '', '', '2023-02-15 06:47:38'),
(535, 3, 1, 7, NULL, '', '', '', '', '0', '', '', '2023-02-15 06:47:38'),
(536, 42, 1, 7, NULL, '', '', '', '', '0', '', '', '2023-02-15 06:47:38'),
(537, 4, 1, 7, NULL, '', '', '', '', '0', '', '', '2023-02-15 06:47:38'),
(538, 43, 1, 7, NULL, '', '', '', '', '0', '', '', '2023-02-15 06:47:38'),
(539, 5, 1, 7, 'In Progress', '', '', '', '', '0', '', '', '2023-02-15 06:47:38'),
(540, 44, 1, 7, NULL, '', '', '', '', '0', '', '', '2023-02-15 06:47:38'),
(541, 6, 1, 7, NULL, '', '', '', '', '0', '', '', '2023-02-15 06:47:38'),
(542, 45, 1, 7, NULL, '', '', '', '', '0', '', '', '2023-02-15 06:47:38'),
(544, 46, 1, 7, NULL, '', '', '', '', '0', '', '', '2023-02-15 06:47:38'),
(545, 13, 1, 7, NULL, '', '', '', '', '0', '', '', '2023-02-15 06:47:38'),
(546, 47, 1, 7, NULL, '', '', '', '', '0', '', '', '2023-02-15 06:47:38'),
(548, 48, 1, 7, NULL, '', '', '', '', '0', '', '', '2023-02-15 06:47:38'),
(549, 15, 1, 7, NULL, '', '', '', '', '0', '', '', '2023-02-15 06:47:38'),
(550, 49, 1, 7, NULL, '', '', '', '', '0', '', '', '2023-02-15 06:47:38'),
(551, 16, 1, 7, NULL, '', '', '', '', '0', '', '', '2023-02-15 06:47:38'),
(552, 50, 1, 7, NULL, '', '', '', '', '0', '', '', '2023-02-15 06:47:38'),
(553, 17, 1, 7, NULL, '', '', '', '', '0', '', '', '2023-02-15 06:47:38'),
(554, 51, 1, 7, NULL, '', '', '', '', '0', '', '', '2023-02-15 06:47:38'),
(555, 18, 1, 7, NULL, '', '', '', '', '0', '', '', '2023-02-15 06:47:38'),
(556, 52, 1, 7, NULL, '', '', '', '', '0', '', '', '2023-02-15 06:47:38'),
(557, 19, 1, 7, NULL, '', '', '', '', '0', '', '', '2023-02-15 06:47:38'),
(558, 53, 1, 7, NULL, '', '', '', '', '0', '', '', '2023-02-15 06:47:38'),
(559, 20, 1, 7, NULL, '', '', '', '', '0', '', '', '2023-02-15 06:47:38'),
(560, 54, 1, 7, NULL, '', '', '', '', '0', '', '', '2023-02-15 06:47:38'),
(561, 21, 1, 7, NULL, '', '', '', '', '0', '', '', '2023-02-15 06:47:38'),
(562, 55, 1, 7, NULL, '', '', '', '', '0', '', '', '2023-02-15 06:47:38'),
(563, 22, 1, 7, NULL, '', '', '', '', '0', '', '', '2023-02-15 06:47:38'),
(564, 56, 1, 7, NULL, '', '', '', '', '0', '', '', '2023-02-15 06:47:38'),
(565, 23, 1, 7, NULL, '', '', '', '', '0', '', '', '2023-02-15 06:47:38'),
(566, 57, 1, 7, NULL, '', '', '', '', '0', '', '', '2023-02-15 06:47:38'),
(567, 24, 1, 7, NULL, '', '', '', '', '0', '', '', '2023-02-15 06:47:38'),
(568, 58, 1, 7, NULL, '', '', '', '', '0', '', '', '2023-02-15 06:47:38'),
(569, 25, 1, 7, NULL, '', '', '', '', '0', '', '', '2023-02-15 06:47:38'),
(570, 59, 1, 7, NULL, '', '', '', '', '0', '', '', '2023-02-15 06:47:38'),
(571, 26, 1, 7, NULL, '', '', '', '', '0', '', '', '2023-02-15 06:47:38'),
(572, 60, 1, 7, NULL, '', '', '', '', '0', '', '', '2023-02-15 06:47:38'),
(573, 27, 1, 7, NULL, '', '', '', '', '0', '', '', '2023-02-15 06:47:38'),
(574, 61, 1, 7, NULL, '', '', '', '', '0', '', '', '2023-02-15 06:47:38'),
(575, 28, 1, 7, NULL, '', '', '', '', '0', '', '', '2023-02-15 06:47:38'),
(576, 62, 1, 7, NULL, '', '', '', '', '0', '', '', '2023-02-15 06:47:38'),
(577, 29, 1, 7, NULL, '', '', '', '', '0', '', '', '2023-02-15 06:47:38'),
(578, 63, 1, 7, NULL, '', '', '', '', '0', '', '', '2023-02-15 06:47:38'),
(579, 30, 1, 7, NULL, '', '', '', '', '0', '', '', '2023-02-15 06:47:38'),
(580, 64, 1, 7, NULL, '', '', '', '', '0', '', '', '2023-02-15 06:47:38'),
(581, 31, 1, 7, NULL, '', '', '', '', '0', '', '', '2023-02-15 06:47:38'),
(582, 65, 1, 7, NULL, '', '', '', '', '0', '', '', '2023-02-15 06:47:38'),
(583, 32, 1, 7, NULL, '', '', '', '', '0', '', '', '2023-02-15 06:47:38'),
(584, 66, 1, 7, NULL, '', '', '', '', '0', '', '', '2023-02-15 06:47:38'),
(585, 33, 1, 7, NULL, '', '', '', '', '0', '', '', '2023-02-15 06:47:38'),
(586, 67, 1, 7, NULL, '', '', '', '', '0', '', '', '2023-02-15 06:47:38'),
(587, 34, 1, 7, NULL, '', '', '', '', '0', '', '', '2023-02-15 06:47:38'),
(588, 68, 1, 7, NULL, '', '', '', '', '0', '', '', '2023-02-15 06:47:38'),
(589, 35, 1, 7, NULL, '', '', '', '', '0', '', '', '2023-02-15 06:47:38'),
(590, 69, 1, 7, NULL, '', '', '', '', '0', '', '', '2023-02-15 06:47:38'),
(591, 36, 1, 7, NULL, '', '', '', '', '0', '', '', '2023-02-15 06:47:38'),
(592, 70, 1, 7, NULL, '', '', '', '', '0', '', '', '2023-02-15 06:47:38'),
(593, 37, 1, 7, NULL, '', '', '', '', '0', '', '', '2023-02-15 06:47:38'),
(594, 71, 1, 7, NULL, '', '', '', '', '0', '', '', '2023-02-15 06:47:38'),
(595, 38, 1, 7, NULL, '', '', '', '', '0', '', '', '2023-02-15 06:47:38'),
(596, 72, 1, 7, NULL, '', '', '', '', '0', '', '', '2023-02-15 06:47:38'),
(597, 39, 1, 7, NULL, '', '', '', '', '0', '', '', '2023-02-15 06:47:38'),
(598, 73, 1, 7, NULL, '', '', '', '', '0', '', '', '2023-02-15 06:47:38'),
(599, 40, 1, 7, NULL, '', '', '', '', '0', '', '', '2023-02-15 06:47:38'),
(600, 74, 1, 7, NULL, '', '', '', '', '0', '', '', '2023-02-15 06:47:38'),
(601, 41, 1, 7, NULL, '', '', '', '', '0', '', '', '2023-02-15 06:47:38'),
(602, 75, 1, 7, NULL, '', '', '', '', '0', '', '', '2023-02-15 06:47:38'),
(603, 42, 1, 7, NULL, '', '', '', '', '0', '', '', '2023-02-15 06:47:38'),
(604, 76, 1, 7, NULL, '', '', '', '', '0', '', '', '2023-02-15 06:47:38'),
(605, 43, 1, 7, NULL, '', '', '', '', '0', '', '', '2023-02-15 06:47:38'),
(606, 77, 1, 7, NULL, '', '', '', '', '0', '', '', '2023-02-15 06:47:38'),
(607, 44, 1, 7, NULL, '', '', '', '', '0', '', '', '2023-02-15 06:47:38'),
(608, 78, 1, 7, NULL, '', '', '', '', '0', '', '', '2023-02-15 06:47:38'),
(609, 45, 1, 7, NULL, '', '', '', '', '0', '', '', '2023-02-15 06:47:38'),
(610, 79, 1, 7, NULL, '', '', '', '', '0', '', '', '2023-02-15 06:47:38'),
(611, 46, 1, 7, NULL, '', '', '', '', '0', '', '', '2023-02-15 06:47:38'),
(612, 80, 1, 7, NULL, '', '', '', '', '0', '', '', '2023-02-15 06:47:38'),
(613, 47, 1, 7, NULL, '', '', '', '', '0', '', '', '2023-02-15 06:47:38'),
(614, 81, 1, 7, NULL, '', '', '', '', '0', '', '', '2023-02-15 06:47:38'),
(615, 48, 1, 7, NULL, '', '', '', '', '0', '', '', '2023-02-15 06:47:38'),
(616, 82, 1, 7, NULL, '', '', '', '', '0', '', '', '2023-02-15 06:47:38'),
(617, 49, 1, 7, NULL, '', '', '', '', '0', '', '', '2023-02-15 06:47:38'),
(618, 83, 1, 7, NULL, '', '', '', '', '0', '', '', '2023-02-15 06:47:38'),
(619, 50, 1, 7, NULL, '', '', '', '', '0', '', '', '2023-02-15 06:47:38'),
(620, 84, 1, 7, NULL, '', '', '', '', '0', '', '', '2023-02-15 06:47:38'),
(621, 51, 1, 7, NULL, '', '', '', '', '0', '', '', '2023-02-15 06:47:38'),
(622, 85, 1, 7, NULL, '', '', '', '', '0', '', '', '2023-02-15 06:47:38'),
(623, 52, 1, 7, NULL, '', '', '', '', '0', '', '', '2023-02-15 06:47:38'),
(624, 86, 1, 7, NULL, '', '', '', '', '0', '', '', '2023-02-15 06:47:38'),
(625, 53, 1, 7, NULL, '', '', '', '', '0', '', '', '2023-02-15 06:47:38'),
(626, 87, 1, 7, NULL, '', '', '', '', '0', '', '', '2023-02-15 06:47:38'),
(627, 54, 1, 7, NULL, '', '', '', '', '0', '', '', '2023-02-15 06:47:38'),
(628, 88, 1, 7, NULL, '', '', '', '', '0', '', '', '2023-02-15 06:47:38'),
(629, 55, 1, 7, NULL, '', '', '', '', '0', '', '', '2023-02-15 06:47:38'),
(630, 89, 1, 7, NULL, '', '', '', '', '0', '', '', '2023-02-15 06:47:38'),
(631, 56, 1, 7, NULL, '', '', '', '', '0', '', '', '2023-02-15 06:47:38'),
(632, 90, 1, 7, NULL, '', '', '', '', '0', '', '', '2023-02-15 06:47:38'),
(633, 57, 1, 7, NULL, '', '', '', '', '0', '', '', '2023-02-15 06:47:38'),
(634, 91, 1, 7, NULL, '', '', '', '', '0', '', '', '2023-02-15 06:47:38'),
(635, 58, 1, 7, NULL, '', '', '', '', '0', '', '', '2023-02-15 06:47:38'),
(636, 92, 1, 7, NULL, '', '', '', '', '0', '', '', '2023-02-15 06:47:38'),
(637, 59, 1, 7, NULL, '', '', '', '', '0', '', '', '2023-02-15 06:47:38'),
(638, 93, 1, 7, NULL, '', '', '', '', '0', '', '', '2023-02-15 06:47:38'),
(639, 60, 1, 7, NULL, '', '', '', '', '0', '', '', '2023-02-15 06:47:38'),
(640, 94, 1, 7, NULL, '', '', '', '', '0', '', '', '2023-02-15 06:47:38'),
(641, 61, 1, 7, NULL, '', '', '', '', '0', '', '', '2023-02-15 06:47:38'),
(642, 95, 1, 7, NULL, '', '', '', '', '0', '', '', '2023-02-15 06:47:38'),
(643, 62, 1, 7, NULL, '', '', '', '', '0', '', '', '2023-02-15 06:47:38'),
(644, 96, 1, 7, NULL, '', '', '', '', '0', '', '', '2023-02-15 06:47:38'),
(645, 63, 1, 7, NULL, '', '', '', '', '0', '', '', '2023-02-15 06:47:38'),
(646, 97, 1, 7, NULL, '', '', '', '', '0', '', '', '2023-02-15 06:47:38'),
(647, 64, 1, 7, NULL, '', '', '', '', '0', '', '', '2023-02-15 06:47:38'),
(648, 98, 1, 7, NULL, '', '', '', '', '0', '', '', '2023-02-15 06:47:38'),
(649, 65, 1, 7, NULL, '', '', '', '', '0', '', '', '2023-02-15 06:47:38'),
(650, 99, 1, 7, NULL, '', '', '', '', '0', '', '', '2023-02-15 06:47:38'),
(651, 66, 1, 7, NULL, '', '', '', '', '0', '', '', '2023-02-15 06:47:38'),
(652, 100, 1, 7, NULL, '', '', '', '', '0', '', '', '2023-02-15 06:47:38'),
(653, 67, 1, 7, NULL, '', '', '', '', '0', '', '', '2023-02-15 06:47:38'),
(654, 101, 1, 7, NULL, '', '', '', '', '0', '', '', '2023-02-15 06:47:38'),
(655, 68, 1, 7, NULL, '', '', '', '', '0', '', '', '2023-02-15 06:47:38'),
(656, 102, 1, 7, NULL, '', '', '', '', '0', '', '', '2023-02-15 06:47:38'),
(657, 69, 1, 7, NULL, '', '', '', '', '0', '', '', '2023-02-15 06:47:38'),
(658, 103, 1, 7, NULL, '', '', '', '', '0', '', '', '2023-02-15 06:47:38'),
(659, 70, 1, 7, NULL, '', '', '', '', '0', '', '', '2023-02-15 06:47:38'),
(660, 104, 1, 7, NULL, '', '', '', '', '0', '', '', '2023-02-15 06:47:38'),
(661, 71, 1, 7, NULL, '', '', '', '', '0', '', '', '2023-02-15 06:47:38'),
(662, 105, 1, 7, NULL, '', '', '', '', '0', '', '', '2023-02-15 06:47:38'),
(663, 72, 1, 7, NULL, '', '', '', '', '0', '', '', '2023-02-15 06:47:38'),
(664, 106, 1, 7, NULL, '', '', '', '', '0', '', '', '2023-02-15 06:47:38'),
(665, 73, 1, 7, NULL, '', '', '', '', '0', '', '', '2023-02-15 06:47:38'),
(666, 74, 1, 7, NULL, '', '', '', '', '0', '', '', '2023-02-15 06:47:38'),
(667, 75, 1, 7, NULL, '', '', '', '', '0', '', '', '2023-02-15 06:47:38'),
(668, 76, 1, 7, NULL, '', '', '', '', '0', '', '', '2023-02-15 06:47:38'),
(669, 77, 1, 7, NULL, '', '', '', '', '0', '', '', '2023-02-15 06:47:38'),
(670, 78, 1, 7, NULL, '', '', '', '', '0', '', '', '2023-02-15 06:47:38'),
(671, 79, 1, 7, NULL, '', '', '', '', '0', '', '', '2023-02-15 06:47:38'),
(672, 80, 1, 7, NULL, '', '', '', '', '0', '', '', '2023-02-15 06:47:38'),
(673, 81, 1, 7, NULL, '', '', '', '', '0', '', '', '2023-02-15 06:47:38'),
(674, 82, 1, 7, NULL, '', '', '', '', '0', '', '', '2023-02-15 06:47:38'),
(675, 83, 1, 7, NULL, '', '', '', '', '0', '', '', '2023-02-15 06:47:38'),
(676, 84, 1, 7, NULL, '', '', '', '', '0', '', '', '2023-02-15 06:47:38'),
(677, 85, 1, 7, NULL, '', '', '', '', '0', '', '', '2023-02-15 06:47:38'),
(678, 86, 1, 7, NULL, '', '', '', '', '0', '', '', '2023-02-15 06:47:38'),
(679, 87, 1, 7, NULL, '', '', '', '', '0', '', '', '2023-02-15 06:47:38'),
(680, 88, 1, 7, NULL, '', '', '', '', '0', '', '', '2023-02-15 06:47:38'),
(681, 89, 1, 7, NULL, '', '', '', '', '0', '', '', '2023-02-15 06:47:38'),
(682, 90, 1, 7, NULL, '', '', '', '', '0', '', '', '2023-02-15 06:47:38'),
(683, 91, 1, 7, NULL, '', '', '', '', '0', '', '', '2023-02-15 06:47:38'),
(684, 92, 1, 7, NULL, '', '', '', '', '0', '', '', '2023-02-15 06:47:38');
INSERT INTO `tbl_curriculum_enrollment` (`id`, `userId`, `companyId`, `currId`, `status`, `completedon`, `certificate_id`, `start_date`, `expiry_date`, `reminder`, `reminder_date`, `reminder_time`, `created_on`) VALUES
(685, 93, 1, 7, NULL, '', '', '', '', '0', '', '', '2023-02-15 06:47:38'),
(686, 94, 1, 7, NULL, '', '', '', '', '0', '', '', '2023-02-15 06:47:38'),
(687, 95, 1, 7, NULL, '', '', '', '', '0', '', '', '2023-02-15 06:47:38'),
(688, 96, 1, 7, NULL, '', '', '', '', '0', '', '', '2023-02-15 06:47:38'),
(689, 97, 1, 7, NULL, '', '', '', '', '0', '', '', '2023-02-15 06:47:38'),
(690, 98, 1, 7, NULL, '', '', '', '', '0', '', '', '2023-02-15 06:47:38'),
(691, 99, 1, 7, NULL, '', '', '', '', '0', '', '', '2023-02-15 06:47:38'),
(692, 100, 1, 7, NULL, '', '', '', '', '0', '', '', '2023-02-15 06:47:38'),
(693, 101, 1, 7, NULL, '', '', '', '', '0', '', '', '2023-02-15 06:47:38'),
(694, 102, 1, 7, NULL, '', '', '', '', '0', '', '', '2023-02-15 06:47:38'),
(695, 103, 1, 7, NULL, '', '', '', '', '0', '', '', '2023-02-15 06:47:38'),
(696, 104, 1, 7, NULL, '', '', '', '', '0', '', '', '2023-02-15 06:47:38'),
(697, 105, 1, 7, NULL, '', '', '', '', '0', '', '', '2023-02-15 06:47:38'),
(698, 106, 1, 7, NULL, '', '', '', '', '0', '', '', '2023-02-15 06:47:38'),
(699, 119, 1, 7, NULL, '', '', '', '', '0', '', '', '2023-02-15 06:47:38'),
(700, 120, 1, 7, NULL, '', '', '', '', '0', '', '', '2023-02-15 06:47:38'),
(701, 121, 1, 7, NULL, '', '', '', '', '0', '', '', '2023-02-15 06:47:38'),
(702, 122, 1, 7, NULL, '', '', '', '', '0', '', '', '2023-02-15 06:47:38'),
(703, 123, 1, 7, NULL, '', '', '', '', '0', '', '', '2023-02-15 06:47:38'),
(704, 124, 1, 7, NULL, '', '', '', '', '0', '', '', '2023-02-15 06:47:38'),
(705, 125, 1, 7, NULL, '', '', '', '', '0', '', '', '2023-02-15 06:47:38'),
(706, 126, 1, 7, NULL, '', '', '', '', '0', '', '', '2023-02-15 06:47:38'),
(707, 127, 1, 7, NULL, '', '', '', '', '0', '', '', '2023-02-15 06:47:38'),
(708, 128, 1, 7, NULL, '', '', '', '', '0', '', '', '2023-02-15 06:47:38'),
(709, 129, 1, 7, NULL, '', '', '', '', '0', '', '', '2023-02-15 06:47:38'),
(710, 130, 1, 7, NULL, '', '', '', '', '0', '', '', '2023-02-15 06:47:38'),
(711, 131, 1, 7, NULL, '', '', '', '', '0', '', '', '2023-02-15 06:47:38'),
(712, 132, 1, 7, NULL, '', '', '', '', '0', '', '', '2023-02-15 06:47:38'),
(713, 133, 1, 7, NULL, '', '', '', '', '0', '', '', '2023-02-15 06:47:38'),
(714, 134, 1, 7, NULL, '', '', '', '', '0', '', '', '2023-02-15 06:47:38'),
(715, 135, 1, 7, NULL, '', '', '', '', '0', '', '', '2023-02-15 06:47:38'),
(716, 136, 1, 7, NULL, '', '', '', '', '0', '', '', '2023-02-15 06:47:38'),
(717, 137, 1, 7, NULL, '', '', '', '', '0', '', '', '2023-02-15 06:47:38'),
(718, 138, 1, 7, NULL, '', '', '', '', '0', '', '', '2023-02-15 06:47:38'),
(719, 139, 1, 7, NULL, '', '', '', '', '0', '', '', '2023-02-15 06:47:38'),
(720, 140, 1, 7, NULL, '', '', '', '', '0', '', '', '2023-02-15 06:47:38'),
(721, 141, 1, 7, NULL, '', '', '', '', '0', '', '', '2023-02-15 06:47:38'),
(722, 142, 1, 7, NULL, '', '', '', '', '0', '', '', '2023-02-15 06:47:38'),
(723, 143, 1, 7, NULL, '', '', '', '', '0', '', '', '2023-02-15 06:47:38'),
(724, 144, 1, 7, NULL, '', '', '', '', '0', '', '', '2023-02-15 06:47:38'),
(725, 145, 1, 7, NULL, '', '', '', '', '0', '', '', '2023-02-15 06:47:38'),
(726, 146, 1, 7, NULL, '', '', '', '', '0', '', '', '2023-02-15 06:47:38'),
(727, 147, 1, 7, NULL, '', '', '', '', '0', '', '', '2023-02-15 06:47:38'),
(728, 148, 1, 7, NULL, '', '', '', '', '0', '', '', '2023-02-15 06:47:38'),
(729, 149, 1, 7, NULL, '', '', '', '', '0', '', '', '2023-02-15 06:47:38'),
(730, 150, 1, 7, NULL, '', '', '', '', '0', '', '', '2023-02-15 06:47:38'),
(731, 151, 1, 7, NULL, '', '', '', '', '0', '', '', '2023-02-15 06:47:38'),
(732, 152, 1, 7, NULL, '', '', '', '', '0', '', '', '2023-02-15 06:47:38'),
(733, 153, 1, 7, NULL, '', '', '', '', '0', '', '', '2023-02-15 06:47:38'),
(734, 154, 1, 7, NULL, '', '', '', '', '0', '', '', '2023-02-15 06:47:38'),
(735, 155, 1, 7, NULL, '', '', '', '', '0', '', '', '2023-02-15 06:47:38'),
(736, 156, 1, 7, NULL, '', '', '', '', '0', '', '', '2023-02-15 06:47:38'),
(737, 157, 1, 7, NULL, '', '', '', '', '0', '', '', '2023-02-15 06:47:38'),
(738, 158, 1, 7, NULL, '', '', '', '', '0', '', '', '2023-02-15 06:47:38'),
(739, 159, 1, 7, NULL, '', '', '', '', '0', '', '', '2023-02-15 06:47:38'),
(740, 160, 1, 7, NULL, '', '', '', '', '0', '', '', '2023-02-15 06:47:38'),
(741, 161, 1, 7, NULL, '', '', '', '', '0', '', '', '2023-02-15 06:47:38'),
(742, 162, 1, 7, NULL, '', '', '', '', '0', '', '', '2023-02-15 06:47:38'),
(743, 163, 1, 7, NULL, '', '', '', '', '0', '', '', '2023-02-15 06:47:38'),
(744, 164, 1, 7, NULL, '', '', '', '', '0', '', '', '2023-02-15 06:47:38'),
(745, 165, 1, 7, NULL, '', '', '', '', '0', '', '', '2023-02-15 06:47:38'),
(746, 166, 1, 7, NULL, '', '', '', '', '0', '', '', '2023-02-15 06:47:38'),
(747, 167, 1, 7, NULL, '', '', '', '', '0', '', '', '2023-02-15 06:47:38'),
(748, 168, 1, 7, NULL, '', '', '', '', '0', '', '', '2023-02-15 06:47:38'),
(749, 169, 1, 7, NULL, '', '', '', '', '0', '', '', '2023-02-15 06:47:38'),
(750, 170, 1, 7, NULL, '', '', '', '', '0', '', '', '2023-02-15 06:47:38'),
(751, 171, 1, 7, NULL, '', '', '', '', '0', '', '', '2023-02-15 06:47:38'),
(752, 172, 1, 7, NULL, '', '', '', '', '0', '', '', '2023-02-15 06:47:38'),
(753, 173, 1, 7, NULL, '', '', '', '', '0', '', '', '2023-02-15 06:47:38'),
(754, 174, 1, 7, NULL, '', '', '', '', '0', '', '', '2023-02-15 06:47:38'),
(755, 103, 1, 6, NULL, '', '', '', '', '0', '', '', '2023-02-15 06:47:38'),
(756, 104, 1, 6, NULL, '', '', '', '', '0', '', '', '2023-02-15 06:47:38'),
(757, 105, 1, 6, NULL, '', '', '', '', '0', '', '', '2023-02-15 06:47:38'),
(758, 106, 1, 6, NULL, '', '', '', '', '0', '', '', '2023-02-15 06:47:38'),
(759, 107, 1, 6, NULL, '', '', '', '', '0', '', '', '2023-02-15 06:47:38'),
(760, 108, 1, 6, NULL, '', '', '', '', '0', '', '', '2023-02-15 06:47:38'),
(761, 109, 1, 6, NULL, '', '', '', '', '0', '', '', '2023-02-15 06:47:38'),
(762, 110, 1, 6, NULL, '', '', '', '', '0', '', '', '2023-02-15 06:47:38'),
(763, 111, 1, 6, NULL, '', '', '', '', '0', '', '', '2023-02-15 06:47:38'),
(764, 112, 1, 6, NULL, '', '', '', '', '0', '', '', '2023-02-15 06:47:38'),
(765, 113, 1, 6, NULL, '', '', '', '', '0', '', '', '2023-02-15 06:47:38'),
(766, 114, 1, 6, NULL, '', '', '', '', '0', '', '', '2023-02-15 06:47:38'),
(767, 115, 1, 6, NULL, '', '', '', '', '0', '', '', '2023-02-15 06:47:38'),
(768, 116, 1, 6, NULL, '', '', '', '', '0', '', '', '2023-02-15 06:47:38'),
(769, 117, 1, 6, NULL, '', '', '', '', '0', '', '', '2023-02-15 06:47:38'),
(770, 118, 1, 6, NULL, '', '', '', '', '0', '', '', '2023-02-15 06:47:38'),
(771, 119, 1, 6, NULL, '', '', '', '', '0', '', '', '2023-02-15 06:47:38'),
(772, 120, 1, 6, NULL, '', '', '', '', '0', '', '', '2023-02-15 06:47:38'),
(773, 121, 1, 6, NULL, '', '', '', '', '0', '', '', '2023-02-15 06:47:38'),
(774, 122, 1, 6, NULL, '', '', '', '', '0', '', '', '2023-02-15 06:47:38'),
(775, 123, 1, 6, NULL, '', '', '', '', '0', '', '', '2023-02-15 06:47:38'),
(776, 124, 1, 6, NULL, '', '', '', '', '0', '', '', '2023-02-15 06:47:38'),
(777, 125, 1, 6, NULL, '', '', '', '', '0', '', '', '2023-02-15 06:47:38'),
(778, 126, 1, 6, NULL, '', '', '', '', '0', '', '', '2023-02-15 06:47:38'),
(779, 127, 1, 6, NULL, '', '', '', '', '0', '', '', '2023-02-15 06:47:38'),
(780, 128, 1, 6, NULL, '', '', '', '', '0', '', '', '2023-02-15 06:47:38'),
(781, 129, 1, 6, NULL, '', '', '', '', '0', '', '', '2023-02-15 06:47:38'),
(782, 130, 1, 6, NULL, '', '', '', '', '0', '', '', '2023-02-15 06:47:38'),
(783, 131, 1, 6, NULL, '', '', '', '', '0', '', '', '2023-02-15 06:47:38'),
(784, 132, 1, 6, NULL, '', '', '', '', '0', '', '', '2023-02-15 06:47:38'),
(785, 133, 1, 6, NULL, '', '', '', '', '0', '', '', '2023-02-15 06:47:38'),
(786, 134, 1, 6, NULL, '', '', '', '', '0', '', '', '2023-02-15 06:47:38'),
(787, 135, 1, 6, NULL, '', '', '', '', '0', '', '', '2023-02-15 06:47:38'),
(788, 136, 1, 6, NULL, '', '', '', '', '0', '', '', '2023-02-15 06:47:38'),
(789, 137, 1, 6, NULL, '', '', '', '', '0', '', '', '2023-02-15 06:47:38'),
(790, 138, 1, 6, NULL, '', '', '', '', '0', '', '', '2023-02-15 06:47:38'),
(791, 139, 1, 6, NULL, '', '', '', '', '0', '', '', '2023-02-15 06:47:38'),
(792, 140, 1, 6, NULL, '', '', '', '', '0', '', '', '2023-02-15 06:47:38'),
(793, 141, 1, 6, NULL, '', '', '', '', '0', '', '', '2023-02-15 06:47:38'),
(794, 142, 1, 6, NULL, '', '', '', '', '0', '', '', '2023-02-15 06:47:38'),
(795, 143, 1, 6, NULL, '', '', '', '', '0', '', '', '2023-02-15 06:47:38'),
(796, 144, 1, 6, NULL, '', '', '', '', '0', '', '', '2023-02-15 06:47:38'),
(797, 145, 1, 6, NULL, '', '', '', '', '0', '', '', '2023-02-15 06:47:38'),
(798, 146, 1, 6, NULL, '', '', '', '', '0', '', '', '2023-02-15 06:47:38'),
(799, 147, 1, 6, NULL, '', '', '', '', '0', '', '', '2023-02-15 06:47:38'),
(800, 148, 1, 6, NULL, '', '', '', '', '0', '', '', '2023-02-15 06:47:38'),
(801, 149, 1, 6, NULL, '', '', '', '', '0', '', '', '2023-02-15 06:47:38'),
(802, 150, 1, 6, NULL, '', '', '', '', '0', '', '', '2023-02-15 06:47:38'),
(803, 151, 1, 6, NULL, '', '', '', '', '0', '', '', '2023-02-15 06:47:38'),
(804, 152, 1, 6, NULL, '', '', '', '', '0', '', '', '2023-02-15 06:47:38'),
(805, 153, 1, 6, NULL, '', '', '', '', '0', '', '', '2023-02-15 06:47:38'),
(806, 154, 1, 6, NULL, '', '', '', '', '0', '', '', '2023-02-15 06:47:38'),
(807, 155, 1, 6, NULL, '', '', '', '', '0', '', '', '2023-02-15 06:47:38'),
(808, 156, 1, 6, NULL, '', '', '', '', '0', '', '', '2023-02-15 06:47:38'),
(809, 157, 1, 6, NULL, '', '', '', '', '0', '', '', '2023-02-15 06:47:38'),
(810, 158, 1, 6, NULL, '', '', '', '', '0', '', '', '2023-02-15 06:47:38'),
(811, 159, 1, 6, NULL, '', '', '', '', '0', '', '', '2023-02-15 06:47:38'),
(812, 160, 1, 6, NULL, '', '', '', '', '0', '', '', '2023-02-15 06:47:38'),
(813, 161, 1, 6, NULL, '', '', '', '', '0', '', '', '2023-02-15 06:47:38'),
(814, 162, 1, 6, NULL, '', '', '', '', '0', '', '', '2023-02-15 06:47:38'),
(815, 163, 1, 6, NULL, '', '', '', '', '0', '', '', '2023-02-15 06:47:38'),
(816, 164, 1, 6, NULL, '', '', '', '', '0', '', '', '2023-02-15 06:47:38'),
(817, 165, 1, 6, NULL, '', '', '', '', '0', '', '', '2023-02-15 06:47:38'),
(818, 166, 1, 6, NULL, '', '', '', '', '0', '', '', '2023-02-15 06:47:38'),
(819, 167, 1, 6, NULL, '', '', '', '', '0', '', '', '2023-02-15 06:47:38'),
(820, 168, 1, 6, NULL, '', '', '', '', '0', '', '', '2023-02-15 06:47:38'),
(821, 169, 1, 6, NULL, '', '', '', '', '0', '', '', '2023-02-15 06:47:38'),
(822, 170, 1, 6, NULL, '', '', '', '', '0', '', '', '2023-02-15 06:47:38'),
(823, 171, 1, 6, NULL, '', '', '', '', '0', '', '', '2023-02-15 06:47:38'),
(824, 172, 1, 6, NULL, '', '', '', '', '0', '', '', '2023-02-15 06:47:38'),
(825, 173, 1, 6, NULL, '', '', '', '', '0', '', '', '2023-02-15 06:47:38'),
(826, 174, 1, 6, NULL, '', '', '', '', '0', '', '', '2023-02-15 06:47:38'),
(827, 175, 1, 6, NULL, '', '', '', '', '0', '', '', '2023-02-15 06:47:38'),
(828, 176, 1, 6, NULL, '', '', '', '', '0', '', '', '2023-02-15 06:47:38'),
(829, 604, 1, 5, NULL, '', '', '', '', '0', '', '', '2023-02-15 06:47:38'),
(830, 605, 1, 5, NULL, '', '', '', '', '0', '', '', '2023-02-15 06:47:38'),
(831, 606, 1, 5, NULL, '', '', '', '', '0', '', '', '2023-02-15 06:47:38'),
(832, 607, 1, 5, NULL, '', '', '', '', '0', '', '', '2023-02-15 06:47:38'),
(833, 608, 1, 5, NULL, '', '', '', '', '0', '', '', '2023-02-15 06:47:38'),
(834, 609, 1, 5, NULL, '', '', '', '', '0', '', '', '2023-02-15 06:47:38'),
(835, 610, 1, 5, NULL, '', '', '', '', '0', '', '', '2023-02-15 06:47:38'),
(836, 611, 1, 5, NULL, '', '', '', '', '0', '', '', '2023-02-15 06:47:38'),
(837, 612, 1, 5, NULL, '', '', '', '', '0', '', '', '2023-02-15 06:47:38'),
(838, 613, 1, 5, NULL, '', '', '', '', '0', '', '', '2023-02-15 06:47:38'),
(839, 614, 1, 5, NULL, '', '', '', '', '0', '', '', '2023-02-15 06:47:38'),
(840, 615, 1, 5, NULL, '', '', '', '', '0', '', '', '2023-02-15 06:47:38'),
(841, 616, 1, 5, NULL, '', '', '', '', '0', '', '', '2023-02-15 06:47:38'),
(842, 617, 1, 5, NULL, '', '', '', '', '0', '', '', '2023-02-15 06:47:38'),
(843, 618, 1, 5, NULL, '', '', '', '', '0', '', '', '2023-02-15 06:47:38'),
(844, 619, 1, 5, NULL, '', '', '', '', '0', '', '', '2023-02-15 06:47:38'),
(845, 620, 1, 5, NULL, '', '', '', '', '0', '', '', '2023-02-15 06:47:38'),
(846, 621, 1, 5, NULL, '', '', '', '', '0', '', '', '2023-02-15 06:47:38'),
(847, 622, 1, 5, NULL, '', '', '', '', '0', '', '', '2023-02-15 06:47:38'),
(848, 623, 1, 5, NULL, '', '', '', '', '0', '', '', '2023-02-15 06:47:38'),
(849, 624, 1, 5, NULL, '', '', '', '', '0', '', '', '2023-02-15 06:47:38'),
(850, 890, 1, 4, NULL, '', '', '', '', '0', '', '', '2023-02-15 06:47:38'),
(851, 987, 1, 4, NULL, '', '', '', '', '0', '', '', '2023-02-15 06:47:38'),
(852, 988, 1, 4, NULL, '', '', '', '', '0', '', '', '2023-02-15 06:47:38'),
(853, 989, 1, 4, NULL, '', '', '', '', '0', '', '', '2023-02-15 06:47:38'),
(854, 990, 1, 4, NULL, '', '', '', '', '0', '', '', '2023-02-15 06:47:38'),
(855, 991, 1, 4, NULL, '', '', '', '', '0', '', '', '2023-02-15 06:47:38'),
(856, 10, 1, 3, 'Completed', '2023-02-24', '700664701', '', '', '0', '', '', '2023-02-15 06:47:38'),
(857, 5, 1, 3, NULL, '', '', '', '', '0', '', '', '0000-00-00 00:00:00'),
(858, 7, 1, 7, NULL, '', '', '', '', '0', '', '', '0000-00-00 00:00:00'),
(859, 14, 1, 6, 'In Progress', '', '', '', '', '0', '', '', '0000-00-00 00:00:00'),
(860, 2, 1, 5, 'In Progress', '', '', '', '', '0', '', '', '0000-00-00 00:00:00'),
(861, 14, 1, 3, 'In Progress', '2023-02-21', '333222988', '', '', '0', '', '', '0000-00-00 00:00:00'),
(862, 2, 1, 7, 'In Progress', NULL, NULL, '', '', '0', '', '', '2023-02-20 10:01:16'),
(863, 1, 0, 8, NULL, NULL, NULL, '', '', '0', '', '', '2023-03-07 05:50:53'),
(864, 2, 0, 8, NULL, NULL, NULL, '', '', '0', '', '', '2023-03-07 05:52:23'),
(865, 4, 0, 8, NULL, NULL, NULL, '', '', '0', '', '', '2023-03-07 05:53:53'),
(866, 5, 0, 8, NULL, NULL, NULL, '', '', '0', '', '', '2023-03-07 05:53:53'),
(867, 7, 0, 8, NULL, NULL, NULL, '', '', '0', '', '', '2023-03-07 05:53:53'),
(868, 9, 0, 8, NULL, NULL, NULL, '', '', '0', '', '', '2023-03-07 05:53:53'),
(869, 10, 0, 8, NULL, NULL, NULL, '', '', '0', '', '', '2023-03-07 05:53:53'),
(870, 11, 0, 8, NULL, NULL, NULL, '', '', '0', '', '', '2023-03-07 05:53:53'),
(871, 12, 0, 8, NULL, NULL, NULL, '', '', '0', '', '', '2023-03-07 05:53:53'),
(872, 13, 0, 8, NULL, NULL, NULL, '', '', '0', '', '', '2023-03-07 05:53:53'),
(873, 14, 0, 8, NULL, NULL, NULL, '', '', '0', '', '', '2023-03-07 05:53:53'),
(874, 15, 0, 8, NULL, NULL, NULL, '', '', '0', '', '', '2023-03-07 05:53:53'),
(875, 16, 0, 8, NULL, NULL, NULL, '', '', '0', '', '', '2023-03-07 05:53:53'),
(876, 17, 0, 8, NULL, NULL, NULL, '', '', '0', '', '', '2023-03-07 05:53:53'),
(877, 18, 0, 8, NULL, NULL, NULL, '', '', '0', '', '', '2023-03-07 05:53:53'),
(878, 19, 0, 8, NULL, NULL, NULL, '', '', '0', '', '', '2023-03-07 05:53:53'),
(879, 20, 0, 8, NULL, NULL, NULL, '', '', '0', '', '', '2023-03-07 05:53:53'),
(880, 21, 0, 8, NULL, NULL, NULL, '', '', '0', '', '', '2023-03-07 05:53:53'),
(881, 22, 0, 8, NULL, NULL, NULL, '', '', '0', '', '', '2023-03-07 05:53:53'),
(882, 23, 0, 8, NULL, NULL, NULL, '', '', '0', '', '', '2023-03-07 05:53:53'),
(883, 24, 0, 8, NULL, NULL, NULL, '', '', '0', '', '', '2023-03-07 05:53:53'),
(884, 25, 0, 8, NULL, NULL, NULL, '', '', '0', '', '', '2023-03-07 05:53:53'),
(885, 26, 0, 8, NULL, NULL, NULL, '', '', '0', '', '', '2023-03-07 05:53:53'),
(886, 27, 0, 8, NULL, NULL, NULL, '', '', '0', '', '', '2023-03-07 05:53:53'),
(887, 28, 0, 8, NULL, NULL, NULL, '', '', '0', '', '', '2023-03-07 05:53:53'),
(888, 29, 0, 8, NULL, NULL, NULL, '', '', '0', '', '', '2023-03-07 05:53:53'),
(889, 30, 0, 8, NULL, NULL, NULL, '', '', '0', '', '', '2023-03-07 05:53:53'),
(890, 31, 0, 8, NULL, NULL, NULL, '', '', '0', '', '', '2023-03-07 05:53:53'),
(891, 32, 0, 8, NULL, NULL, NULL, '', '', '0', '', '', '2023-03-07 05:53:53'),
(892, 33, 0, 8, NULL, NULL, NULL, '', '', '0', '', '', '2023-03-07 05:53:53'),
(893, 34, 0, 8, NULL, NULL, NULL, '', '', '0', '', '', '2023-03-07 05:53:53'),
(894, 35, 0, 8, NULL, NULL, NULL, '', '', '0', '', '', '2023-03-07 05:53:53'),
(895, 36, 0, 8, NULL, NULL, NULL, '', '', '0', '', '', '2023-03-07 05:53:53'),
(896, 37, 0, 8, NULL, NULL, NULL, '', '', '0', '', '', '2023-03-07 05:53:54'),
(897, 38, 0, 8, NULL, NULL, NULL, '', '', '0', '', '', '2023-03-07 05:53:54'),
(898, 39, 0, 8, NULL, NULL, NULL, '', '', '0', '', '', '2023-03-07 05:53:54'),
(899, 40, 0, 8, NULL, NULL, NULL, '', '', '0', '', '', '2023-03-07 05:53:54'),
(900, 41, 0, 8, NULL, NULL, NULL, '', '', '0', '', '', '2023-03-07 05:53:54'),
(901, 42, 0, 8, NULL, NULL, NULL, '', '', '0', '', '', '2023-03-07 05:53:54'),
(902, 43, 0, 8, NULL, NULL, NULL, '', '', '0', '', '', '2023-03-07 05:53:54'),
(903, 44, 0, 8, NULL, NULL, NULL, '', '', '0', '', '', '2023-03-07 05:53:54'),
(904, 45, 0, 8, NULL, NULL, NULL, '', '', '0', '', '', '2023-03-07 05:53:54'),
(905, 46, 0, 8, NULL, NULL, NULL, '', '', '0', '', '', '2023-03-07 05:53:54'),
(906, 47, 0, 8, NULL, NULL, NULL, '', '', '0', '', '', '2023-03-07 05:53:54'),
(907, 48, 0, 8, NULL, NULL, NULL, '', '', '0', '', '', '2023-03-07 05:53:54'),
(908, 49, 0, 8, NULL, NULL, NULL, '', '', '0', '', '', '2023-03-07 05:53:54'),
(909, 50, 0, 8, NULL, NULL, NULL, '', '', '0', '', '', '2023-03-07 05:53:54'),
(910, 51, 0, 8, NULL, NULL, NULL, '', '', '0', '', '', '2023-03-07 05:53:54'),
(911, 52, 0, 8, NULL, NULL, NULL, '', '', '0', '', '', '2023-03-07 05:53:54'),
(912, 53, 0, 8, NULL, NULL, NULL, '', '', '0', '', '', '2023-03-07 05:53:54'),
(913, 54, 0, 8, NULL, NULL, NULL, '', '', '0', '', '', '2023-03-07 05:53:54'),
(914, 55, 0, 8, NULL, NULL, NULL, '', '', '0', '', '', '2023-03-07 05:53:54'),
(915, 56, 0, 8, NULL, NULL, NULL, '', '', '0', '', '', '2023-03-07 05:53:54'),
(916, 57, 0, 8, NULL, NULL, NULL, '', '', '0', '', '', '2023-03-07 05:53:54'),
(917, 58, 0, 8, NULL, NULL, NULL, '', '', '0', '', '', '2023-03-07 05:53:54'),
(918, 59, 0, 8, NULL, NULL, NULL, '', '', '0', '', '', '2023-03-07 05:53:54'),
(919, 60, 0, 8, NULL, NULL, NULL, '', '', '0', '', '', '2023-03-07 05:53:54'),
(920, 61, 0, 8, NULL, NULL, NULL, '', '', '0', '', '', '2023-03-07 05:53:54'),
(921, 62, 0, 8, NULL, NULL, NULL, '', '', '0', '', '', '2023-03-07 05:53:54'),
(922, 63, 0, 8, NULL, NULL, NULL, '', '', '0', '', '', '2023-03-07 05:53:54'),
(923, 64, 0, 8, NULL, NULL, NULL, '', '', '0', '', '', '2023-03-07 05:53:54'),
(924, 65, 0, 8, NULL, NULL, NULL, '', '', '0', '', '', '2023-03-07 05:53:54'),
(925, 66, 0, 8, NULL, NULL, NULL, '', '', '0', '', '', '2023-03-07 05:53:54'),
(926, 67, 0, 8, NULL, NULL, NULL, '', '', '0', '', '', '2023-03-07 05:53:54'),
(927, 68, 0, 8, NULL, NULL, NULL, '', '', '0', '', '', '2023-03-07 05:53:54'),
(928, 69, 0, 8, NULL, NULL, NULL, '', '', '0', '', '', '2023-03-07 05:53:54'),
(929, 70, 0, 8, NULL, NULL, NULL, '', '', '0', '', '', '2023-03-07 05:53:54'),
(930, 71, 0, 8, NULL, NULL, NULL, '', '', '0', '', '', '2023-03-07 05:53:54'),
(931, 72, 0, 8, NULL, NULL, NULL, '', '', '0', '', '', '2023-03-07 05:53:54'),
(932, 73, 0, 8, NULL, NULL, NULL, '', '', '0', '', '', '2023-03-07 05:53:54'),
(933, 74, 0, 8, NULL, NULL, NULL, '', '', '0', '', '', '2023-03-07 05:53:54'),
(934, 75, 0, 8, NULL, NULL, NULL, '', '', '0', '', '', '2023-03-07 05:53:54'),
(935, 76, 0, 8, NULL, NULL, NULL, '', '', '0', '', '', '2023-03-07 05:53:54'),
(936, 77, 0, 8, NULL, NULL, NULL, '', '', '0', '', '', '2023-03-07 05:53:54'),
(937, 78, 0, 8, NULL, NULL, NULL, '', '', '0', '', '', '2023-03-07 05:53:54'),
(938, 79, 0, 8, NULL, NULL, NULL, '', '', '0', '', '', '2023-03-07 05:53:54'),
(939, 80, 0, 8, NULL, NULL, NULL, '', '', '0', '', '', '2023-03-07 05:53:54'),
(940, 81, 0, 8, NULL, NULL, NULL, '', '', '0', '', '', '2023-03-07 05:53:54'),
(941, 82, 0, 8, NULL, NULL, NULL, '', '', '0', '', '', '2023-03-07 05:53:54'),
(942, 83, 0, 8, NULL, NULL, NULL, '', '', '0', '', '', '2023-03-07 05:53:54'),
(943, 84, 0, 8, NULL, NULL, NULL, '', '', '0', '', '', '2023-03-07 05:53:54'),
(944, 85, 0, 8, NULL, NULL, NULL, '', '', '0', '', '', '2023-03-07 05:53:54'),
(945, 86, 0, 8, NULL, NULL, NULL, '', '', '0', '', '', '2023-03-07 05:53:54'),
(946, 87, 0, 8, NULL, NULL, NULL, '', '', '0', '', '', '2023-03-07 05:53:54'),
(947, 88, 0, 8, NULL, NULL, NULL, '', '', '0', '', '', '2023-03-07 05:53:54'),
(948, 89, 0, 8, NULL, NULL, NULL, '', '', '0', '', '', '2023-03-07 05:53:54'),
(949, 90, 0, 8, NULL, NULL, NULL, '', '', '0', '', '', '2023-03-07 05:53:54'),
(950, 91, 0, 8, NULL, NULL, NULL, '', '', '0', '', '', '2023-03-07 05:53:54'),
(951, 92, 0, 8, NULL, NULL, NULL, '', '', '0', '', '', '2023-03-07 05:53:54'),
(952, 93, 0, 8, NULL, NULL, NULL, '', '', '0', '', '', '2023-03-07 05:53:55'),
(953, 94, 0, 8, NULL, NULL, NULL, '', '', '0', '', '', '2023-03-07 05:53:55'),
(954, 95, 0, 8, NULL, NULL, NULL, '', '', '0', '', '', '2023-03-07 05:53:55'),
(955, 96, 0, 8, NULL, NULL, NULL, '', '', '0', '', '', '2023-03-07 05:53:55'),
(956, 97, 0, 8, NULL, NULL, NULL, '', '', '0', '', '', '2023-03-07 05:53:55'),
(957, 98, 0, 8, NULL, NULL, NULL, '', '', '0', '', '', '2023-03-07 05:53:55'),
(958, 99, 0, 8, NULL, NULL, NULL, '', '', '0', '', '', '2023-03-07 05:53:55'),
(959, 100, 0, 8, NULL, NULL, NULL, '', '', '0', '', '', '2023-03-07 05:53:55'),
(960, 101, 0, 8, NULL, NULL, NULL, '', '', '0', '', '', '2023-03-07 05:53:55'),
(961, 102, 0, 8, NULL, NULL, NULL, '', '', '0', '', '', '2023-03-07 05:53:55'),
(962, 103, 0, 8, NULL, NULL, NULL, '', '', '0', '', '', '2023-03-07 05:53:55'),
(963, 104, 0, 8, NULL, NULL, NULL, '', '', '0', '', '', '2023-03-07 05:53:55'),
(964, 105, 0, 8, NULL, NULL, NULL, '', '', '0', '', '', '2023-03-07 05:53:55'),
(965, 106, 0, 8, NULL, NULL, NULL, '', '', '0', '', '', '2023-03-07 05:53:55'),
(966, 107, 0, 8, NULL, NULL, NULL, '', '', '0', '', '', '2023-03-07 05:53:55'),
(967, 108, 0, 8, NULL, NULL, NULL, '', '', '0', '', '', '2023-03-07 05:53:55'),
(968, 109, 0, 8, NULL, NULL, NULL, '', '', '0', '', '', '2023-03-07 05:53:55'),
(969, 110, 0, 8, NULL, NULL, NULL, '', '', '0', '', '', '2023-03-07 05:53:55'),
(970, 111, 0, 8, NULL, NULL, NULL, '', '', '0', '', '', '2023-03-07 05:53:55'),
(971, 112, 0, 8, NULL, NULL, NULL, '', '', '0', '', '', '2023-03-07 05:53:55'),
(972, 113, 0, 8, NULL, NULL, NULL, '', '', '0', '', '', '2023-03-07 05:53:55'),
(973, 114, 0, 8, NULL, NULL, NULL, '', '', '0', '', '', '2023-03-07 05:53:55'),
(974, 115, 0, 8, NULL, NULL, NULL, '', '', '0', '', '', '2023-03-07 05:53:55'),
(975, 116, 0, 8, NULL, NULL, NULL, '', '', '0', '', '', '2023-03-07 05:53:55'),
(976, 117, 0, 8, NULL, NULL, NULL, '', '', '0', '', '', '2023-03-07 05:53:55'),
(977, 118, 0, 8, NULL, NULL, NULL, '', '', '0', '', '', '2023-03-07 05:53:55'),
(978, 119, 0, 8, NULL, NULL, NULL, '', '', '0', '', '', '2023-03-07 05:53:55'),
(979, 120, 0, 8, NULL, NULL, NULL, '', '', '0', '', '', '2023-03-07 05:53:55'),
(980, 121, 0, 8, NULL, NULL, NULL, '', '', '0', '', '', '2023-03-07 05:53:55'),
(981, 122, 0, 8, NULL, NULL, NULL, '', '', '0', '', '', '2023-03-07 05:53:55'),
(982, 123, 0, 8, NULL, NULL, NULL, '', '', '0', '', '', '2023-03-07 05:53:55'),
(983, 124, 0, 8, NULL, NULL, NULL, '', '', '0', '', '', '2023-03-07 05:53:55'),
(984, 125, 0, 8, NULL, NULL, NULL, '', '', '0', '', '', '2023-03-07 05:53:55'),
(985, 126, 0, 8, NULL, NULL, NULL, '', '', '0', '', '', '2023-03-07 05:53:55'),
(986, 127, 0, 8, NULL, NULL, NULL, '', '', '0', '', '', '2023-03-07 05:53:55'),
(987, 128, 0, 8, NULL, NULL, NULL, '', '', '0', '', '', '2023-03-07 05:53:55'),
(988, 129, 0, 8, NULL, NULL, NULL, '', '', '0', '', '', '2023-03-07 05:53:55'),
(989, 130, 0, 8, NULL, NULL, NULL, '', '', '0', '', '', '2023-03-07 05:53:55'),
(990, 131, 0, 8, NULL, NULL, NULL, '', '', '0', '', '', '2023-03-07 05:53:55'),
(991, 132, 0, 8, NULL, NULL, NULL, '', '', '0', '', '', '2023-03-07 05:53:55'),
(992, 133, 0, 8, NULL, NULL, NULL, '', '', '0', '', '', '2023-03-07 05:53:55'),
(993, 134, 0, 8, NULL, NULL, NULL, '', '', '0', '', '', '2023-03-07 05:53:55'),
(994, 135, 0, 8, NULL, NULL, NULL, '', '', '0', '', '', '2023-03-07 05:53:55'),
(995, 136, 0, 8, NULL, NULL, NULL, '', '', '0', '', '', '2023-03-07 05:53:55'),
(996, 137, 0, 8, NULL, NULL, NULL, '', '', '0', '', '', '2023-03-07 05:53:55'),
(997, 138, 0, 8, NULL, NULL, NULL, '', '', '0', '', '', '2023-03-07 05:53:55'),
(998, 139, 0, 8, NULL, NULL, NULL, '', '', '0', '', '', '2023-03-07 05:53:55'),
(999, 140, 0, 8, NULL, NULL, NULL, '', '', '0', '', '', '2023-03-07 05:53:55'),
(1000, 141, 0, 8, NULL, NULL, NULL, '', '', '0', '', '', '2023-03-07 05:53:55'),
(1001, 142, 0, 8, NULL, NULL, NULL, '', '', '0', '', '', '2023-03-07 05:53:55'),
(1002, 143, 0, 8, NULL, NULL, NULL, '', '', '0', '', '', '2023-03-07 05:53:55'),
(1003, 144, 0, 8, NULL, NULL, NULL, '', '', '0', '', '', '2023-03-07 05:53:55'),
(1004, 145, 0, 8, NULL, NULL, NULL, '', '', '0', '', '', '2023-03-07 05:53:55'),
(1005, 146, 0, 8, NULL, NULL, NULL, '', '', '0', '', '', '2023-03-07 05:53:55'),
(1006, 147, 0, 8, NULL, NULL, NULL, '', '', '0', '', '', '2023-03-07 05:53:55'),
(1007, 148, 0, 8, NULL, NULL, NULL, '', '', '0', '', '', '2023-03-07 05:53:55'),
(1008, 149, 0, 8, NULL, NULL, NULL, '', '', '0', '', '', '2023-03-07 05:53:56'),
(1009, 150, 0, 8, NULL, NULL, NULL, '', '', '0', '', '', '2023-03-07 05:53:56'),
(1010, 151, 0, 8, NULL, NULL, NULL, '', '', '0', '', '', '2023-03-07 05:53:56'),
(1011, 152, 0, 8, NULL, NULL, NULL, '', '', '0', '', '', '2023-03-07 05:53:56'),
(1012, 153, 0, 8, NULL, NULL, NULL, '', '', '0', '', '', '2023-03-07 05:53:56'),
(1013, 154, 0, 8, NULL, NULL, NULL, '', '', '0', '', '', '2023-03-07 05:53:56'),
(1014, 155, 0, 8, NULL, NULL, NULL, '', '', '0', '', '', '2023-03-07 05:53:56'),
(1015, 156, 0, 8, NULL, NULL, NULL, '', '', '0', '', '', '2023-03-07 05:53:56'),
(1016, 157, 0, 8, NULL, NULL, NULL, '', '', '0', '', '', '2023-03-07 05:53:56'),
(1017, 158, 0, 8, NULL, NULL, NULL, '', '', '0', '', '', '2023-03-07 05:53:56'),
(1018, 159, 0, 8, NULL, NULL, NULL, '', '', '0', '', '', '2023-03-07 05:53:56'),
(1019, 160, 0, 8, NULL, NULL, NULL, '', '', '0', '', '', '2023-03-07 05:53:56'),
(1020, 161, 0, 8, NULL, NULL, NULL, '', '', '0', '', '', '2023-03-07 05:53:56'),
(1021, 162, 0, 8, NULL, NULL, NULL, '', '', '0', '', '', '2023-03-07 05:53:56'),
(1022, 163, 0, 8, NULL, NULL, NULL, '', '', '0', '', '', '2023-03-07 05:53:56'),
(1023, 164, 0, 8, NULL, NULL, NULL, '', '', '0', '', '', '2023-03-07 05:53:56'),
(1024, 165, 0, 8, NULL, NULL, NULL, '', '', '0', '', '', '2023-03-07 05:53:56'),
(1025, 166, 0, 8, NULL, NULL, NULL, '', '', '0', '', '', '2023-03-07 05:53:56'),
(1026, 167, 0, 8, NULL, NULL, NULL, '', '', '0', '', '', '2023-03-07 05:53:56'),
(1027, 168, 0, 8, NULL, NULL, NULL, '', '', '0', '', '', '2023-03-07 05:53:56'),
(1028, 169, 0, 8, NULL, NULL, NULL, '', '', '0', '', '', '2023-03-07 05:53:56'),
(1029, 170, 0, 8, NULL, NULL, NULL, '', '', '0', '', '', '2023-03-07 05:53:56'),
(1030, 171, 0, 8, NULL, NULL, NULL, '', '', '0', '', '', '2023-03-07 05:53:56'),
(1031, 172, 0, 8, NULL, NULL, NULL, '', '', '0', '', '', '2023-03-07 05:53:56'),
(1032, 173, 0, 8, NULL, NULL, NULL, '', '', '0', '', '', '2023-03-07 05:53:56'),
(1033, 174, 0, 8, NULL, NULL, NULL, '', '', '0', '', '', '2023-03-07 05:53:56'),
(1034, 175, 0, 8, NULL, NULL, NULL, '', '', '0', '', '', '2023-03-07 05:53:56'),
(1035, 176, 0, 8, NULL, NULL, NULL, '', '', '0', '', '', '2023-03-07 05:53:56'),
(1036, 177, 0, 8, NULL, NULL, NULL, '', '', '0', '', '', '2023-03-07 05:53:56'),
(1037, 178, 0, 8, NULL, NULL, NULL, '', '', '0', '', '', '2023-03-07 05:53:56'),
(1038, 179, 0, 8, NULL, NULL, NULL, '', '', '0', '', '', '2023-03-07 05:53:56'),
(1039, 180, 0, 8, NULL, NULL, NULL, '', '', '0', '', '', '2023-03-07 05:53:56'),
(1040, 181, 0, 8, NULL, NULL, NULL, '', '', '0', '', '', '2023-03-07 05:53:56'),
(1041, 182, 0, 8, NULL, NULL, NULL, '', '', '0', '', '', '2023-03-07 05:53:56'),
(1042, 183, 0, 8, NULL, NULL, NULL, '', '', '0', '', '', '2023-03-07 05:53:56'),
(1043, 184, 0, 8, NULL, NULL, NULL, '', '', '0', '', '', '2023-03-07 05:53:56'),
(1044, 185, 0, 8, NULL, NULL, NULL, '', '', '0', '', '', '2023-03-07 05:53:56'),
(1045, 186, 0, 8, NULL, NULL, NULL, '', '', '0', '', '', '2023-03-07 05:53:56'),
(1046, 187, 0, 8, NULL, NULL, NULL, '', '', '0', '', '', '2023-03-07 05:53:56'),
(1047, 188, 0, 8, NULL, NULL, NULL, '', '', '0', '', '', '2023-03-07 05:53:56'),
(1048, 189, 0, 8, NULL, NULL, NULL, '', '', '0', '', '', '2023-03-07 05:53:56'),
(1049, 190, 0, 8, NULL, NULL, NULL, '', '', '0', '', '', '2023-03-07 05:53:56'),
(1050, 191, 0, 8, NULL, NULL, NULL, '', '', '0', '', '', '2023-03-07 05:53:56'),
(1051, 192, 0, 8, NULL, NULL, NULL, '', '', '0', '', '', '2023-03-07 05:53:56'),
(1052, 193, 0, 8, NULL, NULL, NULL, '', '', '0', '', '', '2023-03-07 05:53:56'),
(1053, 194, 0, 8, NULL, NULL, NULL, '', '', '0', '', '', '2023-03-07 05:53:56'),
(1054, 195, 0, 8, NULL, NULL, NULL, '', '', '0', '', '', '2023-03-07 05:53:56'),
(1055, 196, 0, 8, NULL, NULL, NULL, '', '', '0', '', '', '2023-03-07 05:53:56'),
(1056, 197, 0, 8, NULL, NULL, NULL, '', '', '0', '', '', '2023-03-07 05:53:56'),
(1057, 198, 0, 8, NULL, NULL, NULL, '', '', '0', '', '', '2023-03-07 05:53:56'),
(1058, 199, 0, 8, NULL, NULL, NULL, '', '', '0', '', '', '2023-03-07 05:53:56'),
(1059, 200, 0, 8, NULL, NULL, NULL, '', '', '0', '', '', '2023-03-07 05:53:56'),
(1060, 201, 0, 8, NULL, NULL, NULL, '', '', '0', '', '', '2023-03-07 05:53:56'),
(1061, 202, 0, 8, NULL, NULL, NULL, '', '', '0', '', '', '2023-03-07 05:53:56'),
(1062, 203, 0, 8, NULL, NULL, NULL, '', '', '0', '', '', '2023-03-07 05:53:56'),
(1063, 204, 0, 8, NULL, NULL, NULL, '', '', '0', '', '', '2023-03-07 05:53:56'),
(1064, 205, 0, 8, NULL, NULL, NULL, '', '', '0', '', '', '2023-03-07 05:53:56'),
(1065, 206, 0, 8, NULL, NULL, NULL, '', '', '0', '', '', '2023-03-07 05:53:56'),
(1066, 207, 0, 8, NULL, NULL, NULL, '', '', '0', '', '', '2023-03-07 05:53:56'),
(1067, 208, 0, 8, NULL, NULL, NULL, '', '', '0', '', '', '2023-03-07 05:53:56'),
(1068, 209, 0, 8, NULL, NULL, NULL, '', '', '0', '', '', '2023-03-07 05:53:56'),
(1069, 210, 0, 8, NULL, NULL, NULL, '', '', '0', '', '', '2023-03-07 05:53:56'),
(1070, 211, 0, 8, NULL, NULL, NULL, '', '', '0', '', '', '2023-03-07 05:53:56'),
(1071, 212, 0, 8, NULL, NULL, NULL, '', '', '0', '', '', '2023-03-07 05:53:57'),
(1072, 213, 0, 8, NULL, NULL, NULL, '', '', '0', '', '', '2023-03-07 05:53:57'),
(1073, 214, 0, 8, NULL, NULL, NULL, '', '', '0', '', '', '2023-03-07 05:53:57'),
(1074, 215, 0, 8, NULL, NULL, NULL, '', '', '0', '', '', '2023-03-07 05:53:57'),
(1075, 216, 0, 8, NULL, NULL, NULL, '', '', '0', '', '', '2023-03-07 05:53:57'),
(1076, 217, 0, 8, NULL, NULL, NULL, '', '', '0', '', '', '2023-03-07 05:53:57'),
(1077, 218, 0, 8, NULL, NULL, NULL, '', '', '0', '', '', '2023-03-07 05:53:57'),
(1078, 219, 0, 8, NULL, NULL, NULL, '', '', '0', '', '', '2023-03-07 05:53:57'),
(1079, 220, 0, 8, NULL, NULL, NULL, '', '', '0', '', '', '2023-03-07 05:53:57'),
(1080, 221, 0, 8, NULL, NULL, NULL, '', '', '0', '', '', '2023-03-07 05:53:57'),
(1081, 222, 0, 8, NULL, NULL, NULL, '', '', '0', '', '', '2023-03-07 05:53:57'),
(1082, 223, 0, 8, NULL, NULL, NULL, '', '', '0', '', '', '2023-03-07 05:53:57'),
(1083, 224, 0, 8, NULL, NULL, NULL, '', '', '0', '', '', '2023-03-07 05:53:57'),
(1084, 225, 0, 8, NULL, NULL, NULL, '', '', '0', '', '', '2023-03-07 05:53:57'),
(1085, 226, 0, 8, NULL, NULL, NULL, '', '', '0', '', '', '2023-03-07 05:53:57'),
(1086, 227, 0, 8, NULL, NULL, NULL, '', '', '0', '', '', '2023-03-07 05:53:57'),
(1087, 228, 0, 8, NULL, NULL, NULL, '', '', '0', '', '', '2023-03-07 05:53:57'),
(1088, 229, 0, 8, NULL, NULL, NULL, '', '', '0', '', '', '2023-03-07 05:53:57'),
(1089, 230, 0, 8, NULL, NULL, NULL, '', '', '0', '', '', '2023-03-07 05:53:57'),
(1090, 231, 0, 8, NULL, NULL, NULL, '', '', '0', '', '', '2023-03-07 05:53:57'),
(1091, 232, 0, 8, NULL, NULL, NULL, '', '', '0', '', '', '2023-03-07 05:53:57'),
(1092, 233, 0, 8, NULL, NULL, NULL, '', '', '0', '', '', '2023-03-07 05:53:57'),
(1093, 234, 0, 8, NULL, NULL, NULL, '', '', '0', '', '', '2023-03-07 05:53:57'),
(1094, 235, 0, 8, NULL, NULL, NULL, '', '', '0', '', '', '2023-03-07 05:53:57'),
(1095, 236, 0, 8, NULL, NULL, NULL, '', '', '0', '', '', '2023-03-07 05:53:57'),
(1096, 237, 0, 8, NULL, NULL, NULL, '', '', '0', '', '', '2023-03-07 05:53:57'),
(1097, 238, 0, 8, NULL, NULL, NULL, '', '', '0', '', '', '2023-03-07 05:53:57'),
(1098, 239, 0, 8, NULL, NULL, NULL, '', '', '0', '', '', '2023-03-07 05:53:57'),
(1099, 240, 0, 8, NULL, NULL, NULL, '', '', '0', '', '', '2023-03-07 05:53:57'),
(1100, 241, 0, 8, NULL, NULL, NULL, '', '', '0', '', '', '2023-03-07 05:53:57'),
(1101, 242, 0, 8, NULL, NULL, NULL, '', '', '0', '', '', '2023-03-07 05:53:57'),
(1102, 243, 0, 8, NULL, NULL, NULL, '', '', '0', '', '', '2023-03-07 05:53:57'),
(1103, 244, 0, 8, NULL, NULL, NULL, '', '', '0', '', '', '2023-03-07 05:53:57'),
(1104, 245, 0, 8, NULL, NULL, NULL, '', '', '0', '', '', '2023-03-07 05:53:57'),
(1105, 246, 0, 8, NULL, NULL, NULL, '', '', '0', '', '', '2023-03-07 05:53:57'),
(1106, 247, 0, 8, NULL, NULL, NULL, '', '', '0', '', '', '2023-03-07 05:53:57'),
(1107, 248, 0, 8, NULL, NULL, NULL, '', '', '0', '', '', '2023-03-07 05:53:57'),
(1108, 249, 0, 8, NULL, NULL, NULL, '', '', '0', '', '', '2023-03-07 05:53:57'),
(1109, 250, 0, 8, NULL, NULL, NULL, '', '', '0', '', '', '2023-03-07 05:53:57'),
(1110, 251, 0, 8, NULL, NULL, NULL, '', '', '0', '', '', '2023-03-07 05:53:57'),
(1111, 252, 0, 8, NULL, NULL, NULL, '', '', '0', '', '', '2023-03-07 05:53:57'),
(1112, 253, 0, 8, NULL, NULL, NULL, '', '', '0', '', '', '2023-03-07 05:53:57'),
(1113, 254, 0, 8, NULL, NULL, NULL, '', '', '0', '', '', '2023-03-07 05:53:57'),
(1114, 255, 0, 8, NULL, NULL, NULL, '', '', '0', '', '', '2023-03-07 05:53:57'),
(1115, 256, 0, 8, NULL, NULL, NULL, '', '', '0', '', '', '2023-03-07 05:53:57'),
(1116, 257, 0, 8, NULL, NULL, NULL, '', '', '0', '', '', '2023-03-07 05:53:57'),
(1117, 258, 0, 8, NULL, NULL, NULL, '', '', '0', '', '', '2023-03-07 05:53:57'),
(1118, 259, 0, 8, NULL, NULL, NULL, '', '', '0', '', '', '2023-03-07 05:53:57'),
(1119, 260, 0, 8, NULL, NULL, NULL, '', '', '0', '', '', '2023-03-07 05:53:57'),
(1120, 261, 0, 8, NULL, NULL, NULL, '', '', '0', '', '', '2023-03-07 05:53:57'),
(1121, 262, 0, 8, NULL, NULL, NULL, '', '', '0', '', '', '2023-03-07 05:53:57'),
(1122, 263, 0, 8, NULL, NULL, NULL, '', '', '0', '', '', '2023-03-07 05:53:57'),
(1123, 264, 0, 8, NULL, NULL, NULL, '', '', '0', '', '', '2023-03-07 05:53:57'),
(1124, 265, 0, 8, NULL, NULL, NULL, '', '', '0', '', '', '2023-03-07 05:53:57'),
(1125, 266, 0, 8, NULL, NULL, NULL, '', '', '0', '', '', '2023-03-07 05:53:57'),
(1126, 267, 0, 8, NULL, NULL, NULL, '', '', '0', '', '', '2023-03-07 05:53:57'),
(1127, 268, 0, 8, NULL, NULL, NULL, '', '', '0', '', '', '2023-03-07 05:53:57'),
(1128, 269, 0, 8, NULL, NULL, NULL, '', '', '0', '', '', '2023-03-07 05:53:57'),
(1129, 270, 0, 8, NULL, NULL, NULL, '', '', '0', '', '', '2023-03-07 05:53:57'),
(1130, 271, 0, 8, NULL, NULL, NULL, '', '', '0', '', '', '2023-03-07 05:53:57'),
(1131, 272, 0, 8, NULL, NULL, NULL, '', '', '0', '', '', '2023-03-07 05:53:57'),
(1132, 273, 0, 8, NULL, NULL, NULL, '', '', '0', '', '', '2023-03-07 05:53:57'),
(1133, 274, 0, 8, NULL, NULL, NULL, '', '', '0', '', '', '2023-03-07 05:53:57'),
(1134, 275, 0, 8, NULL, NULL, NULL, '', '', '0', '', '', '2023-03-07 05:53:57'),
(1135, 276, 0, 8, NULL, NULL, NULL, '', '', '0', '', '', '2023-03-07 05:53:57'),
(1136, 277, 0, 8, NULL, NULL, NULL, '', '', '0', '', '', '2023-03-07 05:53:58'),
(1137, 278, 0, 8, NULL, NULL, NULL, '', '', '0', '', '', '2023-03-07 05:53:58'),
(1138, 279, 0, 8, NULL, NULL, NULL, '', '', '0', '', '', '2023-03-07 05:53:58'),
(1139, 280, 0, 8, NULL, NULL, NULL, '', '', '0', '', '', '2023-03-07 05:53:58'),
(1140, 281, 0, 8, NULL, NULL, NULL, '', '', '0', '', '', '2023-03-07 05:53:58'),
(1141, 282, 0, 8, NULL, NULL, NULL, '', '', '0', '', '', '2023-03-07 05:53:58'),
(1142, 283, 0, 8, NULL, NULL, NULL, '', '', '0', '', '', '2023-03-07 05:53:58'),
(1143, 284, 0, 8, NULL, NULL, NULL, '', '', '0', '', '', '2023-03-07 05:53:58'),
(1144, 285, 0, 8, NULL, NULL, NULL, '', '', '0', '', '', '2023-03-07 05:53:58'),
(1145, 286, 0, 8, NULL, NULL, NULL, '', '', '0', '', '', '2023-03-07 05:53:58'),
(1146, 287, 0, 8, NULL, NULL, NULL, '', '', '0', '', '', '2023-03-07 05:53:58'),
(1147, 288, 0, 8, NULL, NULL, NULL, '', '', '0', '', '', '2023-03-07 05:53:58'),
(1148, 289, 0, 8, NULL, NULL, NULL, '', '', '0', '', '', '2023-03-07 05:53:58'),
(1149, 290, 0, 8, NULL, NULL, NULL, '', '', '0', '', '', '2023-03-07 05:53:58'),
(1150, 291, 0, 8, NULL, NULL, NULL, '', '', '0', '', '', '2023-03-07 05:53:58'),
(1151, 292, 0, 8, NULL, NULL, NULL, '', '', '0', '', '', '2023-03-07 05:53:58'),
(1152, 293, 0, 8, NULL, NULL, NULL, '', '', '0', '', '', '2023-03-07 05:53:58'),
(1153, 294, 0, 8, NULL, NULL, NULL, '', '', '0', '', '', '2023-03-07 05:53:58'),
(1154, 295, 0, 8, NULL, NULL, NULL, '', '', '0', '', '', '2023-03-07 05:53:58'),
(1155, 296, 0, 8, NULL, NULL, NULL, '', '', '0', '', '', '2023-03-07 05:53:58'),
(1156, 297, 0, 8, NULL, NULL, NULL, '', '', '0', '', '', '2023-03-07 05:53:58'),
(1157, 298, 0, 8, NULL, NULL, NULL, '', '', '0', '', '', '2023-03-07 05:53:58'),
(1158, 299, 0, 8, NULL, NULL, NULL, '', '', '0', '', '', '2023-03-07 05:53:58'),
(1159, 300, 0, 8, NULL, NULL, NULL, '', '', '0', '', '', '2023-03-07 05:53:58'),
(1160, 301, 0, 8, NULL, NULL, NULL, '', '', '0', '', '', '2023-03-07 05:53:58'),
(1161, 302, 0, 8, NULL, NULL, NULL, '', '', '0', '', '', '2023-03-07 05:53:58'),
(1162, 303, 0, 8, NULL, NULL, NULL, '', '', '0', '', '', '2023-03-07 05:53:58'),
(1163, 304, 0, 8, NULL, NULL, NULL, '', '', '0', '', '', '2023-03-07 05:53:58'),
(1164, 305, 0, 8, NULL, NULL, NULL, '', '', '0', '', '', '2023-03-07 05:53:58'),
(1165, 306, 0, 8, NULL, NULL, NULL, '', '', '0', '', '', '2023-03-07 05:53:58'),
(1166, 307, 0, 8, NULL, NULL, NULL, '', '', '0', '', '', '2023-03-07 05:53:58'),
(1167, 308, 0, 8, NULL, NULL, NULL, '', '', '0', '', '', '2023-03-07 05:53:58'),
(1168, 309, 0, 8, NULL, NULL, NULL, '', '', '0', '', '', '2023-03-07 05:53:58'),
(1169, 310, 0, 8, NULL, NULL, NULL, '', '', '0', '', '', '2023-03-07 05:53:58'),
(1170, 311, 0, 8, NULL, NULL, NULL, '', '', '0', '', '', '2023-03-07 05:53:58'),
(1171, 312, 0, 8, NULL, NULL, NULL, '', '', '0', '', '', '2023-03-07 05:53:58'),
(1172, 313, 0, 8, NULL, NULL, NULL, '', '', '0', '', '', '2023-03-07 05:53:58'),
(1173, 314, 0, 8, NULL, NULL, NULL, '', '', '0', '', '', '2023-03-07 05:53:58'),
(1174, 315, 0, 8, NULL, NULL, NULL, '', '', '0', '', '', '2023-03-07 05:53:58'),
(1175, 316, 0, 8, NULL, NULL, NULL, '', '', '0', '', '', '2023-03-07 05:53:58'),
(1176, 317, 0, 8, NULL, NULL, NULL, '', '', '0', '', '', '2023-03-07 05:53:58'),
(1177, 318, 0, 8, NULL, NULL, NULL, '', '', '0', '', '', '2023-03-07 05:53:58'),
(1178, 319, 0, 8, NULL, NULL, NULL, '', '', '0', '', '', '2023-03-07 05:53:58'),
(1179, 320, 0, 8, NULL, NULL, NULL, '', '', '0', '', '', '2023-03-07 05:53:58'),
(1180, 321, 0, 8, NULL, NULL, NULL, '', '', '0', '', '', '2023-03-07 05:53:58'),
(1181, 322, 0, 8, NULL, NULL, NULL, '', '', '0', '', '', '2023-03-07 05:53:58'),
(1182, 323, 0, 8, NULL, NULL, NULL, '', '', '0', '', '', '2023-03-07 05:53:58'),
(1183, 324, 0, 8, NULL, NULL, NULL, '', '', '0', '', '', '2023-03-07 05:53:58'),
(1184, 325, 0, 8, NULL, NULL, NULL, '', '', '0', '', '', '2023-03-07 05:53:58'),
(1185, 326, 0, 8, NULL, NULL, NULL, '', '', '0', '', '', '2023-03-07 05:53:58'),
(1186, 327, 0, 8, NULL, NULL, NULL, '', '', '0', '', '', '2023-03-07 05:53:58'),
(1187, 328, 0, 8, NULL, NULL, NULL, '', '', '0', '', '', '2023-03-07 05:53:58'),
(1188, 329, 0, 8, NULL, NULL, NULL, '', '', '0', '', '', '2023-03-07 05:53:58'),
(1189, 330, 0, 8, NULL, NULL, NULL, '', '', '0', '', '', '2023-03-07 05:53:58'),
(1190, 331, 0, 8, NULL, NULL, NULL, '', '', '0', '', '', '2023-03-07 05:53:58'),
(1191, 332, 0, 8, NULL, NULL, NULL, '', '', '0', '', '', '2023-03-07 05:53:58'),
(1192, 333, 0, 8, NULL, NULL, NULL, '', '', '0', '', '', '2023-03-07 05:53:58'),
(1193, 334, 0, 8, NULL, NULL, NULL, '', '', '0', '', '', '2023-03-07 05:53:58'),
(1194, 335, 0, 8, NULL, NULL, NULL, '', '', '0', '', '', '2023-03-07 05:53:58'),
(1195, 336, 0, 8, NULL, NULL, NULL, '', '', '0', '', '', '2023-03-07 05:53:58'),
(1196, 337, 0, 8, NULL, NULL, NULL, '', '', '0', '', '', '2023-03-07 05:53:58'),
(1197, 338, 0, 8, NULL, NULL, NULL, '', '', '0', '', '', '2023-03-07 05:53:58'),
(1198, 339, 0, 8, NULL, NULL, NULL, '', '', '0', '', '', '2023-03-07 05:53:58'),
(1199, 340, 0, 8, NULL, NULL, NULL, '', '', '0', '', '', '2023-03-07 05:53:59'),
(1200, 341, 0, 8, NULL, NULL, NULL, '', '', '0', '', '', '2023-03-07 05:53:59'),
(1201, 342, 0, 8, NULL, NULL, NULL, '', '', '0', '', '', '2023-03-07 05:53:59'),
(1202, 343, 0, 8, NULL, NULL, NULL, '', '', '0', '', '', '2023-03-07 05:53:59'),
(1203, 344, 0, 8, NULL, NULL, NULL, '', '', '0', '', '', '2023-03-07 05:53:59'),
(1204, 345, 0, 8, NULL, NULL, NULL, '', '', '0', '', '', '2023-03-07 05:53:59'),
(1205, 346, 0, 8, NULL, NULL, NULL, '', '', '0', '', '', '2023-03-07 05:53:59'),
(1206, 347, 0, 8, NULL, NULL, NULL, '', '', '0', '', '', '2023-03-07 05:53:59'),
(1207, 348, 0, 8, NULL, NULL, NULL, '', '', '0', '', '', '2023-03-07 05:53:59'),
(1208, 349, 0, 8, NULL, NULL, NULL, '', '', '0', '', '', '2023-03-07 05:53:59'),
(1209, 350, 0, 8, NULL, NULL, NULL, '', '', '0', '', '', '2023-03-07 05:53:59'),
(1210, 351, 0, 8, NULL, NULL, NULL, '', '', '0', '', '', '2023-03-07 05:53:59'),
(1211, 352, 0, 8, NULL, NULL, NULL, '', '', '0', '', '', '2023-03-07 05:53:59'),
(1212, 353, 0, 8, NULL, NULL, NULL, '', '', '0', '', '', '2023-03-07 05:53:59'),
(1213, 354, 0, 8, NULL, NULL, NULL, '', '', '0', '', '', '2023-03-07 05:53:59'),
(1214, 355, 0, 8, NULL, NULL, NULL, '', '', '0', '', '', '2023-03-07 05:53:59'),
(1215, 356, 0, 8, NULL, NULL, NULL, '', '', '0', '', '', '2023-03-07 05:53:59'),
(1216, 357, 0, 8, NULL, NULL, NULL, '', '', '0', '', '', '2023-03-07 05:53:59'),
(1217, 358, 0, 8, NULL, NULL, NULL, '', '', '0', '', '', '2023-03-07 05:53:59'),
(1218, 359, 0, 8, NULL, NULL, NULL, '', '', '0', '', '', '2023-03-07 05:53:59'),
(1219, 360, 0, 8, NULL, NULL, NULL, '', '', '0', '', '', '2023-03-07 05:53:59'),
(1220, 361, 0, 8, NULL, NULL, NULL, '', '', '0', '', '', '2023-03-07 05:53:59'),
(1221, 362, 0, 8, NULL, NULL, NULL, '', '', '0', '', '', '2023-03-07 05:53:59'),
(1222, 363, 0, 8, NULL, NULL, NULL, '', '', '0', '', '', '2023-03-07 05:53:59'),
(1223, 364, 0, 8, NULL, NULL, NULL, '', '', '0', '', '', '2023-03-07 05:53:59'),
(1224, 365, 0, 8, NULL, NULL, NULL, '', '', '0', '', '', '2023-03-07 05:53:59'),
(1225, 366, 0, 8, NULL, NULL, NULL, '', '', '0', '', '', '2023-03-07 05:53:59'),
(1226, 367, 0, 8, NULL, NULL, NULL, '', '', '0', '', '', '2023-03-07 05:53:59'),
(1227, 368, 0, 8, NULL, NULL, NULL, '', '', '0', '', '', '2023-03-07 05:53:59'),
(1228, 369, 0, 8, NULL, NULL, NULL, '', '', '0', '', '', '2023-03-07 05:53:59'),
(1229, 370, 0, 8, NULL, NULL, NULL, '', '', '0', '', '', '2023-03-07 05:53:59'),
(1230, 371, 0, 8, NULL, NULL, NULL, '', '', '0', '', '', '2023-03-07 05:53:59'),
(1231, 372, 0, 8, NULL, NULL, NULL, '', '', '0', '', '', '2023-03-07 05:53:59'),
(1232, 373, 0, 8, NULL, NULL, NULL, '', '', '0', '', '', '2023-03-07 05:53:59'),
(1233, 374, 0, 8, NULL, NULL, NULL, '', '', '0', '', '', '2023-03-07 05:53:59'),
(1234, 375, 0, 8, NULL, NULL, NULL, '', '', '0', '', '', '2023-03-07 05:53:59'),
(1235, 376, 0, 8, NULL, NULL, NULL, '', '', '0', '', '', '2023-03-07 05:53:59'),
(1236, 377, 0, 8, NULL, NULL, NULL, '', '', '0', '', '', '2023-03-07 05:53:59'),
(1237, 378, 0, 8, NULL, NULL, NULL, '', '', '0', '', '', '2023-03-07 05:53:59'),
(1238, 379, 0, 8, NULL, NULL, NULL, '', '', '0', '', '', '2023-03-07 05:53:59'),
(1239, 380, 0, 8, NULL, NULL, NULL, '', '', '0', '', '', '2023-03-07 05:53:59'),
(1240, 381, 0, 8, NULL, NULL, NULL, '', '', '0', '', '', '2023-03-07 05:53:59'),
(1241, 382, 0, 8, NULL, NULL, NULL, '', '', '0', '', '', '2023-03-07 05:53:59'),
(1242, 383, 0, 8, NULL, NULL, NULL, '', '', '0', '', '', '2023-03-07 05:53:59'),
(1243, 384, 0, 8, NULL, NULL, NULL, '', '', '0', '', '', '2023-03-07 05:53:59'),
(1244, 385, 0, 8, NULL, NULL, NULL, '', '', '0', '', '', '2023-03-07 05:53:59'),
(1245, 386, 0, 8, NULL, NULL, NULL, '', '', '0', '', '', '2023-03-07 05:53:59'),
(1246, 387, 0, 8, NULL, NULL, NULL, '', '', '0', '', '', '2023-03-07 05:53:59'),
(1247, 388, 0, 8, NULL, NULL, NULL, '', '', '0', '', '', '2023-03-07 05:53:59'),
(1248, 389, 0, 8, NULL, NULL, NULL, '', '', '0', '', '', '2023-03-07 05:53:59'),
(1249, 390, 0, 8, NULL, NULL, NULL, '', '', '0', '', '', '2023-03-07 05:53:59'),
(1250, 391, 0, 8, NULL, NULL, NULL, '', '', '0', '', '', '2023-03-07 05:53:59'),
(1251, 392, 0, 8, NULL, NULL, NULL, '', '', '0', '', '', '2023-03-07 05:53:59'),
(1252, 393, 0, 8, NULL, NULL, NULL, '', '', '0', '', '', '2023-03-07 05:53:59'),
(1253, 394, 0, 8, NULL, NULL, NULL, '', '', '0', '', '', '2023-03-07 05:53:59'),
(1254, 395, 0, 8, NULL, NULL, NULL, '', '', '0', '', '', '2023-03-07 05:53:59'),
(1255, 396, 0, 8, NULL, NULL, NULL, '', '', '0', '', '', '2023-03-07 05:53:59'),
(1256, 397, 0, 8, NULL, NULL, NULL, '', '', '0', '', '', '2023-03-07 05:53:59'),
(1257, 398, 0, 8, NULL, NULL, NULL, '', '', '0', '', '', '2023-03-07 05:53:59'),
(1258, 399, 0, 8, NULL, NULL, NULL, '', '', '0', '', '', '2023-03-07 05:53:59'),
(1259, 400, 0, 8, NULL, NULL, NULL, '', '', '0', '', '', '2023-03-07 05:53:59'),
(1260, 401, 0, 8, NULL, NULL, NULL, '', '', '0', '', '', '2023-03-07 05:53:59'),
(1261, 402, 0, 8, NULL, NULL, NULL, '', '', '0', '', '', '2023-03-07 05:53:59'),
(1262, 403, 0, 8, NULL, NULL, NULL, '', '', '0', '', '', '2023-03-07 05:53:59'),
(1263, 404, 0, 8, NULL, NULL, NULL, '', '', '0', '', '', '2023-03-07 05:53:59'),
(1264, 405, 0, 8, NULL, NULL, NULL, '', '', '0', '', '', '2023-03-07 05:53:59'),
(1265, 406, 0, 8, NULL, NULL, NULL, '', '', '0', '', '', '2023-03-07 05:53:59'),
(1266, 407, 0, 8, NULL, NULL, NULL, '', '', '0', '', '', '2023-03-07 05:53:59'),
(1267, 408, 0, 8, NULL, NULL, NULL, '', '', '0', '', '', '2023-03-07 05:53:59'),
(1268, 409, 0, 8, NULL, NULL, NULL, '', '', '0', '', '', '2023-03-07 05:53:59'),
(1269, 410, 0, 8, NULL, NULL, NULL, '', '', '0', '', '', '2023-03-07 05:53:59'),
(1270, 411, 0, 8, NULL, NULL, NULL, '', '', '0', '', '', '2023-03-07 05:53:59'),
(1271, 412, 0, 8, NULL, NULL, NULL, '', '', '0', '', '', '2023-03-07 05:53:59'),
(1272, 413, 0, 8, NULL, NULL, NULL, '', '', '0', '', '', '2023-03-07 05:53:59'),
(1273, 414, 0, 8, NULL, NULL, NULL, '', '', '0', '', '', '2023-03-07 05:53:59'),
(1274, 415, 0, 8, NULL, NULL, NULL, '', '', '0', '', '', '2023-03-07 05:53:59'),
(1275, 416, 0, 8, NULL, NULL, NULL, '', '', '0', '', '', '2023-03-07 05:53:59'),
(1276, 417, 0, 8, NULL, NULL, NULL, '', '', '0', '', '', '2023-03-07 05:53:59'),
(1277, 418, 0, 8, NULL, NULL, NULL, '', '', '0', '', '', '2023-03-07 05:53:59'),
(1278, 419, 0, 8, NULL, NULL, NULL, '', '', '0', '', '', '2023-03-07 05:53:59'),
(1279, 420, 0, 8, NULL, NULL, NULL, '', '', '0', '', '', '2023-03-07 05:53:59'),
(1280, 421, 0, 8, NULL, NULL, NULL, '', '', '0', '', '', '2023-03-07 05:53:59'),
(1281, 422, 0, 8, NULL, NULL, NULL, '', '', '0', '', '', '2023-03-07 05:53:59'),
(1282, 423, 0, 8, NULL, NULL, NULL, '', '', '0', '', '', '2023-03-07 05:53:59'),
(1283, 424, 0, 8, NULL, NULL, NULL, '', '', '0', '', '', '2023-03-07 05:53:59'),
(1284, 425, 0, 8, NULL, NULL, NULL, '', '', '0', '', '', '2023-03-07 05:54:00'),
(1285, 426, 0, 8, NULL, NULL, NULL, '', '', '0', '', '', '2023-03-07 05:54:00'),
(1286, 427, 0, 8, NULL, NULL, NULL, '', '', '0', '', '', '2023-03-07 05:54:00'),
(1287, 428, 0, 8, NULL, NULL, NULL, '', '', '0', '', '', '2023-03-07 05:54:00'),
(1288, 429, 0, 8, NULL, NULL, NULL, '', '', '0', '', '', '2023-03-07 05:54:00'),
(1289, 430, 0, 8, NULL, NULL, NULL, '', '', '0', '', '', '2023-03-07 05:54:00'),
(1290, 431, 0, 8, NULL, NULL, NULL, '', '', '0', '', '', '2023-03-07 05:54:00'),
(1291, 432, 0, 8, NULL, NULL, NULL, '', '', '0', '', '', '2023-03-07 05:54:00'),
(1292, 433, 0, 8, NULL, NULL, NULL, '', '', '0', '', '', '2023-03-07 05:54:00'),
(1293, 434, 0, 8, NULL, NULL, NULL, '', '', '0', '', '', '2023-03-07 05:54:00'),
(1294, 435, 0, 8, NULL, NULL, NULL, '', '', '0', '', '', '2023-03-07 05:54:00'),
(1295, 436, 0, 8, NULL, NULL, NULL, '', '', '0', '', '', '2023-03-07 05:54:00'),
(1296, 437, 0, 8, NULL, NULL, NULL, '', '', '0', '', '', '2023-03-07 05:54:00'),
(1297, 438, 0, 8, NULL, NULL, NULL, '', '', '0', '', '', '2023-03-07 05:54:00'),
(1298, 439, 0, 8, NULL, NULL, NULL, '', '', '0', '', '', '2023-03-07 05:54:00'),
(1299, 440, 0, 8, NULL, NULL, NULL, '', '', '0', '', '', '2023-03-07 05:54:00'),
(1300, 441, 0, 8, NULL, NULL, NULL, '', '', '0', '', '', '2023-03-07 05:54:00'),
(1301, 442, 0, 8, NULL, NULL, NULL, '', '', '0', '', '', '2023-03-07 05:54:00'),
(1302, 443, 0, 8, NULL, NULL, NULL, '', '', '0', '', '', '2023-03-07 05:54:00'),
(1303, 444, 0, 8, NULL, NULL, NULL, '', '', '0', '', '', '2023-03-07 05:54:00'),
(1304, 445, 0, 8, NULL, NULL, NULL, '', '', '0', '', '', '2023-03-07 05:54:00'),
(1305, 446, 0, 8, NULL, NULL, NULL, '', '', '0', '', '', '2023-03-07 05:54:00'),
(1306, 447, 0, 8, NULL, NULL, NULL, '', '', '0', '', '', '2023-03-07 05:54:00'),
(1307, 448, 0, 8, NULL, NULL, NULL, '', '', '0', '', '', '2023-03-07 05:54:00'),
(1308, 449, 0, 8, NULL, NULL, NULL, '', '', '0', '', '', '2023-03-07 05:54:00'),
(1309, 450, 0, 8, NULL, NULL, NULL, '', '', '0', '', '', '2023-03-07 05:54:00'),
(1310, 451, 0, 8, NULL, NULL, NULL, '', '', '0', '', '', '2023-03-07 05:54:00'),
(1311, 452, 0, 8, NULL, NULL, NULL, '', '', '0', '', '', '2023-03-07 05:54:00'),
(1312, 453, 0, 8, NULL, NULL, NULL, '', '', '0', '', '', '2023-03-07 05:54:00'),
(1313, 454, 0, 8, NULL, NULL, NULL, '', '', '0', '', '', '2023-03-07 05:54:00'),
(1314, 455, 0, 8, NULL, NULL, NULL, '', '', '0', '', '', '2023-03-07 05:54:00'),
(1315, 456, 0, 8, NULL, NULL, NULL, '', '', '0', '', '', '2023-03-07 05:54:00'),
(1316, 457, 0, 8, NULL, NULL, NULL, '', '', '0', '', '', '2023-03-07 05:54:00'),
(1317, 458, 0, 8, NULL, NULL, NULL, '', '', '0', '', '', '2023-03-07 05:54:00'),
(1318, 459, 0, 8, NULL, NULL, NULL, '', '', '0', '', '', '2023-03-07 05:54:00'),
(1319, 460, 0, 8, NULL, NULL, NULL, '', '', '0', '', '', '2023-03-07 05:54:00'),
(1320, 461, 0, 8, NULL, NULL, NULL, '', '', '0', '', '', '2023-03-07 05:54:00'),
(1321, 462, 0, 8, NULL, NULL, NULL, '', '', '0', '', '', '2023-03-07 05:54:00'),
(1322, 463, 0, 8, NULL, NULL, NULL, '', '', '0', '', '', '2023-03-07 05:54:00'),
(1323, 464, 0, 8, NULL, NULL, NULL, '', '', '0', '', '', '2023-03-07 05:54:00'),
(1324, 465, 0, 8, NULL, NULL, NULL, '', '', '0', '', '', '2023-03-07 05:54:00'),
(1325, 466, 0, 8, NULL, NULL, NULL, '', '', '0', '', '', '2023-03-07 05:54:00'),
(1326, 467, 0, 8, NULL, NULL, NULL, '', '', '0', '', '', '2023-03-07 05:54:00'),
(1327, 468, 0, 8, NULL, NULL, NULL, '', '', '0', '', '', '2023-03-07 05:54:00');
INSERT INTO `tbl_curriculum_enrollment` (`id`, `userId`, `companyId`, `currId`, `status`, `completedon`, `certificate_id`, `start_date`, `expiry_date`, `reminder`, `reminder_date`, `reminder_time`, `created_on`) VALUES
(1328, 469, 0, 8, NULL, NULL, NULL, '', '', '0', '', '', '2023-03-07 05:54:00'),
(1329, 470, 0, 8, NULL, NULL, NULL, '', '', '0', '', '', '2023-03-07 05:54:00'),
(1330, 471, 0, 8, NULL, NULL, NULL, '', '', '0', '', '', '2023-03-07 05:54:00'),
(1331, 472, 0, 8, NULL, NULL, NULL, '', '', '0', '', '', '2023-03-07 05:54:00'),
(1332, 473, 0, 8, NULL, NULL, NULL, '', '', '0', '', '', '2023-03-07 05:54:00'),
(1333, 474, 0, 8, NULL, NULL, NULL, '', '', '0', '', '', '2023-03-07 05:54:00'),
(1334, 475, 0, 8, NULL, NULL, NULL, '', '', '0', '', '', '2023-03-07 05:54:00'),
(1335, 476, 0, 8, NULL, NULL, NULL, '', '', '0', '', '', '2023-03-07 05:54:00'),
(1336, 477, 0, 8, NULL, NULL, NULL, '', '', '0', '', '', '2023-03-07 05:54:00'),
(1337, 478, 0, 8, NULL, NULL, NULL, '', '', '0', '', '', '2023-03-07 05:54:00'),
(1338, 479, 0, 8, NULL, NULL, NULL, '', '', '0', '', '', '2023-03-07 05:54:00'),
(1339, 480, 0, 8, NULL, NULL, NULL, '', '', '0', '', '', '2023-03-07 05:54:00'),
(1340, 481, 0, 8, NULL, NULL, NULL, '', '', '0', '', '', '2023-03-07 05:54:00'),
(1341, 482, 0, 8, NULL, NULL, NULL, '', '', '0', '', '', '2023-03-07 05:54:00'),
(1342, 483, 0, 8, NULL, NULL, NULL, '', '', '0', '', '', '2023-03-07 05:54:00'),
(1343, 484, 0, 8, NULL, NULL, NULL, '', '', '0', '', '', '2023-03-07 05:54:00'),
(1344, 485, 0, 8, NULL, NULL, NULL, '', '', '0', '', '', '2023-03-07 05:54:00'),
(1345, 486, 0, 8, NULL, NULL, NULL, '', '', '0', '', '', '2023-03-07 05:54:00'),
(1346, 487, 0, 8, NULL, NULL, NULL, '', '', '0', '', '', '2023-03-07 05:54:00'),
(1347, 488, 0, 8, NULL, NULL, NULL, '', '', '0', '', '', '2023-03-07 05:54:00'),
(1348, 489, 0, 8, NULL, NULL, NULL, '', '', '0', '', '', '2023-03-07 05:54:00'),
(1349, 490, 0, 8, NULL, NULL, NULL, '', '', '0', '', '', '2023-03-07 05:54:00'),
(1350, 491, 0, 8, NULL, NULL, NULL, '', '', '0', '', '', '2023-03-07 05:54:00'),
(1351, 492, 0, 8, NULL, NULL, NULL, '', '', '0', '', '', '2023-03-07 05:54:00'),
(1352, 493, 0, 8, NULL, NULL, NULL, '', '', '0', '', '', '2023-03-07 05:54:00'),
(1353, 494, 0, 8, NULL, NULL, NULL, '', '', '0', '', '', '2023-03-07 05:54:00'),
(1354, 495, 0, 8, NULL, NULL, NULL, '', '', '0', '', '', '2023-03-07 05:54:00'),
(1355, 496, 0, 8, NULL, NULL, NULL, '', '', '0', '', '', '2023-03-07 05:54:00'),
(1356, 497, 0, 8, NULL, NULL, NULL, '', '', '0', '', '', '2023-03-07 05:54:00'),
(1357, 498, 0, 8, NULL, NULL, NULL, '', '', '0', '', '', '2023-03-07 05:54:00'),
(1358, 499, 0, 8, NULL, NULL, NULL, '', '', '0', '', '', '2023-03-07 05:54:00'),
(1359, 500, 0, 8, NULL, NULL, NULL, '', '', '0', '', '', '2023-03-07 05:54:00'),
(1360, 501, 0, 8, NULL, NULL, NULL, '', '', '0', '', '', '2023-03-07 05:54:00'),
(1361, 502, 0, 8, NULL, NULL, NULL, '', '', '0', '', '', '2023-03-07 05:54:00'),
(1362, 503, 0, 8, NULL, NULL, NULL, '', '', '0', '', '', '2023-03-07 05:54:00'),
(1363, 504, 0, 8, NULL, NULL, NULL, '', '', '0', '', '', '2023-03-07 05:54:00'),
(1364, 505, 0, 8, NULL, NULL, NULL, '', '', '0', '', '', '2023-03-07 05:54:00'),
(1365, 506, 0, 8, NULL, NULL, NULL, '', '', '0', '', '', '2023-03-07 05:54:00'),
(1366, 507, 0, 8, NULL, NULL, NULL, '', '', '0', '', '', '2023-03-07 05:54:00'),
(1367, 508, 0, 8, NULL, NULL, NULL, '', '', '0', '', '', '2023-03-07 05:54:00'),
(1368, 509, 0, 8, NULL, NULL, NULL, '', '', '0', '', '', '2023-03-07 05:54:00'),
(1369, 510, 0, 8, NULL, NULL, NULL, '', '', '0', '', '', '2023-03-07 05:54:00'),
(1370, 511, 0, 8, NULL, NULL, NULL, '', '', '0', '', '', '2023-03-07 05:54:00'),
(1371, 512, 0, 8, NULL, NULL, NULL, '', '', '0', '', '', '2023-03-07 05:54:00'),
(1372, 513, 0, 8, NULL, NULL, NULL, '', '', '0', '', '', '2023-03-07 05:54:00'),
(1373, 514, 0, 8, NULL, NULL, NULL, '', '', '0', '', '', '2023-03-07 05:54:00'),
(1374, 515, 0, 8, NULL, NULL, NULL, '', '', '0', '', '', '2023-03-07 05:54:00'),
(1375, 516, 0, 8, NULL, NULL, NULL, '', '', '0', '', '', '2023-03-07 05:54:00'),
(1376, 517, 0, 8, NULL, NULL, NULL, '', '', '0', '', '', '2023-03-07 05:54:00'),
(1377, 518, 0, 8, NULL, NULL, NULL, '', '', '0', '', '', '2023-03-07 05:54:01'),
(1378, 519, 0, 8, NULL, NULL, NULL, '', '', '0', '', '', '2023-03-07 05:54:01'),
(1379, 520, 0, 8, NULL, NULL, NULL, '', '', '0', '', '', '2023-03-07 05:54:01'),
(1380, 521, 0, 8, NULL, NULL, NULL, '', '', '0', '', '', '2023-03-07 05:54:01'),
(1381, 522, 0, 8, NULL, NULL, NULL, '', '', '0', '', '', '2023-03-07 05:54:01'),
(1382, 523, 0, 8, NULL, NULL, NULL, '', '', '0', '', '', '2023-03-07 05:54:01'),
(1383, 524, 0, 8, NULL, NULL, NULL, '', '', '0', '', '', '2023-03-07 05:54:01'),
(1384, 525, 0, 8, NULL, NULL, NULL, '', '', '0', '', '', '2023-03-07 05:54:01'),
(1385, 526, 0, 8, NULL, NULL, NULL, '', '', '0', '', '', '2023-03-07 05:54:01'),
(1386, 527, 0, 8, NULL, NULL, NULL, '', '', '0', '', '', '2023-03-07 05:54:01'),
(1387, 528, 0, 8, NULL, NULL, NULL, '', '', '0', '', '', '2023-03-07 05:54:01'),
(1388, 529, 0, 8, NULL, NULL, NULL, '', '', '0', '', '', '2023-03-07 05:54:01'),
(1389, 530, 0, 8, NULL, NULL, NULL, '', '', '0', '', '', '2023-03-07 05:54:01'),
(1390, 531, 0, 8, NULL, NULL, NULL, '', '', '0', '', '', '2023-03-07 05:54:01'),
(1391, 532, 0, 8, NULL, NULL, NULL, '', '', '0', '', '', '2023-03-07 05:54:01'),
(1392, 533, 0, 8, NULL, NULL, NULL, '', '', '0', '', '', '2023-03-07 05:54:01'),
(1393, 534, 0, 8, NULL, NULL, NULL, '', '', '0', '', '', '2023-03-07 05:54:01'),
(1394, 535, 0, 8, NULL, NULL, NULL, '', '', '0', '', '', '2023-03-07 05:54:01'),
(1395, 536, 0, 8, NULL, NULL, NULL, '', '', '0', '', '', '2023-03-07 05:54:01'),
(1396, 537, 0, 8, NULL, NULL, NULL, '', '', '0', '', '', '2023-03-07 05:54:01'),
(1397, 538, 0, 8, NULL, NULL, NULL, '', '', '0', '', '', '2023-03-07 05:54:01'),
(1398, 539, 0, 8, NULL, NULL, NULL, '', '', '0', '', '', '2023-03-07 05:54:01'),
(1399, 540, 0, 8, NULL, NULL, NULL, '', '', '0', '', '', '2023-03-07 05:54:01'),
(1400, 541, 0, 8, NULL, NULL, NULL, '', '', '0', '', '', '2023-03-07 05:54:01'),
(1401, 542, 0, 8, NULL, NULL, NULL, '', '', '0', '', '', '2023-03-07 05:54:01'),
(1402, 543, 0, 8, NULL, NULL, NULL, '', '', '0', '', '', '2023-03-07 05:54:01'),
(1403, 544, 0, 8, NULL, NULL, NULL, '', '', '0', '', '', '2023-03-07 05:54:01'),
(1404, 545, 0, 8, NULL, NULL, NULL, '', '', '0', '', '', '2023-03-07 05:54:01'),
(1405, 546, 0, 8, NULL, NULL, NULL, '', '', '0', '', '', '2023-03-07 05:54:01'),
(1406, 547, 0, 8, NULL, NULL, NULL, '', '', '0', '', '', '2023-03-07 05:54:01'),
(1407, 548, 0, 8, NULL, NULL, NULL, '', '', '0', '', '', '2023-03-07 05:54:01'),
(1408, 549, 0, 8, NULL, NULL, NULL, '', '', '0', '', '', '2023-03-07 05:54:01'),
(1409, 550, 0, 8, NULL, NULL, NULL, '', '', '0', '', '', '2023-03-07 05:54:01'),
(1410, 551, 0, 8, NULL, NULL, NULL, '', '', '0', '', '', '2023-03-07 05:54:01'),
(1411, 552, 0, 8, NULL, NULL, NULL, '', '', '0', '', '', '2023-03-07 05:54:01'),
(1412, 553, 0, 8, NULL, NULL, NULL, '', '', '0', '', '', '2023-03-07 05:54:01'),
(1413, 554, 0, 8, NULL, NULL, NULL, '', '', '0', '', '', '2023-03-07 05:54:01'),
(1414, 555, 0, 8, NULL, NULL, NULL, '', '', '0', '', '', '2023-03-07 05:54:01'),
(1415, 556, 0, 8, NULL, NULL, NULL, '', '', '0', '', '', '2023-03-07 05:54:01'),
(1416, 557, 0, 8, NULL, NULL, NULL, '', '', '0', '', '', '2023-03-07 05:54:01'),
(1417, 558, 0, 8, NULL, NULL, NULL, '', '', '0', '', '', '2023-03-07 05:54:01'),
(1418, 559, 0, 8, NULL, NULL, NULL, '', '', '0', '', '', '2023-03-07 05:54:01'),
(1419, 560, 0, 8, NULL, NULL, NULL, '', '', '0', '', '', '2023-03-07 05:54:01'),
(1420, 561, 0, 8, NULL, NULL, NULL, '', '', '0', '', '', '2023-03-07 05:54:01'),
(1421, 562, 0, 8, NULL, NULL, NULL, '', '', '0', '', '', '2023-03-07 05:54:01'),
(1422, 563, 0, 8, NULL, NULL, NULL, '', '', '0', '', '', '2023-03-07 05:54:01'),
(1423, 564, 0, 8, NULL, NULL, NULL, '', '', '0', '', '', '2023-03-07 05:54:01'),
(1424, 565, 0, 8, NULL, NULL, NULL, '', '', '0', '', '', '2023-03-07 05:54:01'),
(1425, 566, 0, 8, NULL, NULL, NULL, '', '', '0', '', '', '2023-03-07 05:54:01'),
(1426, 567, 0, 8, NULL, NULL, NULL, '', '', '0', '', '', '2023-03-07 05:54:01'),
(1427, 568, 0, 8, NULL, NULL, NULL, '', '', '0', '', '', '2023-03-07 05:54:01'),
(1428, 569, 0, 8, NULL, NULL, NULL, '', '', '0', '', '', '2023-03-07 05:54:01'),
(1429, 570, 0, 8, NULL, NULL, NULL, '', '', '0', '', '', '2023-03-07 05:54:01'),
(1430, 571, 0, 8, NULL, NULL, NULL, '', '', '0', '', '', '2023-03-07 05:54:01'),
(1431, 572, 0, 8, NULL, NULL, NULL, '', '', '0', '', '', '2023-03-07 05:54:01'),
(1432, 573, 0, 8, NULL, NULL, NULL, '', '', '0', '', '', '2023-03-07 05:54:01'),
(1433, 574, 0, 8, NULL, NULL, NULL, '', '', '0', '', '', '2023-03-07 05:54:01'),
(1434, 575, 0, 8, NULL, NULL, NULL, '', '', '0', '', '', '2023-03-07 05:54:01'),
(1435, 576, 0, 8, NULL, NULL, NULL, '', '', '0', '', '', '2023-03-07 05:54:01'),
(1436, 577, 0, 8, NULL, NULL, NULL, '', '', '0', '', '', '2023-03-07 05:54:01'),
(1437, 578, 0, 8, NULL, NULL, NULL, '', '', '0', '', '', '2023-03-07 05:54:01'),
(1438, 579, 0, 8, NULL, NULL, NULL, '', '', '0', '', '', '2023-03-07 05:54:01'),
(1439, 580, 0, 8, NULL, NULL, NULL, '', '', '0', '', '', '2023-03-07 05:54:01'),
(1440, 581, 0, 8, NULL, NULL, NULL, '', '', '0', '', '', '2023-03-07 05:54:01'),
(1441, 582, 0, 8, NULL, NULL, NULL, '', '', '0', '', '', '2023-03-07 05:54:01'),
(1442, 583, 0, 8, NULL, NULL, NULL, '', '', '0', '', '', '2023-03-07 05:54:01'),
(1443, 584, 0, 8, NULL, NULL, NULL, '', '', '0', '', '', '2023-03-07 05:54:01'),
(1444, 585, 0, 8, NULL, NULL, NULL, '', '', '0', '', '', '2023-03-07 05:54:01'),
(1445, 586, 0, 8, NULL, NULL, NULL, '', '', '0', '', '', '2023-03-07 05:54:01'),
(1446, 587, 0, 8, NULL, NULL, NULL, '', '', '0', '', '', '2023-03-07 05:54:01'),
(1447, 588, 0, 8, NULL, NULL, NULL, '', '', '0', '', '', '2023-03-07 05:54:01'),
(1448, 589, 0, 8, NULL, NULL, NULL, '', '', '0', '', '', '2023-03-07 05:54:01'),
(1449, 590, 0, 8, NULL, NULL, NULL, '', '', '0', '', '', '2023-03-07 05:54:01'),
(1450, 591, 0, 8, NULL, NULL, NULL, '', '', '0', '', '', '2023-03-07 05:54:01'),
(1451, 592, 0, 8, NULL, NULL, NULL, '', '', '0', '', '', '2023-03-07 05:54:01'),
(1452, 593, 0, 8, NULL, NULL, NULL, '', '', '0', '', '', '2023-03-07 05:54:01'),
(1453, 594, 0, 8, NULL, NULL, NULL, '', '', '0', '', '', '2023-03-07 05:54:01'),
(1454, 595, 0, 8, NULL, NULL, NULL, '', '', '0', '', '', '2023-03-07 05:54:01'),
(1455, 596, 0, 8, NULL, NULL, NULL, '', '', '0', '', '', '2023-03-07 05:54:01'),
(1456, 597, 0, 8, NULL, NULL, NULL, '', '', '0', '', '', '2023-03-07 05:54:01'),
(1457, 598, 0, 8, NULL, NULL, NULL, '', '', '0', '', '', '2023-03-07 05:54:01'),
(1458, 599, 0, 8, NULL, NULL, NULL, '', '', '0', '', '', '2023-03-07 05:54:01'),
(1459, 600, 0, 8, NULL, NULL, NULL, '', '', '0', '', '', '2023-03-07 05:54:01'),
(1460, 601, 0, 8, NULL, NULL, NULL, '', '', '0', '', '', '2023-03-07 05:54:01'),
(1461, 602, 0, 8, NULL, NULL, NULL, '', '', '0', '', '', '2023-03-07 05:54:01'),
(1462, 603, 0, 8, NULL, NULL, NULL, '', '', '0', '', '', '2023-03-07 05:54:01'),
(1463, 604, 0, 8, NULL, NULL, NULL, '', '', '0', '', '', '2023-03-07 05:54:01'),
(1464, 605, 0, 8, NULL, NULL, NULL, '', '', '0', '', '', '2023-03-07 05:54:01'),
(1465, 606, 0, 8, NULL, NULL, NULL, '', '', '0', '', '', '2023-03-07 05:54:01'),
(1466, 607, 0, 8, NULL, NULL, NULL, '', '', '0', '', '', '2023-03-07 05:54:01'),
(1467, 608, 0, 8, NULL, NULL, NULL, '', '', '0', '', '', '2023-03-07 05:54:01'),
(1468, 609, 0, 8, NULL, NULL, NULL, '', '', '0', '', '', '2023-03-07 05:54:01'),
(1469, 610, 0, 8, NULL, NULL, NULL, '', '', '0', '', '', '2023-03-07 05:54:01'),
(1470, 611, 0, 8, NULL, NULL, NULL, '', '', '0', '', '', '2023-03-07 05:54:01'),
(1471, 612, 0, 8, NULL, NULL, NULL, '', '', '0', '', '', '2023-03-07 05:54:01'),
(1472, 613, 0, 8, NULL, NULL, NULL, '', '', '0', '', '', '2023-03-07 05:54:01'),
(1473, 614, 0, 8, NULL, NULL, NULL, '', '', '0', '', '', '2023-03-07 05:54:01'),
(1474, 615, 0, 8, NULL, NULL, NULL, '', '', '0', '', '', '2023-03-07 05:54:01'),
(1475, 616, 0, 8, NULL, NULL, NULL, '', '', '0', '', '', '2023-03-07 05:54:01'),
(1476, 617, 0, 8, NULL, NULL, NULL, '', '', '0', '', '', '2023-03-07 05:54:01'),
(1477, 618, 0, 8, NULL, NULL, NULL, '', '', '0', '', '', '2023-03-07 05:54:01'),
(1478, 619, 0, 8, NULL, NULL, NULL, '', '', '0', '', '', '2023-03-07 05:54:01'),
(1479, 620, 0, 8, NULL, NULL, NULL, '', '', '0', '', '', '2023-03-07 05:54:01'),
(1480, 621, 0, 8, NULL, NULL, NULL, '', '', '0', '', '', '2023-03-07 05:54:01'),
(1481, 622, 0, 8, NULL, NULL, NULL, '', '', '0', '', '', '2023-03-07 05:54:02'),
(1482, 623, 0, 8, NULL, NULL, NULL, '', '', '0', '', '', '2023-03-07 05:54:02'),
(1483, 624, 0, 8, NULL, NULL, NULL, '', '', '0', '', '', '2023-03-07 05:54:02'),
(1484, 625, 0, 8, NULL, NULL, NULL, '', '', '0', '', '', '2023-03-07 05:54:02'),
(1485, 626, 0, 8, NULL, NULL, NULL, '', '', '0', '', '', '2023-03-07 05:54:02'),
(1486, 627, 0, 8, NULL, NULL, NULL, '', '', '0', '', '', '2023-03-07 05:54:02'),
(1487, 628, 0, 8, NULL, NULL, NULL, '', '', '0', '', '', '2023-03-07 05:54:02'),
(1488, 629, 0, 8, NULL, NULL, NULL, '', '', '0', '', '', '2023-03-07 05:54:02'),
(1489, 630, 0, 8, NULL, NULL, NULL, '', '', '0', '', '', '2023-03-07 05:54:02'),
(1490, 631, 0, 8, NULL, NULL, NULL, '', '', '0', '', '', '2023-03-07 05:54:02'),
(1491, 632, 0, 8, NULL, NULL, NULL, '', '', '0', '', '', '2023-03-07 05:54:02'),
(1492, 633, 0, 8, NULL, NULL, NULL, '', '', '0', '', '', '2023-03-07 05:54:02'),
(1493, 634, 0, 8, NULL, NULL, NULL, '', '', '0', '', '', '2023-03-07 05:54:02'),
(1494, 635, 0, 8, NULL, NULL, NULL, '', '', '0', '', '', '2023-03-07 05:54:02'),
(1495, 636, 0, 8, NULL, NULL, NULL, '', '', '0', '', '', '2023-03-07 05:54:02'),
(1496, 637, 0, 8, NULL, NULL, NULL, '', '', '0', '', '', '2023-03-07 05:54:02'),
(1497, 638, 0, 8, NULL, NULL, NULL, '', '', '0', '', '', '2023-03-07 05:54:02'),
(1498, 639, 0, 8, NULL, NULL, NULL, '', '', '0', '', '', '2023-03-07 05:54:02'),
(1499, 640, 0, 8, NULL, NULL, NULL, '', '', '0', '', '', '2023-03-07 05:54:02'),
(1500, 641, 0, 8, NULL, NULL, NULL, '', '', '0', '', '', '2023-03-07 05:54:02'),
(1501, 642, 0, 8, NULL, NULL, NULL, '', '', '0', '', '', '2023-03-07 05:54:02'),
(1502, 643, 0, 8, NULL, NULL, NULL, '', '', '0', '', '', '2023-03-07 05:54:02'),
(1503, 644, 0, 8, NULL, NULL, NULL, '', '', '0', '', '', '2023-03-07 05:54:02'),
(1504, 645, 0, 8, NULL, NULL, NULL, '', '', '0', '', '', '2023-03-07 05:54:02'),
(1505, 646, 0, 8, NULL, NULL, NULL, '', '', '0', '', '', '2023-03-07 05:54:02'),
(1506, 647, 0, 8, NULL, NULL, NULL, '', '', '0', '', '', '2023-03-07 05:54:02'),
(1507, 648, 0, 8, NULL, NULL, NULL, '', '', '0', '', '', '2023-03-07 05:54:02'),
(1508, 649, 0, 8, NULL, NULL, NULL, '', '', '0', '', '', '2023-03-07 05:54:02'),
(1509, 650, 0, 8, NULL, NULL, NULL, '', '', '0', '', '', '2023-03-07 05:54:02'),
(1510, 651, 0, 8, NULL, NULL, NULL, '', '', '0', '', '', '2023-03-07 05:54:02'),
(1511, 652, 0, 8, NULL, NULL, NULL, '', '', '0', '', '', '2023-03-07 05:54:02'),
(1512, 653, 0, 8, NULL, NULL, NULL, '', '', '0', '', '', '2023-03-07 05:54:02'),
(1513, 654, 0, 8, NULL, NULL, NULL, '', '', '0', '', '', '2023-03-07 05:54:02'),
(1514, 655, 0, 8, NULL, NULL, NULL, '', '', '0', '', '', '2023-03-07 05:54:02'),
(1515, 656, 0, 8, NULL, NULL, NULL, '', '', '0', '', '', '2023-03-07 05:54:02'),
(1516, 657, 0, 8, NULL, NULL, NULL, '', '', '0', '', '', '2023-03-07 05:54:02'),
(1517, 658, 0, 8, NULL, NULL, NULL, '', '', '0', '', '', '2023-03-07 05:54:02'),
(1518, 659, 0, 8, NULL, NULL, NULL, '', '', '0', '', '', '2023-03-07 05:54:02'),
(1519, 660, 0, 8, NULL, NULL, NULL, '', '', '0', '', '', '2023-03-07 05:54:02'),
(1520, 661, 0, 8, NULL, NULL, NULL, '', '', '0', '', '', '2023-03-07 05:54:02'),
(1521, 662, 0, 8, NULL, NULL, NULL, '', '', '0', '', '', '2023-03-07 05:54:02'),
(1522, 663, 0, 8, NULL, NULL, NULL, '', '', '0', '', '', '2023-03-07 05:54:02'),
(1523, 664, 0, 8, NULL, NULL, NULL, '', '', '0', '', '', '2023-03-07 05:54:02'),
(1524, 665, 0, 8, NULL, NULL, NULL, '', '', '0', '', '', '2023-03-07 05:54:02'),
(1525, 666, 0, 8, NULL, NULL, NULL, '', '', '0', '', '', '2023-03-07 05:54:02'),
(1526, 667, 0, 8, NULL, NULL, NULL, '', '', '0', '', '', '2023-03-07 05:54:02'),
(1527, 668, 0, 8, NULL, NULL, NULL, '', '', '0', '', '', '2023-03-07 05:54:02'),
(1528, 669, 0, 8, NULL, NULL, NULL, '', '', '0', '', '', '2023-03-07 05:54:02'),
(1529, 670, 0, 8, NULL, NULL, NULL, '', '', '0', '', '', '2023-03-07 05:54:02'),
(1530, 671, 0, 8, NULL, NULL, NULL, '', '', '0', '', '', '2023-03-07 05:54:02'),
(1531, 672, 0, 8, NULL, NULL, NULL, '', '', '0', '', '', '2023-03-07 05:54:02'),
(1532, 673, 0, 8, NULL, NULL, NULL, '', '', '0', '', '', '2023-03-07 05:54:02'),
(1533, 674, 0, 8, NULL, NULL, NULL, '', '', '0', '', '', '2023-03-07 05:54:02'),
(1534, 675, 0, 8, NULL, NULL, NULL, '', '', '0', '', '', '2023-03-07 05:54:02'),
(1535, 676, 0, 8, NULL, NULL, NULL, '', '', '0', '', '', '2023-03-07 05:54:02'),
(1536, 677, 0, 8, NULL, NULL, NULL, '', '', '0', '', '', '2023-03-07 05:54:02'),
(1537, 678, 0, 8, NULL, NULL, NULL, '', '', '0', '', '', '2023-03-07 05:54:02'),
(1538, 679, 0, 8, NULL, NULL, NULL, '', '', '0', '', '', '2023-03-07 05:54:02'),
(1539, 680, 0, 8, NULL, NULL, NULL, '', '', '0', '', '', '2023-03-07 05:54:02'),
(1540, 681, 0, 8, NULL, NULL, NULL, '', '', '0', '', '', '2023-03-07 05:54:02'),
(1541, 682, 0, 8, NULL, NULL, NULL, '', '', '0', '', '', '2023-03-07 05:54:02'),
(1542, 683, 0, 8, NULL, NULL, NULL, '', '', '0', '', '', '2023-03-07 05:54:02'),
(1543, 684, 0, 8, NULL, NULL, NULL, '', '', '0', '', '', '2023-03-07 05:54:02'),
(1544, 685, 0, 8, NULL, NULL, NULL, '', '', '0', '', '', '2023-03-07 05:54:02'),
(1545, 686, 0, 8, NULL, NULL, NULL, '', '', '0', '', '', '2023-03-07 05:54:02'),
(1546, 687, 0, 8, NULL, NULL, NULL, '', '', '0', '', '', '2023-03-07 05:54:02'),
(1547, 688, 0, 8, NULL, NULL, NULL, '', '', '0', '', '', '2023-03-07 05:54:02'),
(1548, 689, 0, 8, NULL, NULL, NULL, '', '', '0', '', '', '2023-03-07 05:54:02'),
(1549, 690, 0, 8, NULL, NULL, NULL, '', '', '0', '', '', '2023-03-07 05:54:02'),
(1550, 691, 0, 8, NULL, NULL, NULL, '', '', '0', '', '', '2023-03-07 05:54:02'),
(1551, 692, 0, 8, NULL, NULL, NULL, '', '', '0', '', '', '2023-03-07 05:54:02'),
(1552, 693, 0, 8, NULL, NULL, NULL, '', '', '0', '', '', '2023-03-07 05:54:02'),
(1553, 694, 0, 8, NULL, NULL, NULL, '', '', '0', '', '', '2023-03-07 05:54:02'),
(1554, 695, 0, 8, NULL, NULL, NULL, '', '', '0', '', '', '2023-03-07 05:54:02'),
(1555, 696, 0, 8, NULL, NULL, NULL, '', '', '0', '', '', '2023-03-07 05:54:02'),
(1556, 697, 0, 8, NULL, NULL, NULL, '', '', '0', '', '', '2023-03-07 05:54:02'),
(1557, 698, 0, 8, NULL, NULL, NULL, '', '', '0', '', '', '2023-03-07 05:54:02'),
(1558, 699, 0, 8, NULL, NULL, NULL, '', '', '0', '', '', '2023-03-07 05:54:02'),
(1559, 700, 0, 8, NULL, NULL, NULL, '', '', '0', '', '', '2023-03-07 05:54:02'),
(1560, 701, 0, 8, NULL, NULL, NULL, '', '', '0', '', '', '2023-03-07 05:54:02'),
(1561, 702, 0, 8, NULL, NULL, NULL, '', '', '0', '', '', '2023-03-07 05:54:02'),
(1562, 703, 0, 8, NULL, NULL, NULL, '', '', '0', '', '', '2023-03-07 05:54:02'),
(1563, 704, 0, 8, NULL, NULL, NULL, '', '', '0', '', '', '2023-03-07 05:54:02'),
(1564, 705, 0, 8, NULL, NULL, NULL, '', '', '0', '', '', '2023-03-07 05:54:02'),
(1565, 706, 0, 8, NULL, NULL, NULL, '', '', '0', '', '', '2023-03-07 05:54:02'),
(1566, 707, 0, 8, NULL, NULL, NULL, '', '', '0', '', '', '2023-03-07 05:54:02'),
(1567, 708, 0, 8, NULL, NULL, NULL, '', '', '0', '', '', '2023-03-07 05:54:02'),
(1568, 709, 0, 8, NULL, NULL, NULL, '', '', '0', '', '', '2023-03-07 05:54:02'),
(1569, 710, 0, 8, NULL, NULL, NULL, '', '', '0', '', '', '2023-03-07 05:54:02'),
(1570, 711, 0, 8, NULL, NULL, NULL, '', '', '0', '', '', '2023-03-07 05:54:02'),
(1571, 712, 0, 8, NULL, NULL, NULL, '', '', '0', '', '', '2023-03-07 05:54:02'),
(1572, 713, 0, 8, NULL, NULL, NULL, '', '', '0', '', '', '2023-03-07 05:54:02'),
(1573, 714, 0, 8, NULL, NULL, NULL, '', '', '0', '', '', '2023-03-07 05:54:02'),
(1574, 715, 0, 8, NULL, NULL, NULL, '', '', '0', '', '', '2023-03-07 05:54:02'),
(1575, 716, 0, 8, NULL, NULL, NULL, '', '', '0', '', '', '2023-03-07 05:54:02'),
(1576, 717, 0, 8, NULL, NULL, NULL, '', '', '0', '', '', '2023-03-07 05:54:02'),
(1577, 718, 0, 8, NULL, NULL, NULL, '', '', '0', '', '', '2023-03-07 05:54:02'),
(1578, 719, 0, 8, NULL, NULL, NULL, '', '', '0', '', '', '2023-03-07 05:54:02'),
(1579, 720, 0, 8, NULL, NULL, NULL, '', '', '0', '', '', '2023-03-07 05:54:02'),
(1580, 721, 0, 8, NULL, NULL, NULL, '', '', '0', '', '', '2023-03-07 05:54:02'),
(1581, 722, 0, 8, NULL, NULL, NULL, '', '', '0', '', '', '2023-03-07 05:54:02'),
(1582, 723, 0, 8, NULL, NULL, NULL, '', '', '0', '', '', '2023-03-07 05:54:02'),
(1583, 724, 0, 8, NULL, NULL, NULL, '', '', '0', '', '', '2023-03-07 05:54:02'),
(1584, 725, 0, 8, NULL, NULL, NULL, '', '', '0', '', '', '2023-03-07 05:54:03'),
(1585, 726, 0, 8, NULL, NULL, NULL, '', '', '0', '', '', '2023-03-07 05:54:03'),
(1586, 727, 0, 8, NULL, NULL, NULL, '', '', '0', '', '', '2023-03-07 05:54:03'),
(1587, 728, 0, 8, NULL, NULL, NULL, '', '', '0', '', '', '2023-03-07 05:54:03'),
(1588, 729, 0, 8, NULL, NULL, NULL, '', '', '0', '', '', '2023-03-07 05:54:03'),
(1589, 730, 0, 8, NULL, NULL, NULL, '', '', '0', '', '', '2023-03-07 05:54:03'),
(1590, 731, 0, 8, NULL, NULL, NULL, '', '', '0', '', '', '2023-03-07 05:54:03'),
(1591, 732, 0, 8, NULL, NULL, NULL, '', '', '0', '', '', '2023-03-07 05:54:03'),
(1592, 733, 0, 8, NULL, NULL, NULL, '', '', '0', '', '', '2023-03-07 05:54:03'),
(1593, 734, 0, 8, NULL, NULL, NULL, '', '', '0', '', '', '2023-03-07 05:54:03'),
(1594, 735, 0, 8, NULL, NULL, NULL, '', '', '0', '', '', '2023-03-07 05:54:03'),
(1595, 736, 0, 8, NULL, NULL, NULL, '', '', '0', '', '', '2023-03-07 05:54:03'),
(1596, 737, 0, 8, NULL, NULL, NULL, '', '', '0', '', '', '2023-03-07 05:54:03'),
(1597, 738, 0, 8, NULL, NULL, NULL, '', '', '0', '', '', '2023-03-07 05:54:03'),
(1598, 739, 0, 8, NULL, NULL, NULL, '', '', '0', '', '', '2023-03-07 05:54:03'),
(1599, 740, 0, 8, NULL, NULL, NULL, '', '', '0', '', '', '2023-03-07 05:54:03'),
(1600, 741, 0, 8, NULL, NULL, NULL, '', '', '0', '', '', '2023-03-07 05:54:03'),
(1601, 742, 0, 8, NULL, NULL, NULL, '', '', '0', '', '', '2023-03-07 05:54:03'),
(1602, 743, 0, 8, NULL, NULL, NULL, '', '', '0', '', '', '2023-03-07 05:54:03'),
(1603, 744, 0, 8, NULL, NULL, NULL, '', '', '0', '', '', '2023-03-07 05:54:03'),
(1604, 745, 0, 8, NULL, NULL, NULL, '', '', '0', '', '', '2023-03-07 05:54:03'),
(1605, 746, 0, 8, NULL, NULL, NULL, '', '', '0', '', '', '2023-03-07 05:54:03'),
(1606, 747, 0, 8, NULL, NULL, NULL, '', '', '0', '', '', '2023-03-07 05:54:03'),
(1607, 748, 0, 8, NULL, NULL, NULL, '', '', '0', '', '', '2023-03-07 05:54:03'),
(1608, 749, 0, 8, NULL, NULL, NULL, '', '', '0', '', '', '2023-03-07 05:54:03'),
(1609, 750, 0, 8, NULL, NULL, NULL, '', '', '0', '', '', '2023-03-07 05:54:03'),
(1610, 751, 0, 8, NULL, NULL, NULL, '', '', '0', '', '', '2023-03-07 05:54:03'),
(1611, 752, 0, 8, NULL, NULL, NULL, '', '', '0', '', '', '2023-03-07 05:54:03'),
(1612, 753, 0, 8, NULL, NULL, NULL, '', '', '0', '', '', '2023-03-07 05:54:03'),
(1613, 754, 0, 8, NULL, NULL, NULL, '', '', '0', '', '', '2023-03-07 05:54:03'),
(1614, 755, 0, 8, NULL, NULL, NULL, '', '', '0', '', '', '2023-03-07 05:54:03'),
(1615, 756, 0, 8, NULL, NULL, NULL, '', '', '0', '', '', '2023-03-07 05:54:03'),
(1616, 757, 0, 8, NULL, NULL, NULL, '', '', '0', '', '', '2023-03-07 05:54:03'),
(1617, 758, 0, 8, NULL, NULL, NULL, '', '', '0', '', '', '2023-03-07 05:54:03'),
(1618, 759, 0, 8, NULL, NULL, NULL, '', '', '0', '', '', '2023-03-07 05:54:03'),
(1619, 760, 0, 8, NULL, NULL, NULL, '', '', '0', '', '', '2023-03-07 05:54:03'),
(1620, 761, 0, 8, NULL, NULL, NULL, '', '', '0', '', '', '2023-03-07 05:54:03'),
(1621, 762, 0, 8, NULL, NULL, NULL, '', '', '0', '', '', '2023-03-07 05:54:03'),
(1622, 763, 0, 8, NULL, NULL, NULL, '', '', '0', '', '', '2023-03-07 05:54:03'),
(1623, 764, 0, 8, NULL, NULL, NULL, '', '', '0', '', '', '2023-03-07 05:54:03'),
(1624, 765, 0, 8, NULL, NULL, NULL, '', '', '0', '', '', '2023-03-07 05:54:03'),
(1625, 766, 0, 8, NULL, NULL, NULL, '', '', '0', '', '', '2023-03-07 05:54:03'),
(1626, 767, 0, 8, NULL, NULL, NULL, '', '', '0', '', '', '2023-03-07 05:54:03'),
(1627, 768, 0, 8, NULL, NULL, NULL, '', '', '0', '', '', '2023-03-07 05:54:03'),
(1628, 769, 0, 8, NULL, NULL, NULL, '', '', '0', '', '', '2023-03-07 05:54:03'),
(1629, 770, 0, 8, NULL, NULL, NULL, '', '', '0', '', '', '2023-03-07 05:54:03'),
(1630, 771, 0, 8, NULL, NULL, NULL, '', '', '0', '', '', '2023-03-07 05:54:03'),
(1631, 772, 0, 8, NULL, NULL, NULL, '', '', '0', '', '', '2023-03-07 05:54:03'),
(1632, 773, 0, 8, NULL, NULL, NULL, '', '', '0', '', '', '2023-03-07 05:54:03'),
(1633, 774, 0, 8, NULL, NULL, NULL, '', '', '0', '', '', '2023-03-07 05:54:03'),
(1634, 775, 0, 8, NULL, NULL, NULL, '', '', '0', '', '', '2023-03-07 05:54:03'),
(1635, 776, 0, 8, NULL, NULL, NULL, '', '', '0', '', '', '2023-03-07 05:54:03'),
(1636, 777, 0, 8, NULL, NULL, NULL, '', '', '0', '', '', '2023-03-07 05:54:03'),
(1637, 778, 0, 8, NULL, NULL, NULL, '', '', '0', '', '', '2023-03-07 05:54:03'),
(1638, 779, 0, 8, NULL, NULL, NULL, '', '', '0', '', '', '2023-03-07 05:54:03'),
(1639, 780, 0, 8, NULL, NULL, NULL, '', '', '0', '', '', '2023-03-07 05:54:03'),
(1640, 781, 0, 8, NULL, NULL, NULL, '', '', '0', '', '', '2023-03-07 05:54:03'),
(1641, 782, 0, 8, NULL, NULL, NULL, '', '', '0', '', '', '2023-03-07 05:54:03'),
(1642, 783, 0, 8, NULL, NULL, NULL, '', '', '0', '', '', '2023-03-07 05:54:03'),
(1643, 784, 0, 8, NULL, NULL, NULL, '', '', '0', '', '', '2023-03-07 05:54:03'),
(1644, 785, 0, 8, NULL, NULL, NULL, '', '', '0', '', '', '2023-03-07 05:54:03'),
(1645, 786, 0, 8, NULL, NULL, NULL, '', '', '0', '', '', '2023-03-07 05:54:03'),
(1646, 787, 0, 8, NULL, NULL, NULL, '', '', '0', '', '', '2023-03-07 05:54:03'),
(1647, 788, 0, 8, NULL, NULL, NULL, '', '', '0', '', '', '2023-03-07 05:54:03'),
(1648, 789, 0, 8, NULL, NULL, NULL, '', '', '0', '', '', '2023-03-07 05:54:03'),
(1649, 790, 0, 8, NULL, NULL, NULL, '', '', '0', '', '', '2023-03-07 05:54:03'),
(1650, 791, 0, 8, NULL, NULL, NULL, '', '', '0', '', '', '2023-03-07 05:54:03'),
(1651, 792, 0, 8, NULL, NULL, NULL, '', '', '0', '', '', '2023-03-07 05:54:03'),
(1652, 793, 0, 8, NULL, NULL, NULL, '', '', '0', '', '', '2023-03-07 05:54:03'),
(1653, 794, 0, 8, NULL, NULL, NULL, '', '', '0', '', '', '2023-03-07 05:54:03'),
(1654, 795, 0, 8, NULL, NULL, NULL, '', '', '0', '', '', '2023-03-07 05:54:03'),
(1655, 796, 0, 8, NULL, NULL, NULL, '', '', '0', '', '', '2023-03-07 05:54:03'),
(1656, 797, 0, 8, NULL, NULL, NULL, '', '', '0', '', '', '2023-03-07 05:54:03'),
(1657, 798, 0, 8, NULL, NULL, NULL, '', '', '0', '', '', '2023-03-07 05:54:03'),
(1658, 799, 0, 8, NULL, NULL, NULL, '', '', '0', '', '', '2023-03-07 05:54:03'),
(1659, 800, 0, 8, NULL, NULL, NULL, '', '', '0', '', '', '2023-03-07 05:54:03'),
(1660, 801, 0, 8, NULL, NULL, NULL, '', '', '0', '', '', '2023-03-07 05:54:03'),
(1661, 802, 0, 8, NULL, NULL, NULL, '', '', '0', '', '', '2023-03-07 05:54:03'),
(1662, 803, 0, 8, NULL, NULL, NULL, '', '', '0', '', '', '2023-03-07 05:54:03'),
(1663, 804, 0, 8, NULL, NULL, NULL, '', '', '0', '', '', '2023-03-07 05:54:03'),
(1664, 805, 0, 8, NULL, NULL, NULL, '', '', '0', '', '', '2023-03-07 05:54:03'),
(1665, 806, 0, 8, NULL, NULL, NULL, '', '', '0', '', '', '2023-03-07 05:54:03'),
(1666, 807, 0, 8, NULL, NULL, NULL, '', '', '0', '', '', '2023-03-07 05:54:03'),
(1667, 808, 0, 8, NULL, NULL, NULL, '', '', '0', '', '', '2023-03-07 05:54:03'),
(1668, 809, 0, 8, NULL, NULL, NULL, '', '', '0', '', '', '2023-03-07 05:54:03'),
(1669, 810, 0, 8, NULL, NULL, NULL, '', '', '0', '', '', '2023-03-07 05:54:03'),
(1670, 811, 0, 8, NULL, NULL, NULL, '', '', '0', '', '', '2023-03-07 05:54:03'),
(1671, 812, 0, 8, NULL, NULL, NULL, '', '', '0', '', '', '2023-03-07 05:54:03'),
(1672, 813, 0, 8, NULL, NULL, NULL, '', '', '0', '', '', '2023-03-07 05:54:03'),
(1673, 814, 0, 8, NULL, NULL, NULL, '', '', '0', '', '', '2023-03-07 05:54:03'),
(1674, 815, 0, 8, NULL, NULL, NULL, '', '', '0', '', '', '2023-03-07 05:54:03'),
(1675, 816, 0, 8, NULL, NULL, NULL, '', '', '0', '', '', '2023-03-07 05:54:03'),
(1676, 817, 0, 8, NULL, NULL, NULL, '', '', '0', '', '', '2023-03-07 05:54:03'),
(1677, 818, 0, 8, NULL, NULL, NULL, '', '', '0', '', '', '2023-03-07 05:54:03'),
(1678, 819, 0, 8, NULL, NULL, NULL, '', '', '0', '', '', '2023-03-07 05:54:03'),
(1679, 820, 0, 8, NULL, NULL, NULL, '', '', '0', '', '', '2023-03-07 05:54:03'),
(1680, 821, 0, 8, NULL, NULL, NULL, '', '', '0', '', '', '2023-03-07 05:54:03'),
(1681, 822, 0, 8, NULL, NULL, NULL, '', '', '0', '', '', '2023-03-07 05:54:03'),
(1682, 823, 0, 8, NULL, NULL, NULL, '', '', '0', '', '', '2023-03-07 05:54:04'),
(1683, 824, 0, 8, NULL, NULL, NULL, '', '', '0', '', '', '2023-03-07 05:54:04'),
(1684, 825, 0, 8, NULL, NULL, NULL, '', '', '0', '', '', '2023-03-07 05:54:04'),
(1685, 826, 0, 8, NULL, NULL, NULL, '', '', '0', '', '', '2023-03-07 05:54:04'),
(1686, 827, 0, 8, NULL, NULL, NULL, '', '', '0', '', '', '2023-03-07 05:54:04'),
(1687, 828, 0, 8, NULL, NULL, NULL, '', '', '0', '', '', '2023-03-07 05:54:04'),
(1688, 829, 0, 8, NULL, NULL, NULL, '', '', '0', '', '', '2023-03-07 05:54:04'),
(1689, 830, 0, 8, NULL, NULL, NULL, '', '', '0', '', '', '2023-03-07 05:54:04'),
(1690, 831, 0, 8, NULL, NULL, NULL, '', '', '0', '', '', '2023-03-07 05:54:04'),
(1691, 832, 0, 8, NULL, NULL, NULL, '', '', '0', '', '', '2023-03-07 05:54:04'),
(1692, 833, 0, 8, NULL, NULL, NULL, '', '', '0', '', '', '2023-03-07 05:54:04'),
(1693, 834, 0, 8, NULL, NULL, NULL, '', '', '0', '', '', '2023-03-07 05:54:04'),
(1694, 835, 0, 8, NULL, NULL, NULL, '', '', '0', '', '', '2023-03-07 05:54:04'),
(1695, 836, 0, 8, NULL, NULL, NULL, '', '', '0', '', '', '2023-03-07 05:54:04'),
(1696, 837, 0, 8, NULL, NULL, NULL, '', '', '0', '', '', '2023-03-07 05:54:04'),
(1697, 838, 0, 8, NULL, NULL, NULL, '', '', '0', '', '', '2023-03-07 05:54:04'),
(1698, 839, 0, 8, NULL, NULL, NULL, '', '', '0', '', '', '2023-03-07 05:54:04'),
(1699, 840, 0, 8, NULL, NULL, NULL, '', '', '0', '', '', '2023-03-07 05:54:04'),
(1700, 841, 0, 8, NULL, NULL, NULL, '', '', '0', '', '', '2023-03-07 05:54:04'),
(1701, 842, 0, 8, NULL, NULL, NULL, '', '', '0', '', '', '2023-03-07 05:54:04'),
(1702, 843, 0, 8, NULL, NULL, NULL, '', '', '0', '', '', '2023-03-07 05:54:04'),
(1703, 844, 0, 8, NULL, NULL, NULL, '', '', '0', '', '', '2023-03-07 05:54:04'),
(1704, 845, 0, 8, NULL, NULL, NULL, '', '', '0', '', '', '2023-03-07 05:54:04'),
(1705, 846, 0, 8, NULL, NULL, NULL, '', '', '0', '', '', '2023-03-07 05:54:04'),
(1706, 847, 0, 8, NULL, NULL, NULL, '', '', '0', '', '', '2023-03-07 05:54:04'),
(1707, 848, 0, 8, NULL, NULL, NULL, '', '', '0', '', '', '2023-03-07 05:54:04'),
(1708, 849, 0, 8, NULL, NULL, NULL, '', '', '0', '', '', '2023-03-07 05:54:04'),
(1709, 850, 0, 8, NULL, NULL, NULL, '', '', '0', '', '', '2023-03-07 05:54:04'),
(1710, 851, 0, 8, NULL, NULL, NULL, '', '', '0', '', '', '2023-03-07 05:54:04'),
(1711, 852, 0, 8, NULL, NULL, NULL, '', '', '0', '', '', '2023-03-07 05:54:04'),
(1712, 853, 0, 8, NULL, NULL, NULL, '', '', '0', '', '', '2023-03-07 05:54:04'),
(1713, 854, 0, 8, NULL, NULL, NULL, '', '', '0', '', '', '2023-03-07 05:54:04'),
(1714, 855, 0, 8, NULL, NULL, NULL, '', '', '0', '', '', '2023-03-07 05:54:04'),
(1715, 856, 0, 8, NULL, NULL, NULL, '', '', '0', '', '', '2023-03-07 05:54:04'),
(1716, 857, 0, 8, NULL, NULL, NULL, '', '', '0', '', '', '2023-03-07 05:54:04'),
(1717, 858, 0, 8, NULL, NULL, NULL, '', '', '0', '', '', '2023-03-07 05:54:04'),
(1718, 859, 0, 8, NULL, NULL, NULL, '', '', '0', '', '', '2023-03-07 05:54:04'),
(1719, 860, 0, 8, NULL, NULL, NULL, '', '', '0', '', '', '2023-03-07 05:54:04'),
(1720, 861, 0, 8, NULL, NULL, NULL, '', '', '0', '', '', '2023-03-07 05:54:04'),
(1721, 862, 0, 8, NULL, NULL, NULL, '', '', '0', '', '', '2023-03-07 05:54:04'),
(1722, 863, 0, 8, NULL, NULL, NULL, '', '', '0', '', '', '2023-03-07 05:54:04'),
(1723, 864, 0, 8, NULL, NULL, NULL, '', '', '0', '', '', '2023-03-07 05:54:04'),
(1724, 865, 0, 8, NULL, NULL, NULL, '', '', '0', '', '', '2023-03-07 05:54:04'),
(1725, 866, 0, 8, NULL, NULL, NULL, '', '', '0', '', '', '2023-03-07 05:54:04'),
(1726, 867, 0, 8, NULL, NULL, NULL, '', '', '0', '', '', '2023-03-07 05:54:04'),
(1727, 868, 0, 8, NULL, NULL, NULL, '', '', '0', '', '', '2023-03-07 05:54:04'),
(1728, 869, 0, 8, NULL, NULL, NULL, '', '', '0', '', '', '2023-03-07 05:54:04'),
(1729, 870, 0, 8, NULL, NULL, NULL, '', '', '0', '', '', '2023-03-07 05:54:04'),
(1730, 871, 0, 8, NULL, NULL, NULL, '', '', '0', '', '', '2023-03-07 05:54:04'),
(1731, 872, 0, 8, NULL, NULL, NULL, '', '', '0', '', '', '2023-03-07 05:54:04'),
(1732, 873, 0, 8, NULL, NULL, NULL, '', '', '0', '', '', '2023-03-07 05:54:04'),
(1733, 874, 0, 8, NULL, NULL, NULL, '', '', '0', '', '', '2023-03-07 05:54:04'),
(1734, 875, 0, 8, NULL, NULL, NULL, '', '', '0', '', '', '2023-03-07 05:54:04'),
(1735, 876, 0, 8, NULL, NULL, NULL, '', '', '0', '', '', '2023-03-07 05:54:04'),
(1736, 877, 0, 8, NULL, NULL, NULL, '', '', '0', '', '', '2023-03-07 05:54:04'),
(1737, 878, 0, 8, NULL, NULL, NULL, '', '', '0', '', '', '2023-03-07 05:54:04'),
(1738, 879, 0, 8, NULL, NULL, NULL, '', '', '0', '', '', '2023-03-07 05:54:04'),
(1739, 880, 0, 8, NULL, NULL, NULL, '', '', '0', '', '', '2023-03-07 05:54:04'),
(1740, 881, 0, 8, NULL, NULL, NULL, '', '', '0', '', '', '2023-03-07 05:54:04'),
(1741, 882, 0, 8, NULL, NULL, NULL, '', '', '0', '', '', '2023-03-07 05:54:04'),
(1742, 883, 0, 8, NULL, NULL, NULL, '', '', '0', '', '', '2023-03-07 05:54:04'),
(1743, 884, 0, 8, NULL, NULL, NULL, '', '', '0', '', '', '2023-03-07 05:54:04'),
(1744, 885, 0, 8, NULL, NULL, NULL, '', '', '0', '', '', '2023-03-07 05:54:04'),
(1745, 886, 0, 8, NULL, NULL, NULL, '', '', '0', '', '', '2023-03-07 05:54:04'),
(1746, 887, 0, 8, NULL, NULL, NULL, '', '', '0', '', '', '2023-03-07 05:54:04'),
(1747, 888, 0, 8, NULL, NULL, NULL, '', '', '0', '', '', '2023-03-07 05:54:04'),
(1748, 889, 0, 8, NULL, NULL, NULL, '', '', '0', '', '', '2023-03-07 05:54:04'),
(1749, 890, 0, 8, NULL, NULL, NULL, '', '', '0', '', '', '2023-03-07 05:54:04'),
(1750, 891, 0, 8, NULL, NULL, NULL, '', '', '0', '', '', '2023-03-07 05:54:04'),
(1751, 892, 0, 8, NULL, NULL, NULL, '', '', '0', '', '', '2023-03-07 05:54:04'),
(1752, 893, 0, 8, NULL, NULL, NULL, '', '', '0', '', '', '2023-03-07 05:54:04'),
(1753, 894, 0, 8, NULL, NULL, NULL, '', '', '0', '', '', '2023-03-07 05:54:04'),
(1754, 895, 0, 8, NULL, NULL, NULL, '', '', '0', '', '', '2023-03-07 05:54:04'),
(1755, 896, 0, 8, NULL, NULL, NULL, '', '', '0', '', '', '2023-03-07 05:54:04'),
(1756, 897, 0, 8, NULL, NULL, NULL, '', '', '0', '', '', '2023-03-07 05:54:04'),
(1757, 898, 0, 8, NULL, NULL, NULL, '', '', '0', '', '', '2023-03-07 05:54:04'),
(1758, 899, 0, 8, NULL, NULL, NULL, '', '', '0', '', '', '2023-03-07 05:54:04'),
(1759, 900, 0, 8, NULL, NULL, NULL, '', '', '0', '', '', '2023-03-07 05:54:04'),
(1760, 901, 0, 8, NULL, NULL, NULL, '', '', '0', '', '', '2023-03-07 05:54:04'),
(1761, 902, 0, 8, NULL, NULL, NULL, '', '', '0', '', '', '2023-03-07 05:54:04'),
(1762, 903, 0, 8, NULL, NULL, NULL, '', '', '0', '', '', '2023-03-07 05:54:04'),
(1763, 904, 0, 8, NULL, NULL, NULL, '', '', '0', '', '', '2023-03-07 05:54:04'),
(1764, 905, 0, 8, NULL, NULL, NULL, '', '', '0', '', '', '2023-03-07 05:54:04'),
(1765, 906, 0, 8, NULL, NULL, NULL, '', '', '0', '', '', '2023-03-07 05:54:04'),
(1766, 907, 0, 8, NULL, NULL, NULL, '', '', '0', '', '', '2023-03-07 05:54:04'),
(1767, 908, 0, 8, NULL, NULL, NULL, '', '', '0', '', '', '2023-03-07 05:54:04'),
(1768, 909, 0, 8, NULL, NULL, NULL, '', '', '0', '', '', '2023-03-07 05:54:04'),
(1769, 910, 0, 8, NULL, NULL, NULL, '', '', '0', '', '', '2023-03-07 05:54:04'),
(1770, 911, 0, 8, NULL, NULL, NULL, '', '', '0', '', '', '2023-03-07 05:54:04'),
(1771, 912, 0, 8, NULL, NULL, NULL, '', '', '0', '', '', '2023-03-07 05:54:04'),
(1772, 913, 0, 8, NULL, NULL, NULL, '', '', '0', '', '', '2023-03-07 05:54:04'),
(1773, 914, 0, 8, NULL, NULL, NULL, '', '', '0', '', '', '2023-03-07 05:54:04'),
(1774, 915, 0, 8, NULL, NULL, NULL, '', '', '0', '', '', '2023-03-07 05:54:04'),
(1775, 916, 0, 8, NULL, NULL, NULL, '', '', '0', '', '', '2023-03-07 05:54:04'),
(1776, 917, 0, 8, NULL, NULL, NULL, '', '', '0', '', '', '2023-03-07 05:54:04'),
(1777, 918, 0, 8, NULL, NULL, NULL, '', '', '0', '', '', '2023-03-07 05:54:04'),
(1778, 919, 0, 8, NULL, NULL, NULL, '', '', '0', '', '', '2023-03-07 05:54:04'),
(1779, 920, 0, 8, NULL, NULL, NULL, '', '', '0', '', '', '2023-03-07 05:54:04'),
(1780, 921, 0, 8, NULL, NULL, NULL, '', '', '0', '', '', '2023-03-07 05:54:04'),
(1781, 922, 0, 8, NULL, NULL, NULL, '', '', '0', '', '', '2023-03-07 05:54:04'),
(1782, 923, 0, 8, NULL, NULL, NULL, '', '', '0', '', '', '2023-03-07 05:54:04'),
(1783, 924, 0, 8, NULL, NULL, NULL, '', '', '0', '', '', '2023-03-07 05:54:05'),
(1784, 925, 0, 8, NULL, NULL, NULL, '', '', '0', '', '', '2023-03-07 05:54:05'),
(1785, 926, 0, 8, NULL, NULL, NULL, '', '', '0', '', '', '2023-03-07 05:54:05'),
(1786, 927, 0, 8, NULL, NULL, NULL, '', '', '0', '', '', '2023-03-07 05:54:05'),
(1787, 928, 0, 8, NULL, NULL, NULL, '', '', '0', '', '', '2023-03-07 05:54:05'),
(1788, 929, 0, 8, NULL, NULL, NULL, '', '', '0', '', '', '2023-03-07 05:54:05'),
(1789, 930, 0, 8, NULL, NULL, NULL, '', '', '0', '', '', '2023-03-07 05:54:05'),
(1790, 931, 0, 8, NULL, NULL, NULL, '', '', '0', '', '', '2023-03-07 05:54:05'),
(1791, 932, 0, 8, NULL, NULL, NULL, '', '', '0', '', '', '2023-03-07 05:54:05'),
(1792, 933, 0, 8, NULL, NULL, NULL, '', '', '0', '', '', '2023-03-07 05:54:05'),
(1793, 934, 0, 8, NULL, NULL, NULL, '', '', '0', '', '', '2023-03-07 05:54:05'),
(1794, 935, 0, 8, NULL, NULL, NULL, '', '', '0', '', '', '2023-03-07 05:54:05'),
(1795, 936, 0, 8, NULL, NULL, NULL, '', '', '0', '', '', '2023-03-07 05:54:05'),
(1796, 937, 0, 8, NULL, NULL, NULL, '', '', '0', '', '', '2023-03-07 05:54:05'),
(1797, 938, 0, 8, NULL, NULL, NULL, '', '', '0', '', '', '2023-03-07 05:54:05'),
(1798, 939, 0, 8, NULL, NULL, NULL, '', '', '0', '', '', '2023-03-07 05:54:05'),
(1799, 940, 0, 8, NULL, NULL, NULL, '', '', '0', '', '', '2023-03-07 05:54:05'),
(1800, 941, 0, 8, NULL, NULL, NULL, '', '', '0', '', '', '2023-03-07 05:54:05'),
(1801, 942, 0, 8, NULL, NULL, NULL, '', '', '0', '', '', '2023-03-07 05:54:05'),
(1802, 943, 0, 8, NULL, NULL, NULL, '', '', '0', '', '', '2023-03-07 05:54:05'),
(1803, 944, 0, 8, NULL, NULL, NULL, '', '', '0', '', '', '2023-03-07 05:54:05'),
(1804, 945, 0, 8, NULL, NULL, NULL, '', '', '0', '', '', '2023-03-07 05:54:05'),
(1805, 946, 0, 8, NULL, NULL, NULL, '', '', '0', '', '', '2023-03-07 05:54:05'),
(1806, 947, 0, 8, NULL, NULL, NULL, '', '', '0', '', '', '2023-03-07 05:54:05'),
(1807, 948, 0, 8, NULL, NULL, NULL, '', '', '0', '', '', '2023-03-07 05:54:05'),
(1808, 949, 0, 8, NULL, NULL, NULL, '', '', '0', '', '', '2023-03-07 05:54:05'),
(1809, 950, 0, 8, NULL, NULL, NULL, '', '', '0', '', '', '2023-03-07 05:54:05'),
(1810, 951, 0, 8, NULL, NULL, NULL, '', '', '0', '', '', '2023-03-07 05:54:05'),
(1811, 952, 0, 8, NULL, NULL, NULL, '', '', '0', '', '', '2023-03-07 05:54:05'),
(1812, 953, 0, 8, NULL, NULL, NULL, '', '', '0', '', '', '2023-03-07 05:54:05'),
(1813, 954, 0, 8, NULL, NULL, NULL, '', '', '0', '', '', '2023-03-07 05:54:05'),
(1814, 955, 0, 8, NULL, NULL, NULL, '', '', '0', '', '', '2023-03-07 05:54:05'),
(1815, 956, 0, 8, NULL, NULL, NULL, '', '', '0', '', '', '2023-03-07 05:54:05'),
(1816, 957, 0, 8, NULL, NULL, NULL, '', '', '0', '', '', '2023-03-07 05:54:05'),
(1817, 958, 0, 8, NULL, NULL, NULL, '', '', '0', '', '', '2023-03-07 05:54:05'),
(1818, 959, 0, 8, NULL, NULL, NULL, '', '', '0', '', '', '2023-03-07 05:54:05'),
(1819, 960, 0, 8, NULL, NULL, NULL, '', '', '0', '', '', '2023-03-07 05:54:05'),
(1820, 961, 0, 8, NULL, NULL, NULL, '', '', '0', '', '', '2023-03-07 05:54:05'),
(1821, 962, 0, 8, NULL, NULL, NULL, '', '', '0', '', '', '2023-03-07 05:54:05'),
(1822, 963, 0, 8, NULL, NULL, NULL, '', '', '0', '', '', '2023-03-07 05:54:05'),
(1823, 964, 0, 8, NULL, NULL, NULL, '', '', '0', '', '', '2023-03-07 05:54:05'),
(1824, 965, 0, 8, NULL, NULL, NULL, '', '', '0', '', '', '2023-03-07 05:54:05'),
(1825, 966, 0, 8, NULL, NULL, NULL, '', '', '0', '', '', '2023-03-07 05:54:05'),
(1826, 967, 0, 8, NULL, NULL, NULL, '', '', '0', '', '', '2023-03-07 05:54:05'),
(1827, 968, 0, 8, NULL, NULL, NULL, '', '', '0', '', '', '2023-03-07 05:54:05'),
(1828, 969, 0, 8, NULL, NULL, NULL, '', '', '0', '', '', '2023-03-07 05:54:05'),
(1829, 970, 0, 8, NULL, NULL, NULL, '', '', '0', '', '', '2023-03-07 05:54:05'),
(1830, 971, 0, 8, NULL, NULL, NULL, '', '', '0', '', '', '2023-03-07 05:54:05'),
(1831, 972, 0, 8, NULL, NULL, NULL, '', '', '0', '', '', '2023-03-07 05:54:05'),
(1832, 973, 0, 8, NULL, NULL, NULL, '', '', '0', '', '', '2023-03-07 05:54:05'),
(1833, 974, 0, 8, NULL, NULL, NULL, '', '', '0', '', '', '2023-03-07 05:54:05'),
(1834, 975, 0, 8, NULL, NULL, NULL, '', '', '0', '', '', '2023-03-07 05:54:05'),
(1835, 976, 0, 8, NULL, NULL, NULL, '', '', '0', '', '', '2023-03-07 05:54:05'),
(1836, 977, 0, 8, NULL, NULL, NULL, '', '', '0', '', '', '2023-03-07 05:54:05'),
(1837, 978, 0, 8, NULL, NULL, NULL, '', '', '0', '', '', '2023-03-07 05:54:05'),
(1838, 979, 0, 8, NULL, NULL, NULL, '', '', '0', '', '', '2023-03-07 05:54:05'),
(1839, 980, 0, 8, NULL, NULL, NULL, '', '', '0', '', '', '2023-03-07 05:54:05'),
(1840, 981, 0, 8, NULL, NULL, NULL, '', '', '0', '', '', '2023-03-07 05:54:05'),
(1841, 982, 0, 8, NULL, NULL, NULL, '', '', '0', '', '', '2023-03-07 05:54:05'),
(1842, 983, 0, 8, NULL, NULL, NULL, '', '', '0', '', '', '2023-03-07 05:54:05'),
(1843, 984, 0, 8, NULL, NULL, NULL, '', '', '0', '', '', '2023-03-07 05:54:05'),
(1844, 985, 0, 8, NULL, NULL, NULL, '', '', '0', '', '', '2023-03-07 05:54:05'),
(1845, 986, 0, 8, NULL, NULL, NULL, '', '', '0', '', '', '2023-03-07 05:54:05'),
(1846, 987, 0, 8, NULL, NULL, NULL, '', '', '0', '', '', '2023-03-07 05:54:05'),
(1847, 988, 0, 8, NULL, NULL, NULL, '', '', '0', '', '', '2023-03-07 05:54:05'),
(1848, 989, 0, 8, NULL, NULL, NULL, '', '', '0', '', '', '2023-03-07 05:54:05'),
(1849, 990, 0, 8, NULL, NULL, NULL, '', '', '0', '', '', '2023-03-07 05:54:05'),
(1850, 991, 0, 8, NULL, NULL, NULL, '', '', '0', '', '', '2023-03-07 05:54:05'),
(1851, 992, 0, 8, NULL, NULL, NULL, '', '', '0', '', '', '2023-03-07 05:54:05'),
(1852, 993, 0, 8, NULL, NULL, NULL, '', '', '0', '', '', '2023-03-07 05:54:05'),
(1853, 994, 0, 8, NULL, NULL, NULL, '', '', '0', '', '', '2023-03-07 05:54:05'),
(1854, 995, 0, 8, NULL, NULL, NULL, '', '', '0', '', '', '2023-03-07 05:54:05'),
(1855, 996, 0, 8, NULL, NULL, NULL, '', '', '0', '', '', '2023-03-07 05:54:05'),
(1856, 997, 0, 8, NULL, NULL, NULL, '', '', '0', '', '', '2023-03-07 05:54:05'),
(1857, 998, 0, 8, NULL, NULL, NULL, '', '', '0', '', '', '2023-03-07 05:54:05'),
(1858, 999, 0, 8, NULL, NULL, NULL, '', '', '0', '', '', '2023-03-07 05:54:05'),
(1859, 1000, 0, 8, NULL, NULL, NULL, '', '', '0', '', '', '2023-03-07 05:54:05'),
(1860, 1001, 0, 8, NULL, NULL, NULL, '', '', '0', '', '', '2023-03-07 05:54:05'),
(1861, 1002, 0, 8, NULL, NULL, NULL, '', '', '0', '', '', '2023-03-07 05:54:05'),
(1862, 1003, 0, 8, NULL, NULL, NULL, '', '', '0', '', '', '2023-03-07 05:54:05'),
(1863, 1004, 0, 8, NULL, NULL, NULL, '', '', '0', '', '', '2023-03-07 05:54:05'),
(1865, 15, 0, 15, NULL, NULL, NULL, '26-06-2023', '26-06-2023', '0', '', '', '2023-06-26 09:07:41'),
(1867, 2, 0, 17, NULL, NULL, NULL, '29-06-2023', '29-06-2023', '1', '29-06-2023', '12:50', '2023-06-29 07:20:49'),
(1868, 4, 0, 17, NULL, NULL, NULL, '29-06-2023', '29-06-2023', '1', '29-06-2023', '12:50', '2023-06-29 07:20:53'),
(1869, 10, 0, 17, NULL, NULL, NULL, '29-06-2023', '29-06-2023', '1', '29-06-2023', '12:50', '2023-06-29 07:20:57');

-- --------------------------------------------------------

--
